{"id":1107,"date":"2025-09-14T22:53:07","date_gmt":"2025-09-14T20:53:07","guid":{"rendered":"https:\/\/dispear-records.com\/?page_id=1107"},"modified":"2025-09-14T22:53:09","modified_gmt":"2025-09-14T20:53:09","slug":"no-self-metal-hardcore-toulouse","status":"publish","type":"page","link":"https:\/\/dispear-records.com\/index.php\/no-self-metal-hardcore-toulouse\/","title":{"rendered":"No Self"},"content":{"rendered":"<div class=\"wp-block-image\">\n<figure class=\"aligncenter size-full\"><img loading=\"lazy\" decoding=\"async\" width=\"1000\" height=\"563\" src=\"https:\/\/dispear-records.com\/wp-content\/uploads\/2025\/09\/noself.jpg\" alt=\"\" class=\"wp-image-1108\" srcset=\"https:\/\/dispear-records.com\/wp-content\/uploads\/2025\/09\/noself.jpg 1000w, https:\/\/dispear-records.com\/wp-content\/uploads\/2025\/09\/noself-300x169.jpg 300w, https:\/\/dispear-records.com\/wp-content\/uploads\/2025\/09\/noself-768x432.jpg 768w, https:\/\/dispear-records.com\/wp-content\/uploads\/2025\/09\/noself-416x234.jpg 416w\" sizes=\"auto, (max-width: 1000px) 100vw, 1000px\" \/><\/figure>\n<\/div>\n\n\n<p>Pur produit de la cit\u00e9 rose, <strong>No Self<\/strong> s\u2019est form\u00e9 \u00e0 Toulouse en 2024 avec une seule id\u00e9e en t\u00eate : remettre le <em>metal hardcore<\/em> \u00e0 sa juste place, entre rage et groove, comme dans les 90\u2019s.<\/p>\n\n\n\n<p>Ici, pas de fioritures : c&rsquo;est lourd, \u00e7a thrashe, \u00e7a envoie de la double, le tout dans une fureur taill\u00e9e pour le pit. Leur son transpire la col\u00e8re et la m\u00e9lancolie : un <em>blues m\u00e9tallique<\/em> d\u2019une g\u00e9n\u00e9ration \u00e9touff\u00e9e par l\u2019\u00e8re de la post-v\u00e9rit\u00e9, coinc\u00e9e sous le rouleau compresseur d\u2019un lib\u00e9ralisme qui \u00e9crase tout.<\/p>\n\n\n\n<p>Sur sc\u00e8ne, c\u2019est direct, brut et frontal, comme une semelle de Air Max 95 qui s\u2019imprime sur ta joue. 100 % cartwheel compatible \u2714\ufe0f<\/p>\n\n\n\n<p>Pour les amateurs de early metallic hardcore : Merauder, All Out War, Bolt Thrower.<\/p>\n\n\n<div data-block-name=\"woocommerce\/product-category\" data-categories=\"[74]\" data-columns=\"1\" data-rows=\"1\" class=\"wc-block-grid wp-block-product-category wp-block-woocommerce-product-category wc-block-product-category has-1-columns\"><ul class=\"wc-block-grid__products\"><li class=\"wc-block-grid__product\">\n\t\t\t\t<a href=\"https:\/\/dispear-records.com\/index.php\/produit\/cassette-no-self-defiance\/\" class=\"wc-block-grid__product-link\">\n\t\t\t\t\t\n\t\t\t\t\t<div class=\"wc-block-grid__product-image\"><img loading=\"lazy\" decoding=\"async\" width=\"324\" height=\"324\" src=\"https:\/\/dispear-records.com\/wp-content\/uploads\/2025\/09\/IMG_3847-carre-324x324.png\" class=\"attachment-woocommerce_thumbnail size-woocommerce_thumbnail\" alt=\"[Cassette] No Self - Defiance\" srcset=\"https:\/\/dispear-records.com\/wp-content\/uploads\/2025\/09\/IMG_3847-carre-324x324.png 324w, https:\/\/dispear-records.com\/wp-content\/uploads\/2025\/09\/IMG_3847-carre-300x300.png 300w, https:\/\/dispear-records.com\/wp-content\/uploads\/2025\/09\/IMG_3847-carre-150x150.png 150w, https:\/\/dispear-records.com\/wp-content\/uploads\/2025\/09\/IMG_3847-carre-768x768.png 768w, https:\/\/dispear-records.com\/wp-content\/uploads\/2025\/09\/IMG_3847-carre-416x416.png 416w, https:\/\/dispear-records.com\/wp-content\/uploads\/2025\/09\/IMG_3847-carre-100x100.png 100w, https:\/\/dispear-records.com\/wp-content\/uploads\/2025\/09\/IMG_3847-carre.png 800w\" sizes=\"auto, (max-width: 324px) 100vw, 324px\" \/><\/div>\n\t\t\t\t\t<div class=\"wc-block-grid__product-title\">[Cassette] No Self &#8211; Defiance<\/div>\n\t\t\t\t<\/a>\n\t\t\t\t<div class=\"wc-block-grid__product-price price\"><span class=\"woocommerce-Price-amount amount\">7,00<span class=\"woocommerce-Price-currencySymbol\">&euro;<\/span><\/span><\/div>\n\t\t\t\t\n\t\t\t\t<div class=\"wp-block-button wc-block-grid__product-add-to-cart\"><a href=\"\/index.php\/wp-json\/wp\/v2\/pages\/1107?add-to-cart=1109\" aria-label=\"Ajouter au panier\u00a0: &ldquo;[Cassette] No Self - Defiance&rdquo;\" data-quantity=\"1\" data-product_id=\"1109\" data-product_sku=\"DSPR25045\" data-price=\"7\" rel=\"nofollow\" class=\"wp-block-button__link  add_to_cart_button ajax_add_to_cart\">Ajouter au panier<\/a><\/div>\n\t\t\t<\/li><\/ul><\/div>","protected":false},"excerpt":{"rendered":"<p>Pur produit de la cit\u00e9 rose, No Self s\u2019est form\u00e9 \u00e0 Toulouse en 2024 avec une seule id\u00e9e en t\u00eate : remettre le metal hardcore \u00e0 sa juste place, entre rage et groove, comme dans les 90\u2019s. Ici, pas de fioritures : c&rsquo;est lourd, \u00e7a thrashe, \u00e7a envoie de la double, le tout dans une [&hellip;]<\/p>\n","protected":false},"author":1,"featured_media":0,"parent":0,"menu_order":0,"comment_status":"closed","ping_status":"closed","template":"","meta":{"footnotes":""},"class_list":["post-1107","page","type-page","status-publish","hentry"],"yoast_head":"<!-- This site is optimized with the Yoast SEO plugin v27.5 - https:\/\/yoast.com\/product\/yoast-seo-wordpress\/ -->\n<title>No Self - Dispear Records<\/title>\n<meta name=\"description\" content=\"Les toulousains de No Self sont en mission pour redorer le blason du hardcore m\u00e9tallique, \u00e0 grands coups de riffs puissants et lourds !\" \/>\n<meta name=\"robots\" content=\"index, follow, max-snippet:-1, max-image-preview:large, max-video-preview:-1\" \/>\n<link rel=\"canonical\" href=\"https:\/\/dispear-records.com\/index.php\/no-self-metal-hardcore-toulouse\/\" \/>\n<meta property=\"og:locale\" content=\"fr_FR\" \/>\n<meta property=\"og:type\" content=\"article\" \/>\n<meta property=\"og:title\" content=\"No Self - Dispear Records\" \/>\n<meta property=\"og:description\" content=\"Les toulousains de No Self sont en mission pour redorer le blason du hardcore m\u00e9tallique, \u00e0 grands coups de riffs puissants et lourds !\" \/>\n<meta property=\"og:url\" content=\"https:\/\/dispear-records.com\/index.php\/no-self-metal-hardcore-toulouse\/\" \/>\n<meta property=\"og:site_name\" content=\"Dispear Records\" \/>\n<meta property=\"article:modified_time\" content=\"2025-09-14T20:53:09+00:00\" \/>\n<meta property=\"og:image\" content=\"https:\/\/dispear-records.com\/wp-content\/uploads\/2025\/09\/noself.jpg\" \/>\n\t<meta property=\"og:image:width\" content=\"1000\" \/>\n\t<meta property=\"og:image:height\" content=\"563\" \/>\n\t<meta property=\"og:image:type\" content=\"image\/jpeg\" \/>\n<meta name=\"twitter:card\" content=\"summary_large_image\" \/>\n<meta name=\"twitter:label1\" content=\"Dur\u00e9e de lecture estim\u00e9e\" \/>\n\t<meta name=\"twitter:data1\" content=\"1 minute\" \/>\n<script type=\"application\/ld+json\" class=\"yoast-schema-graph\">{\"@context\":\"https:\\\/\\\/schema.org\",\"@graph\":[{\"@type\":\"WebPage\",\"@id\":\"https:\\\/\\\/dispear-records.com\\\/index.php\\\/no-self-metal-hardcore-toulouse\\\/\",\"url\":\"https:\\\/\\\/dispear-records.com\\\/index.php\\\/no-self-metal-hardcore-toulouse\\\/\",\"name\":\"No Self - Dispear Records\",\"isPartOf\":{\"@id\":\"https:\\\/\\\/dispear-records.com\\\/#website\"},\"primaryImageOfPage\":{\"@id\":\"https:\\\/\\\/dispear-records.com\\\/index.php\\\/no-self-metal-hardcore-toulouse\\\/#primaryimage\"},\"image\":{\"@id\":\"https:\\\/\\\/dispear-records.com\\\/index.php\\\/no-self-metal-hardcore-toulouse\\\/#primaryimage\"},\"thumbnailUrl\":\"https:\\\/\\\/dispear-records.com\\\/wp-content\\\/uploads\\\/2025\\\/09\\\/noself.jpg\",\"datePublished\":\"2025-09-14T20:53:07+00:00\",\"dateModified\":\"2025-09-14T20:53:09+00:00\",\"description\":\"Les toulousains de No Self sont en mission pour redorer le blason du hardcore m\u00e9tallique, \u00e0 grands coups de riffs puissants et lourds !\",\"breadcrumb\":{\"@id\":\"https:\\\/\\\/dispear-records.com\\\/index.php\\\/no-self-metal-hardcore-toulouse\\\/#breadcrumb\"},\"inLanguage\":\"fr-FR\",\"potentialAction\":[{\"@type\":\"ReadAction\",\"target\":[\"https:\\\/\\\/dispear-records.com\\\/index.php\\\/no-self-metal-hardcore-toulouse\\\/\"]}]},{\"@type\":\"ImageObject\",\"inLanguage\":\"fr-FR\",\"@id\":\"https:\\\/\\\/dispear-records.com\\\/index.php\\\/no-self-metal-hardcore-toulouse\\\/#primaryimage\",\"url\":\"https:\\\/\\\/dispear-records.com\\\/wp-content\\\/uploads\\\/2025\\\/09\\\/noself.jpg\",\"contentUrl\":\"https:\\\/\\\/dispear-records.com\\\/wp-content\\\/uploads\\\/2025\\\/09\\\/noself.jpg\",\"width\":1000,\"height\":563},{\"@type\":\"BreadcrumbList\",\"@id\":\"https:\\\/\\\/dispear-records.com\\\/index.php\\\/no-self-metal-hardcore-toulouse\\\/#breadcrumb\",\"itemListElement\":[{\"@type\":\"ListItem\",\"position\":1,\"name\":\"Accueil\",\"item\":\"https:\\\/\\\/dispear-records.com\\\/\"},{\"@type\":\"ListItem\",\"position\":2,\"name\":\"No Self\"}]},{\"@type\":\"WebSite\",\"@id\":\"https:\\\/\\\/dispear-records.com\\\/#website\",\"url\":\"https:\\\/\\\/dispear-records.com\\\/\",\"name\":\"Dispear Records\",\"description\":\"DIY punk &amp; hardcore label\",\"publisher\":{\"@id\":\"https:\\\/\\\/dispear-records.com\\\/#organization\"},\"potentialAction\":[{\"@type\":\"SearchAction\",\"target\":{\"@type\":\"EntryPoint\",\"urlTemplate\":\"https:\\\/\\\/dispear-records.com\\\/?s={search_term_string}\"},\"query-input\":{\"@type\":\"PropertyValueSpecification\",\"valueRequired\":true,\"valueName\":\"search_term_string\"}}],\"inLanguage\":\"fr-FR\"},{\"@type\":\"Organization\",\"@id\":\"https:\\\/\\\/dispear-records.com\\\/#organization\",\"name\":\"Dispear Records\",\"url\":\"https:\\\/\\\/dispear-records.com\\\/\",\"logo\":{\"@type\":\"ImageObject\",\"inLanguage\":\"fr-FR\",\"@id\":\"https:\\\/\\\/dispear-records.com\\\/#\\\/schema\\\/logo\\\/image\\\/\",\"url\":\"https:\\\/\\\/dispear-records.com\\\/wp-content\\\/uploads\\\/2021\\\/06\\\/cropped-cropped-dispear.png\",\"contentUrl\":\"https:\\\/\\\/dispear-records.com\\\/wp-content\\\/uploads\\\/2021\\\/06\\\/cropped-cropped-dispear.png\",\"width\":2592,\"height\":709,\"caption\":\"Dispear Records\"},\"image\":{\"@id\":\"https:\\\/\\\/dispear-records.com\\\/#\\\/schema\\\/logo\\\/image\\\/\"}}]}<\/script>\n<!-- \/ Yoast SEO plugin. -->","yoast_head_json":{"title":"No Self - Dispear Records","description":"Les toulousains de No Self sont en mission pour redorer le blason du hardcore m\u00e9tallique, \u00e0 grands coups de riffs puissants et lourds !","robots":{"index":"index","follow":"follow","max-snippet":"max-snippet:-1","max-image-preview":"max-image-preview:large","max-video-preview":"max-video-preview:-1"},"canonical":"https:\/\/dispear-records.com\/index.php\/no-self-metal-hardcore-toulouse\/","og_locale":"fr_FR","og_type":"article","og_title":"No Self - Dispear Records","og_description":"Les toulousains de No Self sont en mission pour redorer le blason du hardcore m\u00e9tallique, \u00e0 grands coups de riffs puissants et lourds !","og_url":"https:\/\/dispear-records.com\/index.php\/no-self-metal-hardcore-toulouse\/","og_site_name":"Dispear Records","article_modified_time":"2025-09-14T20:53:09+00:00","og_image":[{"width":1000,"height":563,"url":"https:\/\/dispear-records.com\/wp-content\/uploads\/2025\/09\/noself.jpg","type":"image\/jpeg"}],"twitter_card":"summary_large_image","twitter_misc":{"Dur\u00e9e de lecture estim\u00e9e":"1 minute"},"schema":{"@context":"https:\/\/schema.org","@graph":[{"@type":"WebPage","@id":"https:\/\/dispear-records.com\/index.php\/no-self-metal-hardcore-toulouse\/","url":"https:\/\/dispear-records.com\/index.php\/no-self-metal-hardcore-toulouse\/","name":"No Self - Dispear Records","isPartOf":{"@id":"https:\/\/dispear-records.com\/#website"},"primaryImageOfPage":{"@id":"https:\/\/dispear-records.com\/index.php\/no-self-metal-hardcore-toulouse\/#primaryimage"},"image":{"@id":"https:\/\/dispear-records.com\/index.php\/no-self-metal-hardcore-toulouse\/#primaryimage"},"thumbnailUrl":"https:\/\/dispear-records.com\/wp-content\/uploads\/2025\/09\/noself.jpg","datePublished":"2025-09-14T20:53:07+00:00","dateModified":"2025-09-14T20:53:09+00:00","description":"Les toulousains de No Self sont en mission pour redorer le blason du hardcore m\u00e9tallique, \u00e0 grands coups de riffs puissants et lourds !","breadcrumb":{"@id":"https:\/\/dispear-records.com\/index.php\/no-self-metal-hardcore-toulouse\/#breadcrumb"},"inLanguage":"fr-FR","potentialAction":[{"@type":"ReadAction","target":["https:\/\/dispear-records.com\/index.php\/no-self-metal-hardcore-toulouse\/"]}]},{"@type":"ImageObject","inLanguage":"fr-FR","@id":"https:\/\/dispear-records.com\/index.php\/no-self-metal-hardcore-toulouse\/#primaryimage","url":"https:\/\/dispear-records.com\/wp-content\/uploads\/2025\/09\/noself.jpg","contentUrl":"https:\/\/dispear-records.com\/wp-content\/uploads\/2025\/09\/noself.jpg","width":1000,"height":563},{"@type":"BreadcrumbList","@id":"https:\/\/dispear-records.com\/index.php\/no-self-metal-hardcore-toulouse\/#breadcrumb","itemListElement":[{"@type":"ListItem","position":1,"name":"Accueil","item":"https:\/\/dispear-records.com\/"},{"@type":"ListItem","position":2,"name":"No Self"}]},{"@type":"WebSite","@id":"https:\/\/dispear-records.com\/#website","url":"https:\/\/dispear-records.com\/","name":"Dispear Records","description":"DIY punk &amp; hardcore label","publisher":{"@id":"https:\/\/dispear-records.com\/#organization"},"potentialAction":[{"@type":"SearchAction","target":{"@type":"EntryPoint","urlTemplate":"https:\/\/dispear-records.com\/?s={search_term_string}"},"query-input":{"@type":"PropertyValueSpecification","valueRequired":true,"valueName":"search_term_string"}}],"inLanguage":"fr-FR"},{"@type":"Organization","@id":"https:\/\/dispear-records.com\/#organization","name":"Dispear Records","url":"https:\/\/dispear-records.com\/","logo":{"@type":"ImageObject","inLanguage":"fr-FR","@id":"https:\/\/dispear-records.com\/#\/schema\/logo\/image\/","url":"https:\/\/dispear-records.com\/wp-content\/uploads\/2021\/06\/cropped-cropped-dispear.png","contentUrl":"https:\/\/dispear-records.com\/wp-content\/uploads\/2021\/06\/cropped-cropped-dispear.png","width":2592,"height":709,"caption":"Dispear Records"},"image":{"@id":"https:\/\/dispear-records.com\/#\/schema\/logo\/image\/"}}]}},"_links":{"self":[{"href":"https:\/\/dispear-records.com\/index.php\/wp-json\/wp\/v2\/pages\/1107","targetHints":{"allow":["GET"]}}],"collection":[{"href":"https:\/\/dispear-records.com\/index.php\/wp-json\/wp\/v2\/pages"}],"about":[{"href":"https:\/\/dispear-records.com\/index.php\/wp-json\/wp\/v2\/types\/page"}],"author":[{"embeddable":true,"href":"https:\/\/dispear-records.com\/index.php\/wp-json\/wp\/v2\/users\/1"}],"replies":[{"embeddable":true,"href":"https:\/\/dispear-records.com\/index.php\/wp-json\/wp\/v2\/comments?post=1107"}],"version-history":[{"count":3,"href":"https:\/\/dispear-records.com\/index.php\/wp-json\/wp\/v2\/pages\/1107\/revisions"}],"predecessor-version":[{"id":1115,"href":"https:\/\/dispear-records.com\/index.php\/wp-json\/wp\/v2\/pages\/1107\/revisions\/1115"}],"wp:attachment":[{"href":"https:\/\/dispear-records.com\/index.php\/wp-json\/wp\/v2\/media?parent=1107"}],"curies":[{"name":"wp","href":"https:\/\/api.w.org\/{rel}","templated":true}]}}