{"id":1141,"date":"2025-09-23T23:07:31","date_gmt":"2025-09-23T21:07:31","guid":{"rendered":"https:\/\/dispear-records.com\/?page_id=1141"},"modified":"2025-09-24T08:10:44","modified_gmt":"2025-09-24T06:10:44","slug":"crimes-et-camions-punk-hardcore-bordeaux","status":"publish","type":"page","link":"https:\/\/dispear-records.com\/index.php\/crimes-et-camions-punk-hardcore-bordeaux\/","title":{"rendered":"Crimes et Camions"},"content":{"rendered":"<div class=\"wp-block-image\">\n<figure class=\"aligncenter size-large is-resized\"><img loading=\"lazy\" decoding=\"async\" width=\"1024\" height=\"721\" src=\"https:\/\/dispear-records.com\/wp-content\/uploads\/2025\/09\/0039131660_10-1024x721.png\" alt=\"\" class=\"wp-image-1142\" style=\"width:538px;height:auto\" srcset=\"https:\/\/dispear-records.com\/wp-content\/uploads\/2025\/09\/0039131660_10-1024x721.png 1024w, https:\/\/dispear-records.com\/wp-content\/uploads\/2025\/09\/0039131660_10-300x211.png 300w, https:\/\/dispear-records.com\/wp-content\/uploads\/2025\/09\/0039131660_10-768x540.png 768w, https:\/\/dispear-records.com\/wp-content\/uploads\/2025\/09\/0039131660_10-416x293.png 416w, https:\/\/dispear-records.com\/wp-content\/uploads\/2025\/09\/0039131660_10.png 1100w\" sizes=\"auto, (max-width: 1024px) 100vw, 1024px\" \/><\/figure>\n<\/div>\n\n\n<p>Form\u00e9 en 2024 entre Bordeaux et sa banlieue, <strong>Crimes et Camions<\/strong> revient \u00e0 l\u2019essentiel du hardcore punk : des morceaux exp\u00e9di\u00e9s entre 50 secondes et deux minutes, pas plus, pas moins. Les textes \u2014 en fran\u00e7ais, anglais, espagnol et autres idiomes de circonstance \u2014 crachent sur les saloperies du capitalisme et c\u00e9l\u00e8brent la m\u00e9canique poids lourds.<\/p>\n\n\n\n<p>C\u00f4t\u00e9 influences, le groupe revendique \u201ctoutes les \u00e9poques du punk rock au hardcore\u201d. \u00c0 l\u2019\u00e9coute, on sent pourtant une solide pr\u00e9dominance old school, logique quand on conna\u00eet le pedigree : quatre v\u00e9t\u00e9rans issus des sc\u00e8nes DIY toulousaine et bordelaise (quelqu\u2019un a dit <em>Face Up To It<\/em> ?). Et pour trimballer tout \u00e7a, un 35 tonnes pr\u00eat \u00e0 se garer devant tout type lieu, pour des collectifs les plus vari\u00e9s possibles.<\/p>\n\n\n<div data-block-name=\"woocommerce\/product-category\" data-categories=\"[77]\" data-columns=\"1\" data-rows=\"1\" class=\"wc-block-grid wp-block-product-category wp-block-woocommerce-product-category wc-block-product-category has-1-columns\"><ul class=\"wc-block-grid__products\"><li class=\"wc-block-grid__product\">\n\t\t\t\t<a href=\"https:\/\/dispear-records.com\/index.php\/produit\/cassette-crimes-et-camions-demo-2025\/\" class=\"wc-block-grid__product-link\">\n\t\t\t\t\t\n\t\t\t\t\t<div class=\"wc-block-grid__product-image\"><img loading=\"lazy\" decoding=\"async\" width=\"324\" height=\"324\" src=\"https:\/\/dispear-records.com\/wp-content\/uploads\/2025\/09\/IMG_3854-800-324x324.png\" class=\"attachment-woocommerce_thumbnail size-woocommerce_thumbnail\" alt=\"[Cassette] Crimes et Camions - Demo 2025\" srcset=\"https:\/\/dispear-records.com\/wp-content\/uploads\/2025\/09\/IMG_3854-800-324x324.png 324w, https:\/\/dispear-records.com\/wp-content\/uploads\/2025\/09\/IMG_3854-800-300x300.png 300w, https:\/\/dispear-records.com\/wp-content\/uploads\/2025\/09\/IMG_3854-800-150x150.png 150w, https:\/\/dispear-records.com\/wp-content\/uploads\/2025\/09\/IMG_3854-800-768x768.png 768w, https:\/\/dispear-records.com\/wp-content\/uploads\/2025\/09\/IMG_3854-800-416x416.png 416w, https:\/\/dispear-records.com\/wp-content\/uploads\/2025\/09\/IMG_3854-800-100x100.png 100w, https:\/\/dispear-records.com\/wp-content\/uploads\/2025\/09\/IMG_3854-800.png 800w\" sizes=\"auto, (max-width: 324px) 100vw, 324px\" \/><\/div>\n\t\t\t\t\t<div class=\"wc-block-grid__product-title\">[Cassette] Crimes et Camions &#8211; Demo 2025<\/div>\n\t\t\t\t<\/a>\n\t\t\t\t<div class=\"wc-block-grid__product-price price\"><span class=\"woocommerce-Price-amount amount\">7,00<span class=\"woocommerce-Price-currencySymbol\">&euro;<\/span><\/span><\/div>\n\t\t\t\t\n\t\t\t\t<div class=\"wp-block-button wc-block-grid__product-add-to-cart\"><a href=\"\/index.php\/wp-json\/wp\/v2\/pages\/1141?add-to-cart=1140\" aria-label=\"Ajouter au panier\u00a0: &ldquo;[Cassette] Crimes et Camions - Demo 2025&rdquo;\" data-quantity=\"1\" data-product_id=\"1140\" data-product_sku=\"DSPR25041\" data-price=\"7\" rel=\"nofollow\" class=\"wp-block-button__link  add_to_cart_button ajax_add_to_cart\">Ajouter au panier<\/a><\/div>\n\t\t\t<\/li><\/ul><\/div>","protected":false},"excerpt":{"rendered":"<p>Form\u00e9 en 2024 entre Bordeaux et sa banlieue, Crimes et Camions revient \u00e0 l\u2019essentiel du hardcore punk : des morceaux exp\u00e9di\u00e9s entre 50 secondes et deux minutes, pas plus, pas moins. Les textes \u2014 en fran\u00e7ais, anglais, espagnol et autres idiomes de circonstance \u2014 crachent sur les saloperies du capitalisme et c\u00e9l\u00e8brent la m\u00e9canique poids [&hellip;]<\/p>\n","protected":false},"author":1,"featured_media":0,"parent":0,"menu_order":0,"comment_status":"closed","ping_status":"closed","template":"","meta":{"footnotes":""},"class_list":["post-1141","page","type-page","status-publish","hentry"],"yoast_head":"<!-- This site is optimized with the Yoast SEO plugin v27.3 - https:\/\/yoast.com\/product\/yoast-seo-wordpress\/ -->\n<title>Crimes et Camions - Dispear Records<\/title>\n<meta name=\"description\" content=\"Nouveau groupe de v\u00e9t\u00e9rans de la sc\u00e8ne DIY, Crimes et Camions, c&#039;est du hardcore punk \u00e0 l&#039;ancienne, \u00e9poque 80ies\" \/>\n<meta name=\"robots\" content=\"index, follow, max-snippet:-1, max-image-preview:large, max-video-preview:-1\" \/>\n<link rel=\"canonical\" href=\"https:\/\/dispear-records.com\/index.php\/crimes-et-camions-punk-hardcore-bordeaux\/\" \/>\n<meta property=\"og:locale\" content=\"fr_FR\" \/>\n<meta property=\"og:type\" content=\"article\" \/>\n<meta property=\"og:title\" content=\"Crimes et Camions - Dispear Records\" \/>\n<meta property=\"og:description\" content=\"Nouveau groupe de v\u00e9t\u00e9rans de la sc\u00e8ne DIY, Crimes et Camions, c&#039;est du hardcore punk \u00e0 l&#039;ancienne, \u00e9poque 80ies\" \/>\n<meta property=\"og:url\" content=\"https:\/\/dispear-records.com\/index.php\/crimes-et-camions-punk-hardcore-bordeaux\/\" \/>\n<meta property=\"og:site_name\" content=\"Dispear Records\" \/>\n<meta property=\"article:modified_time\" content=\"2025-09-24T06:10:44+00:00\" \/>\n<meta property=\"og:image\" content=\"https:\/\/dispear-records.com\/wp-content\/uploads\/2025\/09\/0039131660_10.png\" \/>\n\t<meta property=\"og:image:width\" content=\"1100\" \/>\n\t<meta property=\"og:image:height\" content=\"774\" \/>\n\t<meta property=\"og:image:type\" content=\"image\/png\" \/>\n<meta name=\"twitter:card\" content=\"summary_large_image\" \/>\n<meta name=\"twitter:label1\" content=\"Dur\u00e9e de lecture estim\u00e9e\" \/>\n\t<meta name=\"twitter:data1\" content=\"1 minute\" \/>\n<script type=\"application\/ld+json\" class=\"yoast-schema-graph\">{\"@context\":\"https:\\\/\\\/schema.org\",\"@graph\":[{\"@type\":\"WebPage\",\"@id\":\"https:\\\/\\\/dispear-records.com\\\/index.php\\\/crimes-et-camions-punk-hardcore-bordeaux\\\/\",\"url\":\"https:\\\/\\\/dispear-records.com\\\/index.php\\\/crimes-et-camions-punk-hardcore-bordeaux\\\/\",\"name\":\"Crimes et Camions - Dispear Records\",\"isPartOf\":{\"@id\":\"https:\\\/\\\/dispear-records.com\\\/#website\"},\"primaryImageOfPage\":{\"@id\":\"https:\\\/\\\/dispear-records.com\\\/index.php\\\/crimes-et-camions-punk-hardcore-bordeaux\\\/#primaryimage\"},\"image\":{\"@id\":\"https:\\\/\\\/dispear-records.com\\\/index.php\\\/crimes-et-camions-punk-hardcore-bordeaux\\\/#primaryimage\"},\"thumbnailUrl\":\"https:\\\/\\\/dispear-records.com\\\/wp-content\\\/uploads\\\/2025\\\/09\\\/0039131660_10-1024x721.png\",\"datePublished\":\"2025-09-23T21:07:31+00:00\",\"dateModified\":\"2025-09-24T06:10:44+00:00\",\"description\":\"Nouveau groupe de v\u00e9t\u00e9rans de la sc\u00e8ne DIY, Crimes et Camions, c'est du hardcore punk \u00e0 l'ancienne, \u00e9poque 80ies\",\"breadcrumb\":{\"@id\":\"https:\\\/\\\/dispear-records.com\\\/index.php\\\/crimes-et-camions-punk-hardcore-bordeaux\\\/#breadcrumb\"},\"inLanguage\":\"fr-FR\",\"potentialAction\":[{\"@type\":\"ReadAction\",\"target\":[\"https:\\\/\\\/dispear-records.com\\\/index.php\\\/crimes-et-camions-punk-hardcore-bordeaux\\\/\"]}]},{\"@type\":\"ImageObject\",\"inLanguage\":\"fr-FR\",\"@id\":\"https:\\\/\\\/dispear-records.com\\\/index.php\\\/crimes-et-camions-punk-hardcore-bordeaux\\\/#primaryimage\",\"url\":\"https:\\\/\\\/dispear-records.com\\\/wp-content\\\/uploads\\\/2025\\\/09\\\/0039131660_10.png\",\"contentUrl\":\"https:\\\/\\\/dispear-records.com\\\/wp-content\\\/uploads\\\/2025\\\/09\\\/0039131660_10.png\",\"width\":1100,\"height\":774},{\"@type\":\"BreadcrumbList\",\"@id\":\"https:\\\/\\\/dispear-records.com\\\/index.php\\\/crimes-et-camions-punk-hardcore-bordeaux\\\/#breadcrumb\",\"itemListElement\":[{\"@type\":\"ListItem\",\"position\":1,\"name\":\"Accueil\",\"item\":\"https:\\\/\\\/dispear-records.com\\\/\"},{\"@type\":\"ListItem\",\"position\":2,\"name\":\"Crimes et Camions\"}]},{\"@type\":\"WebSite\",\"@id\":\"https:\\\/\\\/dispear-records.com\\\/#website\",\"url\":\"https:\\\/\\\/dispear-records.com\\\/\",\"name\":\"Dispear Records\",\"description\":\"DIY punk &amp; hardcore label\",\"publisher\":{\"@id\":\"https:\\\/\\\/dispear-records.com\\\/#organization\"},\"potentialAction\":[{\"@type\":\"SearchAction\",\"target\":{\"@type\":\"EntryPoint\",\"urlTemplate\":\"https:\\\/\\\/dispear-records.com\\\/?s={search_term_string}\"},\"query-input\":{\"@type\":\"PropertyValueSpecification\",\"valueRequired\":true,\"valueName\":\"search_term_string\"}}],\"inLanguage\":\"fr-FR\"},{\"@type\":\"Organization\",\"@id\":\"https:\\\/\\\/dispear-records.com\\\/#organization\",\"name\":\"Dispear Records\",\"url\":\"https:\\\/\\\/dispear-records.com\\\/\",\"logo\":{\"@type\":\"ImageObject\",\"inLanguage\":\"fr-FR\",\"@id\":\"https:\\\/\\\/dispear-records.com\\\/#\\\/schema\\\/logo\\\/image\\\/\",\"url\":\"https:\\\/\\\/dispear-records.com\\\/wp-content\\\/uploads\\\/2021\\\/06\\\/cropped-cropped-dispear.png\",\"contentUrl\":\"https:\\\/\\\/dispear-records.com\\\/wp-content\\\/uploads\\\/2021\\\/06\\\/cropped-cropped-dispear.png\",\"width\":2592,\"height\":709,\"caption\":\"Dispear Records\"},\"image\":{\"@id\":\"https:\\\/\\\/dispear-records.com\\\/#\\\/schema\\\/logo\\\/image\\\/\"}}]}<\/script>\n<!-- \/ Yoast SEO plugin. -->","yoast_head_json":{"title":"Crimes et Camions - Dispear Records","description":"Nouveau groupe de v\u00e9t\u00e9rans de la sc\u00e8ne DIY, Crimes et Camions, c'est du hardcore punk \u00e0 l'ancienne, \u00e9poque 80ies","robots":{"index":"index","follow":"follow","max-snippet":"max-snippet:-1","max-image-preview":"max-image-preview:large","max-video-preview":"max-video-preview:-1"},"canonical":"https:\/\/dispear-records.com\/index.php\/crimes-et-camions-punk-hardcore-bordeaux\/","og_locale":"fr_FR","og_type":"article","og_title":"Crimes et Camions - Dispear Records","og_description":"Nouveau groupe de v\u00e9t\u00e9rans de la sc\u00e8ne DIY, Crimes et Camions, c'est du hardcore punk \u00e0 l'ancienne, \u00e9poque 80ies","og_url":"https:\/\/dispear-records.com\/index.php\/crimes-et-camions-punk-hardcore-bordeaux\/","og_site_name":"Dispear Records","article_modified_time":"2025-09-24T06:10:44+00:00","og_image":[{"width":1100,"height":774,"url":"https:\/\/dispear-records.com\/wp-content\/uploads\/2025\/09\/0039131660_10.png","type":"image\/png"}],"twitter_card":"summary_large_image","twitter_misc":{"Dur\u00e9e de lecture estim\u00e9e":"1 minute"},"schema":{"@context":"https:\/\/schema.org","@graph":[{"@type":"WebPage","@id":"https:\/\/dispear-records.com\/index.php\/crimes-et-camions-punk-hardcore-bordeaux\/","url":"https:\/\/dispear-records.com\/index.php\/crimes-et-camions-punk-hardcore-bordeaux\/","name":"Crimes et Camions - Dispear Records","isPartOf":{"@id":"https:\/\/dispear-records.com\/#website"},"primaryImageOfPage":{"@id":"https:\/\/dispear-records.com\/index.php\/crimes-et-camions-punk-hardcore-bordeaux\/#primaryimage"},"image":{"@id":"https:\/\/dispear-records.com\/index.php\/crimes-et-camions-punk-hardcore-bordeaux\/#primaryimage"},"thumbnailUrl":"https:\/\/dispear-records.com\/wp-content\/uploads\/2025\/09\/0039131660_10-1024x721.png","datePublished":"2025-09-23T21:07:31+00:00","dateModified":"2025-09-24T06:10:44+00:00","description":"Nouveau groupe de v\u00e9t\u00e9rans de la sc\u00e8ne DIY, Crimes et Camions, c'est du hardcore punk \u00e0 l'ancienne, \u00e9poque 80ies","breadcrumb":{"@id":"https:\/\/dispear-records.com\/index.php\/crimes-et-camions-punk-hardcore-bordeaux\/#breadcrumb"},"inLanguage":"fr-FR","potentialAction":[{"@type":"ReadAction","target":["https:\/\/dispear-records.com\/index.php\/crimes-et-camions-punk-hardcore-bordeaux\/"]}]},{"@type":"ImageObject","inLanguage":"fr-FR","@id":"https:\/\/dispear-records.com\/index.php\/crimes-et-camions-punk-hardcore-bordeaux\/#primaryimage","url":"https:\/\/dispear-records.com\/wp-content\/uploads\/2025\/09\/0039131660_10.png","contentUrl":"https:\/\/dispear-records.com\/wp-content\/uploads\/2025\/09\/0039131660_10.png","width":1100,"height":774},{"@type":"BreadcrumbList","@id":"https:\/\/dispear-records.com\/index.php\/crimes-et-camions-punk-hardcore-bordeaux\/#breadcrumb","itemListElement":[{"@type":"ListItem","position":1,"name":"Accueil","item":"https:\/\/dispear-records.com\/"},{"@type":"ListItem","position":2,"name":"Crimes et Camions"}]},{"@type":"WebSite","@id":"https:\/\/dispear-records.com\/#website","url":"https:\/\/dispear-records.com\/","name":"Dispear Records","description":"DIY punk &amp; hardcore label","publisher":{"@id":"https:\/\/dispear-records.com\/#organization"},"potentialAction":[{"@type":"SearchAction","target":{"@type":"EntryPoint","urlTemplate":"https:\/\/dispear-records.com\/?s={search_term_string}"},"query-input":{"@type":"PropertyValueSpecification","valueRequired":true,"valueName":"search_term_string"}}],"inLanguage":"fr-FR"},{"@type":"Organization","@id":"https:\/\/dispear-records.com\/#organization","name":"Dispear Records","url":"https:\/\/dispear-records.com\/","logo":{"@type":"ImageObject","inLanguage":"fr-FR","@id":"https:\/\/dispear-records.com\/#\/schema\/logo\/image\/","url":"https:\/\/dispear-records.com\/wp-content\/uploads\/2021\/06\/cropped-cropped-dispear.png","contentUrl":"https:\/\/dispear-records.com\/wp-content\/uploads\/2021\/06\/cropped-cropped-dispear.png","width":2592,"height":709,"caption":"Dispear Records"},"image":{"@id":"https:\/\/dispear-records.com\/#\/schema\/logo\/image\/"}}]}},"_links":{"self":[{"href":"https:\/\/dispear-records.com\/index.php\/wp-json\/wp\/v2\/pages\/1141","targetHints":{"allow":["GET"]}}],"collection":[{"href":"https:\/\/dispear-records.com\/index.php\/wp-json\/wp\/v2\/pages"}],"about":[{"href":"https:\/\/dispear-records.com\/index.php\/wp-json\/wp\/v2\/types\/page"}],"author":[{"embeddable":true,"href":"https:\/\/dispear-records.com\/index.php\/wp-json\/wp\/v2\/users\/1"}],"replies":[{"embeddable":true,"href":"https:\/\/dispear-records.com\/index.php\/wp-json\/wp\/v2\/comments?post=1141"}],"version-history":[{"count":4,"href":"https:\/\/dispear-records.com\/index.php\/wp-json\/wp\/v2\/pages\/1141\/revisions"}],"predecessor-version":[{"id":1150,"href":"https:\/\/dispear-records.com\/index.php\/wp-json\/wp\/v2\/pages\/1141\/revisions\/1150"}],"wp:attachment":[{"href":"https:\/\/dispear-records.com\/index.php\/wp-json\/wp\/v2\/media?parent=1141"}],"curies":[{"name":"wp","href":"https:\/\/api.w.org\/{rel}","templated":true}]}}