{"id":1154,"date":"2025-10-02T22:29:09","date_gmt":"2025-10-02T20:29:09","guid":{"rendered":"https:\/\/dispear-records.com\/?page_id=1154"},"modified":"2025-10-02T22:30:39","modified_gmt":"2025-10-02T20:30:39","slug":"we-hungry-punk-rock-hardcore-paris","status":"publish","type":"page","link":"https:\/\/dispear-records.com\/index.php\/we-hungry-punk-rock-hardcore-paris\/","title":{"rendered":"We Hungry"},"content":{"rendered":"<div class=\"wp-block-image\">\n<figure class=\"aligncenter size-large\"><img loading=\"lazy\" decoding=\"async\" width=\"1024\" height=\"752\" src=\"https:\/\/dispear-records.com\/wp-content\/uploads\/2025\/10\/IMG_7421-site-1024x752.jpg\" alt=\"\" class=\"wp-image-1156\" srcset=\"https:\/\/dispear-records.com\/wp-content\/uploads\/2025\/10\/IMG_7421-site-1024x752.jpg 1024w, https:\/\/dispear-records.com\/wp-content\/uploads\/2025\/10\/IMG_7421-site-300x220.jpg 300w, https:\/\/dispear-records.com\/wp-content\/uploads\/2025\/10\/IMG_7421-site-768x564.jpg 768w, https:\/\/dispear-records.com\/wp-content\/uploads\/2025\/10\/IMG_7421-site-416x305.jpg 416w, https:\/\/dispear-records.com\/wp-content\/uploads\/2025\/10\/IMG_7421-site.jpg 1200w\" sizes=\"auto, (max-width: 1024px) 100vw, 1024px\" \/><\/figure>\n<\/div>\n\n\n<p>We Hungry est un power trio punk parisien form\u00e9 fin 2021. Le mercato leur a \u00e9t\u00e9 plut\u00f4t favorable, car on retrouve dans leurs rangs on retrouve trois v\u00e9t\u00e9rans de la sc\u00e8ne : Tommy Tall (chant\/guitare, Kidz Get Down), SubFab (basse, SubSelf, ex-Brassen\u2019s Not Dead) et Djo (batterie, Les Rats, Hollyblood Blvd, Stup!d). <\/p>\n\n\n\n<p>Leur son puise autant dans l\u2019\u00e9nergie ensoleill\u00e9e du punk californien que dans la rugosit\u00e9 du hardcore old school des 80\u2019s\/90\u2019s. Fid\u00e8les \u00e0 l\u2019esprit originel de cette sc\u00e8ne, ils revendiquent la PMA (Positive Mental Attitude) comme \u00e9tendard. We Hungry, c\u2019est l\u2019urgence punk et la philosophie hardcore : choisir de voir le verre \u00e0 moiti\u00e9 plein dans un monde qui s\u2019enfonce chaque jour un peu plus dans le mercantilisme, la guerre, l\u2019injustice et le chaos.<\/p>\n\n\n<div data-block-name=\"woocommerce\/product-category\" data-categories=\"[78]\" data-columns=\"1\" data-rows=\"1\" class=\"wc-block-grid wp-block-product-category wp-block-woocommerce-product-category wc-block-product-category has-1-columns\"><ul class=\"wc-block-grid__products\"><li class=\"wc-block-grid__product\">\n\t\t\t\t<a href=\"https:\/\/dispear-records.com\/index.php\/produit\/cassette-we-hungry-2025-so-far\/\" class=\"wc-block-grid__product-link\">\n\t\t\t\t\t\n\t\t\t\t\t<div class=\"wc-block-grid__product-image\"><img loading=\"lazy\" decoding=\"async\" width=\"324\" height=\"324\" src=\"https:\/\/dispear-records.com\/wp-content\/uploads\/2025\/10\/IMG_3857-800-324x324.png\" class=\"attachment-woocommerce_thumbnail size-woocommerce_thumbnail\" alt=\"[Cassette] We Hungry - 2025 so far\" srcset=\"https:\/\/dispear-records.com\/wp-content\/uploads\/2025\/10\/IMG_3857-800-324x324.png 324w, https:\/\/dispear-records.com\/wp-content\/uploads\/2025\/10\/IMG_3857-800-300x300.png 300w, https:\/\/dispear-records.com\/wp-content\/uploads\/2025\/10\/IMG_3857-800-150x150.png 150w, https:\/\/dispear-records.com\/wp-content\/uploads\/2025\/10\/IMG_3857-800-768x768.png 768w, https:\/\/dispear-records.com\/wp-content\/uploads\/2025\/10\/IMG_3857-800-416x416.png 416w, https:\/\/dispear-records.com\/wp-content\/uploads\/2025\/10\/IMG_3857-800-100x100.png 100w, https:\/\/dispear-records.com\/wp-content\/uploads\/2025\/10\/IMG_3857-800.png 800w\" sizes=\"auto, (max-width: 324px) 100vw, 324px\" \/><\/div>\n\t\t\t\t\t<div class=\"wc-block-grid__product-title\">[Cassette] We Hungry &#8211; 2025 so far<\/div>\n\t\t\t\t<\/a>\n\t\t\t\t<div class=\"wc-block-grid__product-price price\"><span class=\"woocommerce-Price-amount amount\">7,00<span class=\"woocommerce-Price-currencySymbol\">&euro;<\/span><\/span><\/div>\n\t\t\t\t\n\t\t\t\t<div class=\"wp-block-button wc-block-grid__product-add-to-cart\"><a href=\"\/index.php\/wp-json\/wp\/v2\/pages\/1154?add-to-cart=1155\" aria-label=\"Ajouter au panier\u00a0: &ldquo;[Cassette] We Hungry - 2025 so far&rdquo;\" data-quantity=\"1\" data-product_id=\"1155\" data-product_sku=\"DSPR25042\" data-price=\"7\" rel=\"nofollow\" class=\"wp-block-button__link  add_to_cart_button ajax_add_to_cart\">Ajouter au panier<\/a><\/div>\n\t\t\t<\/li><\/ul><\/div>","protected":false},"excerpt":{"rendered":"<p>We Hungry est un power trio punk parisien form\u00e9 fin 2021. Le mercato leur a \u00e9t\u00e9 plut\u00f4t favorable, car on retrouve dans leurs rangs on retrouve trois v\u00e9t\u00e9rans de la sc\u00e8ne : Tommy Tall (chant\/guitare, Kidz Get Down), SubFab (basse, SubSelf, ex-Brassen\u2019s Not Dead) et Djo (batterie, Les Rats, Hollyblood Blvd, Stup!d). Leur son puise [&hellip;]<\/p>\n","protected":false},"author":1,"featured_media":0,"parent":0,"menu_order":0,"comment_status":"closed","ping_status":"closed","template":"","meta":{"footnotes":""},"class_list":["post-1154","page","type-page","status-publish","hentry"],"yoast_head":"<!-- This site is optimized with the Yoast SEO plugin v27.3 - https:\/\/yoast.com\/product\/yoast-seo-wordpress\/ -->\n<title>We Hungry - Dispear Records<\/title>\n<meta name=\"description\" content=\"Trio parisien form\u00e9 fin 2021, We Hungry prend l\u2019\u00e9nergie ensoleill\u00e9e du punk californien et la mixe avec la rugosit\u00e9 du hardcore old school\" \/>\n<meta name=\"robots\" content=\"index, follow, max-snippet:-1, max-image-preview:large, max-video-preview:-1\" \/>\n<link rel=\"canonical\" href=\"https:\/\/dispear-records.com\/index.php\/we-hungry-punk-rock-hardcore-paris\/\" \/>\n<meta property=\"og:locale\" content=\"fr_FR\" \/>\n<meta property=\"og:type\" content=\"article\" \/>\n<meta property=\"og:title\" content=\"We Hungry - Dispear Records\" \/>\n<meta property=\"og:description\" content=\"Trio parisien form\u00e9 fin 2021, We Hungry prend l\u2019\u00e9nergie ensoleill\u00e9e du punk californien et la mixe avec la rugosit\u00e9 du hardcore old school\" \/>\n<meta property=\"og:url\" content=\"https:\/\/dispear-records.com\/index.php\/we-hungry-punk-rock-hardcore-paris\/\" \/>\n<meta property=\"og:site_name\" content=\"Dispear Records\" \/>\n<meta property=\"article:modified_time\" content=\"2025-10-02T20:30:39+00:00\" \/>\n<meta property=\"og:image\" content=\"https:\/\/dispear-records.com\/wp-content\/uploads\/2025\/10\/IMG_7421-site.jpg\" \/>\n\t<meta property=\"og:image:width\" content=\"1200\" \/>\n\t<meta property=\"og:image:height\" content=\"881\" \/>\n\t<meta property=\"og:image:type\" content=\"image\/jpeg\" \/>\n<meta name=\"twitter:card\" content=\"summary_large_image\" \/>\n<meta name=\"twitter:label1\" content=\"Dur\u00e9e de lecture estim\u00e9e\" \/>\n\t<meta name=\"twitter:data1\" content=\"1 minute\" \/>\n<script type=\"application\/ld+json\" class=\"yoast-schema-graph\">{\"@context\":\"https:\\\/\\\/schema.org\",\"@graph\":[{\"@type\":\"WebPage\",\"@id\":\"https:\\\/\\\/dispear-records.com\\\/index.php\\\/we-hungry-punk-rock-hardcore-paris\\\/\",\"url\":\"https:\\\/\\\/dispear-records.com\\\/index.php\\\/we-hungry-punk-rock-hardcore-paris\\\/\",\"name\":\"We Hungry - Dispear Records\",\"isPartOf\":{\"@id\":\"https:\\\/\\\/dispear-records.com\\\/#website\"},\"primaryImageOfPage\":{\"@id\":\"https:\\\/\\\/dispear-records.com\\\/index.php\\\/we-hungry-punk-rock-hardcore-paris\\\/#primaryimage\"},\"image\":{\"@id\":\"https:\\\/\\\/dispear-records.com\\\/index.php\\\/we-hungry-punk-rock-hardcore-paris\\\/#primaryimage\"},\"thumbnailUrl\":\"https:\\\/\\\/dispear-records.com\\\/wp-content\\\/uploads\\\/2025\\\/10\\\/IMG_7421-site-1024x752.jpg\",\"datePublished\":\"2025-10-02T20:29:09+00:00\",\"dateModified\":\"2025-10-02T20:30:39+00:00\",\"description\":\"Trio parisien form\u00e9 fin 2021, We Hungry prend l\u2019\u00e9nergie ensoleill\u00e9e du punk californien et la mixe avec la rugosit\u00e9 du hardcore old school\",\"breadcrumb\":{\"@id\":\"https:\\\/\\\/dispear-records.com\\\/index.php\\\/we-hungry-punk-rock-hardcore-paris\\\/#breadcrumb\"},\"inLanguage\":\"fr-FR\",\"potentialAction\":[{\"@type\":\"ReadAction\",\"target\":[\"https:\\\/\\\/dispear-records.com\\\/index.php\\\/we-hungry-punk-rock-hardcore-paris\\\/\"]}]},{\"@type\":\"ImageObject\",\"inLanguage\":\"fr-FR\",\"@id\":\"https:\\\/\\\/dispear-records.com\\\/index.php\\\/we-hungry-punk-rock-hardcore-paris\\\/#primaryimage\",\"url\":\"https:\\\/\\\/dispear-records.com\\\/wp-content\\\/uploads\\\/2025\\\/10\\\/IMG_7421-site.jpg\",\"contentUrl\":\"https:\\\/\\\/dispear-records.com\\\/wp-content\\\/uploads\\\/2025\\\/10\\\/IMG_7421-site.jpg\",\"width\":1200,\"height\":881},{\"@type\":\"BreadcrumbList\",\"@id\":\"https:\\\/\\\/dispear-records.com\\\/index.php\\\/we-hungry-punk-rock-hardcore-paris\\\/#breadcrumb\",\"itemListElement\":[{\"@type\":\"ListItem\",\"position\":1,\"name\":\"Accueil\",\"item\":\"https:\\\/\\\/dispear-records.com\\\/\"},{\"@type\":\"ListItem\",\"position\":2,\"name\":\"We Hungry\"}]},{\"@type\":\"WebSite\",\"@id\":\"https:\\\/\\\/dispear-records.com\\\/#website\",\"url\":\"https:\\\/\\\/dispear-records.com\\\/\",\"name\":\"Dispear Records\",\"description\":\"DIY punk &amp; hardcore label\",\"publisher\":{\"@id\":\"https:\\\/\\\/dispear-records.com\\\/#organization\"},\"potentialAction\":[{\"@type\":\"SearchAction\",\"target\":{\"@type\":\"EntryPoint\",\"urlTemplate\":\"https:\\\/\\\/dispear-records.com\\\/?s={search_term_string}\"},\"query-input\":{\"@type\":\"PropertyValueSpecification\",\"valueRequired\":true,\"valueName\":\"search_term_string\"}}],\"inLanguage\":\"fr-FR\"},{\"@type\":\"Organization\",\"@id\":\"https:\\\/\\\/dispear-records.com\\\/#organization\",\"name\":\"Dispear Records\",\"url\":\"https:\\\/\\\/dispear-records.com\\\/\",\"logo\":{\"@type\":\"ImageObject\",\"inLanguage\":\"fr-FR\",\"@id\":\"https:\\\/\\\/dispear-records.com\\\/#\\\/schema\\\/logo\\\/image\\\/\",\"url\":\"https:\\\/\\\/dispear-records.com\\\/wp-content\\\/uploads\\\/2021\\\/06\\\/cropped-cropped-dispear.png\",\"contentUrl\":\"https:\\\/\\\/dispear-records.com\\\/wp-content\\\/uploads\\\/2021\\\/06\\\/cropped-cropped-dispear.png\",\"width\":2592,\"height\":709,\"caption\":\"Dispear Records\"},\"image\":{\"@id\":\"https:\\\/\\\/dispear-records.com\\\/#\\\/schema\\\/logo\\\/image\\\/\"}}]}<\/script>\n<!-- \/ Yoast SEO plugin. -->","yoast_head_json":{"title":"We Hungry - Dispear Records","description":"Trio parisien form\u00e9 fin 2021, We Hungry prend l\u2019\u00e9nergie ensoleill\u00e9e du punk californien et la mixe avec la rugosit\u00e9 du hardcore old school","robots":{"index":"index","follow":"follow","max-snippet":"max-snippet:-1","max-image-preview":"max-image-preview:large","max-video-preview":"max-video-preview:-1"},"canonical":"https:\/\/dispear-records.com\/index.php\/we-hungry-punk-rock-hardcore-paris\/","og_locale":"fr_FR","og_type":"article","og_title":"We Hungry - Dispear Records","og_description":"Trio parisien form\u00e9 fin 2021, We Hungry prend l\u2019\u00e9nergie ensoleill\u00e9e du punk californien et la mixe avec la rugosit\u00e9 du hardcore old school","og_url":"https:\/\/dispear-records.com\/index.php\/we-hungry-punk-rock-hardcore-paris\/","og_site_name":"Dispear Records","article_modified_time":"2025-10-02T20:30:39+00:00","og_image":[{"width":1200,"height":881,"url":"https:\/\/dispear-records.com\/wp-content\/uploads\/2025\/10\/IMG_7421-site.jpg","type":"image\/jpeg"}],"twitter_card":"summary_large_image","twitter_misc":{"Dur\u00e9e de lecture estim\u00e9e":"1 minute"},"schema":{"@context":"https:\/\/schema.org","@graph":[{"@type":"WebPage","@id":"https:\/\/dispear-records.com\/index.php\/we-hungry-punk-rock-hardcore-paris\/","url":"https:\/\/dispear-records.com\/index.php\/we-hungry-punk-rock-hardcore-paris\/","name":"We Hungry - Dispear Records","isPartOf":{"@id":"https:\/\/dispear-records.com\/#website"},"primaryImageOfPage":{"@id":"https:\/\/dispear-records.com\/index.php\/we-hungry-punk-rock-hardcore-paris\/#primaryimage"},"image":{"@id":"https:\/\/dispear-records.com\/index.php\/we-hungry-punk-rock-hardcore-paris\/#primaryimage"},"thumbnailUrl":"https:\/\/dispear-records.com\/wp-content\/uploads\/2025\/10\/IMG_7421-site-1024x752.jpg","datePublished":"2025-10-02T20:29:09+00:00","dateModified":"2025-10-02T20:30:39+00:00","description":"Trio parisien form\u00e9 fin 2021, We Hungry prend l\u2019\u00e9nergie ensoleill\u00e9e du punk californien et la mixe avec la rugosit\u00e9 du hardcore old school","breadcrumb":{"@id":"https:\/\/dispear-records.com\/index.php\/we-hungry-punk-rock-hardcore-paris\/#breadcrumb"},"inLanguage":"fr-FR","potentialAction":[{"@type":"ReadAction","target":["https:\/\/dispear-records.com\/index.php\/we-hungry-punk-rock-hardcore-paris\/"]}]},{"@type":"ImageObject","inLanguage":"fr-FR","@id":"https:\/\/dispear-records.com\/index.php\/we-hungry-punk-rock-hardcore-paris\/#primaryimage","url":"https:\/\/dispear-records.com\/wp-content\/uploads\/2025\/10\/IMG_7421-site.jpg","contentUrl":"https:\/\/dispear-records.com\/wp-content\/uploads\/2025\/10\/IMG_7421-site.jpg","width":1200,"height":881},{"@type":"BreadcrumbList","@id":"https:\/\/dispear-records.com\/index.php\/we-hungry-punk-rock-hardcore-paris\/#breadcrumb","itemListElement":[{"@type":"ListItem","position":1,"name":"Accueil","item":"https:\/\/dispear-records.com\/"},{"@type":"ListItem","position":2,"name":"We Hungry"}]},{"@type":"WebSite","@id":"https:\/\/dispear-records.com\/#website","url":"https:\/\/dispear-records.com\/","name":"Dispear Records","description":"DIY punk &amp; hardcore label","publisher":{"@id":"https:\/\/dispear-records.com\/#organization"},"potentialAction":[{"@type":"SearchAction","target":{"@type":"EntryPoint","urlTemplate":"https:\/\/dispear-records.com\/?s={search_term_string}"},"query-input":{"@type":"PropertyValueSpecification","valueRequired":true,"valueName":"search_term_string"}}],"inLanguage":"fr-FR"},{"@type":"Organization","@id":"https:\/\/dispear-records.com\/#organization","name":"Dispear Records","url":"https:\/\/dispear-records.com\/","logo":{"@type":"ImageObject","inLanguage":"fr-FR","@id":"https:\/\/dispear-records.com\/#\/schema\/logo\/image\/","url":"https:\/\/dispear-records.com\/wp-content\/uploads\/2021\/06\/cropped-cropped-dispear.png","contentUrl":"https:\/\/dispear-records.com\/wp-content\/uploads\/2021\/06\/cropped-cropped-dispear.png","width":2592,"height":709,"caption":"Dispear Records"},"image":{"@id":"https:\/\/dispear-records.com\/#\/schema\/logo\/image\/"}}]}},"_links":{"self":[{"href":"https:\/\/dispear-records.com\/index.php\/wp-json\/wp\/v2\/pages\/1154","targetHints":{"allow":["GET"]}}],"collection":[{"href":"https:\/\/dispear-records.com\/index.php\/wp-json\/wp\/v2\/pages"}],"about":[{"href":"https:\/\/dispear-records.com\/index.php\/wp-json\/wp\/v2\/types\/page"}],"author":[{"embeddable":true,"href":"https:\/\/dispear-records.com\/index.php\/wp-json\/wp\/v2\/users\/1"}],"replies":[{"embeddable":true,"href":"https:\/\/dispear-records.com\/index.php\/wp-json\/wp\/v2\/comments?post=1154"}],"version-history":[{"count":2,"href":"https:\/\/dispear-records.com\/index.php\/wp-json\/wp\/v2\/pages\/1154\/revisions"}],"predecessor-version":[{"id":1161,"href":"https:\/\/dispear-records.com\/index.php\/wp-json\/wp\/v2\/pages\/1154\/revisions\/1161"}],"wp:attachment":[{"href":"https:\/\/dispear-records.com\/index.php\/wp-json\/wp\/v2\/media?parent=1154"}],"curies":[{"name":"wp","href":"https:\/\/api.w.org\/{rel}","templated":true}]}}