{"id":1287,"date":"2026-02-24T22:10:19","date_gmt":"2026-02-24T21:10:19","guid":{"rendered":"https:\/\/dispear-records.com\/?page_id=1287"},"modified":"2026-02-25T10:30:34","modified_gmt":"2026-02-25T09:30:34","slug":"the-drugsters-boomers-punk-rock","status":"publish","type":"page","link":"https:\/\/dispear-records.com\/index.php\/the-drugsters-boomers-punk-rock\/","title":{"rendered":"The Drugsters"},"content":{"rendered":"<div class=\"wp-block-image\">\n<figure class=\"aligncenter size-large\"><img loading=\"lazy\" decoding=\"async\" width=\"1024\" height=\"768\" src=\"https:\/\/dispear-records.com\/wp-content\/uploads\/2026\/02\/rfbrvh_T-1024x768.jpg\" alt=\"\" class=\"wp-image-1288\" srcset=\"https:\/\/dispear-records.com\/wp-content\/uploads\/2026\/02\/rfbrvh_T-1024x768.jpg 1024w, https:\/\/dispear-records.com\/wp-content\/uploads\/2026\/02\/rfbrvh_T-300x225.jpg 300w, https:\/\/dispear-records.com\/wp-content\/uploads\/2026\/02\/rfbrvh_T-768x576.jpg 768w, https:\/\/dispear-records.com\/wp-content\/uploads\/2026\/02\/rfbrvh_T-1536x1152.jpg 1536w, https:\/\/dispear-records.com\/wp-content\/uploads\/2026\/02\/rfbrvh_T-416x312.jpg 416w, https:\/\/dispear-records.com\/wp-content\/uploads\/2026\/02\/rfbrvh_T.jpg 2048w\" sizes=\"auto, (max-width: 1024px) 100vw, 1024px\" \/><\/figure>\n<\/div>\n\n\n<p>The Drugsters, c\u2019est d\u2019abord la rencontre de Thomas (Unlogistic) \u2014 guitare et chant \u2014 et de Milooz \u00e0 la basse. Une id\u00e9e simple, probablement discutable, et tr\u00e8s vite renforc\u00e9e par Julman \u00e0 la batterie et Francis \u00e0 la deuxi\u00e8me guitare. Un projet annonc\u00e9 comme \u00ab vou\u00e9 \u00e0 l\u2019\u00e9chec \u00bb d\u00e8s le d\u00e9part \u2014 donc forc\u00e9ment prometteur.&nbsp;Fin 2025, Seb (Seven Hate, Bonduran\u2026) reprend les baguettes, et avec lui, le concept de <em>Boomers Punk Rock<\/em> trouve enfin sa pierre angulaire. Oui, tout \u00e7a est parfaitement assum\u00e9.<\/p>\n\n\n\n<p>Musicalement, The Drugsters naviguent entre Ramonescore sous amph\u00e9tamines et punk hardcore 80\u2019s. Le mot d\u2019ordre : jouer vite, fort et mal. Bon, surtout vite et fort, le reste rel\u00e8ve de l\u2019esth\u00e9tique.<\/p>\n\n\n\n<p>C\u00f4t\u00e9 textes, les bayonnais autoproclam\u00e9s (alors qu&rsquo;on sait tous qu&rsquo;ils sont dans le Sud des Landes) manient l\u2019humour comme une arme \u00e0 double tranchant. Sujets l\u00e9gers ou plus s\u00e9rieux, tout passe par la d\u00e9rision, l\u2019autod\u00e9rision et un sens certain du second degr\u00e9. Leur style autoproclam\u00e9 ? <em>Stadium Brutal Pop Punk<\/em>. Rien que \u00e7a. Et franchement, le programme est respect\u00e9.<\/p>\n\n\n<div data-block-name=\"woocommerce\/product-category\" data-categories=\"[82]\" data-columns=\"1\" data-rows=\"1\" class=\"wc-block-grid wp-block-product-category wp-block-woocommerce-product-category wc-block-product-category has-1-columns\"><ul class=\"wc-block-grid__products\"><li class=\"wc-block-grid__product\">\n\t\t\t\t<a href=\"https:\/\/dispear-records.com\/index.php\/produit\/cassette-the-drugsters-s-t\/\" class=\"wc-block-grid__product-link\">\n\t\t\t\t\t\n\t\t\t\t\t<div class=\"wc-block-grid__product-image\"><img loading=\"lazy\" decoding=\"async\" width=\"324\" height=\"324\" src=\"https:\/\/dispear-records.com\/wp-content\/uploads\/2026\/02\/IMG_4468-carre-324x324.jpg\" class=\"attachment-woocommerce_thumbnail size-woocommerce_thumbnail\" alt=\"[Cassette] The Drugsters - s\/t\" srcset=\"https:\/\/dispear-records.com\/wp-content\/uploads\/2026\/02\/IMG_4468-carre-324x324.jpg 324w, https:\/\/dispear-records.com\/wp-content\/uploads\/2026\/02\/IMG_4468-carre-300x300.jpg 300w, https:\/\/dispear-records.com\/wp-content\/uploads\/2026\/02\/IMG_4468-carre-150x150.jpg 150w, https:\/\/dispear-records.com\/wp-content\/uploads\/2026\/02\/IMG_4468-carre-768x768.jpg 768w, https:\/\/dispear-records.com\/wp-content\/uploads\/2026\/02\/IMG_4468-carre-416x416.jpg 416w, https:\/\/dispear-records.com\/wp-content\/uploads\/2026\/02\/IMG_4468-carre-100x100.jpg 100w, https:\/\/dispear-records.com\/wp-content\/uploads\/2026\/02\/IMG_4468-carre.jpg 800w\" sizes=\"auto, (max-width: 324px) 100vw, 324px\" \/><\/div>\n\t\t\t\t\t<div class=\"wc-block-grid__product-title\">[Cassette] The Drugsters &#8211; s\/t<\/div>\n\t\t\t\t<\/a>\n\t\t\t\t<div class=\"wc-block-grid__product-price price\"><span class=\"woocommerce-Price-amount amount\">7,00<span class=\"woocommerce-Price-currencySymbol\">&euro;<\/span><\/span><\/div>\n\t\t\t\t\n\t\t\t\t<div class=\"wp-block-button wc-block-grid__product-add-to-cart\"><a href=\"\/index.php\/wp-json\/wp\/v2\/pages\/1287?add-to-cart=1289\" aria-label=\"Ajouter au panier\u00a0: &ldquo;[Cassette] The Drugsters - s\/t&rdquo;\" data-quantity=\"1\" data-product_id=\"1289\" data-product_sku=\"DSPR26049\" data-price=\"7\" rel=\"nofollow\" class=\"wp-block-button__link  add_to_cart_button ajax_add_to_cart\">Ajouter au panier<\/a><\/div>\n\t\t\t<\/li><\/ul><\/div>\n\n\n<iframe style=\"border: 0; width: 400px; height: 439px;\" src=\"https:\/\/bandcamp.com\/EmbeddedPlayer\/album=3548213543\/size=large\/bgcol=ffffff\/linkcol=0687f5\/artwork=small\/transparent=true\/\" seamless><a href=\"https:\/\/thedrugsters.bandcamp.com\/album\/s-t\">S\/T de The Drugsters<\/a><\/iframe>\n","protected":false},"excerpt":{"rendered":"<p>The Drugsters, c\u2019est d\u2019abord la rencontre de Thomas (Unlogistic) \u2014 guitare et chant \u2014 et de Milooz \u00e0 la basse. Une id\u00e9e simple, probablement discutable, et tr\u00e8s vite renforc\u00e9e par Julman \u00e0 la batterie et Francis \u00e0 la deuxi\u00e8me guitare. Un projet annonc\u00e9 comme \u00ab vou\u00e9 \u00e0 l\u2019\u00e9chec \u00bb d\u00e8s le d\u00e9part \u2014 donc forc\u00e9ment [&hellip;]<\/p>\n","protected":false},"author":1,"featured_media":0,"parent":0,"menu_order":0,"comment_status":"closed","ping_status":"closed","template":"","meta":{"footnotes":""},"class_list":["post-1287","page","type-page","status-publish","hentry"],"yoast_head":"<!-- This site is optimized with the Yoast SEO plugin v27.3 - https:\/\/yoast.com\/product\/yoast-seo-wordpress\/ -->\n<title>The Drugsters - Dispear Records<\/title>\n<meta name=\"description\" content=\"L&#039;arriv\u00e9e des Drugsters signe la cr\u00e9ation d&#039;un nouveau style : le Ramonescore boomers punk rock stadium brutal pop punk. Rien que \u00e7a !\" \/>\n<meta name=\"robots\" content=\"index, follow, max-snippet:-1, max-image-preview:large, max-video-preview:-1\" \/>\n<link rel=\"canonical\" href=\"https:\/\/dispear-records.com\/index.php\/the-drugsters-boomers-punk-rock\/\" \/>\n<meta property=\"og:locale\" content=\"fr_FR\" \/>\n<meta property=\"og:type\" content=\"article\" \/>\n<meta property=\"og:title\" content=\"The Drugsters - Dispear Records\" \/>\n<meta property=\"og:description\" content=\"L&#039;arriv\u00e9e des Drugsters signe la cr\u00e9ation d&#039;un nouveau style : le Ramonescore boomers punk rock stadium brutal pop punk. Rien que \u00e7a !\" \/>\n<meta property=\"og:url\" content=\"https:\/\/dispear-records.com\/index.php\/the-drugsters-boomers-punk-rock\/\" \/>\n<meta property=\"og:site_name\" content=\"Dispear Records\" \/>\n<meta property=\"article:modified_time\" content=\"2026-02-25T09:30:34+00:00\" \/>\n<meta property=\"og:image\" content=\"https:\/\/dispear-records.com\/wp-content\/uploads\/2026\/02\/rfbrvh_T.jpg\" \/>\n\t<meta property=\"og:image:width\" content=\"2048\" \/>\n\t<meta property=\"og:image:height\" content=\"1536\" \/>\n\t<meta property=\"og:image:type\" content=\"image\/jpeg\" \/>\n<meta name=\"twitter:card\" content=\"summary_large_image\" \/>\n<meta name=\"twitter:label1\" content=\"Dur\u00e9e de lecture estim\u00e9e\" \/>\n\t<meta name=\"twitter:data1\" content=\"2 minutes\" \/>\n<script type=\"application\/ld+json\" class=\"yoast-schema-graph\">{\"@context\":\"https:\\\/\\\/schema.org\",\"@graph\":[{\"@type\":\"WebPage\",\"@id\":\"https:\\\/\\\/dispear-records.com\\\/index.php\\\/the-drugsters-boomers-punk-rock\\\/\",\"url\":\"https:\\\/\\\/dispear-records.com\\\/index.php\\\/the-drugsters-boomers-punk-rock\\\/\",\"name\":\"The Drugsters - Dispear Records\",\"isPartOf\":{\"@id\":\"https:\\\/\\\/dispear-records.com\\\/#website\"},\"primaryImageOfPage\":{\"@id\":\"https:\\\/\\\/dispear-records.com\\\/index.php\\\/the-drugsters-boomers-punk-rock\\\/#primaryimage\"},\"image\":{\"@id\":\"https:\\\/\\\/dispear-records.com\\\/index.php\\\/the-drugsters-boomers-punk-rock\\\/#primaryimage\"},\"thumbnailUrl\":\"https:\\\/\\\/dispear-records.com\\\/wp-content\\\/uploads\\\/2026\\\/02\\\/rfbrvh_T-1024x768.jpg\",\"datePublished\":\"2026-02-24T21:10:19+00:00\",\"dateModified\":\"2026-02-25T09:30:34+00:00\",\"description\":\"L'arriv\u00e9e des Drugsters signe la cr\u00e9ation d'un nouveau style : le Ramonescore boomers punk rock stadium brutal pop punk. Rien que \u00e7a !\",\"breadcrumb\":{\"@id\":\"https:\\\/\\\/dispear-records.com\\\/index.php\\\/the-drugsters-boomers-punk-rock\\\/#breadcrumb\"},\"inLanguage\":\"fr-FR\",\"potentialAction\":[{\"@type\":\"ReadAction\",\"target\":[\"https:\\\/\\\/dispear-records.com\\\/index.php\\\/the-drugsters-boomers-punk-rock\\\/\"]}]},{\"@type\":\"ImageObject\",\"inLanguage\":\"fr-FR\",\"@id\":\"https:\\\/\\\/dispear-records.com\\\/index.php\\\/the-drugsters-boomers-punk-rock\\\/#primaryimage\",\"url\":\"https:\\\/\\\/dispear-records.com\\\/wp-content\\\/uploads\\\/2026\\\/02\\\/rfbrvh_T.jpg\",\"contentUrl\":\"https:\\\/\\\/dispear-records.com\\\/wp-content\\\/uploads\\\/2026\\\/02\\\/rfbrvh_T.jpg\",\"width\":2048,\"height\":1536},{\"@type\":\"BreadcrumbList\",\"@id\":\"https:\\\/\\\/dispear-records.com\\\/index.php\\\/the-drugsters-boomers-punk-rock\\\/#breadcrumb\",\"itemListElement\":[{\"@type\":\"ListItem\",\"position\":1,\"name\":\"Accueil\",\"item\":\"https:\\\/\\\/dispear-records.com\\\/\"},{\"@type\":\"ListItem\",\"position\":2,\"name\":\"The Drugsters\"}]},{\"@type\":\"WebSite\",\"@id\":\"https:\\\/\\\/dispear-records.com\\\/#website\",\"url\":\"https:\\\/\\\/dispear-records.com\\\/\",\"name\":\"Dispear Records\",\"description\":\"DIY punk &amp; hardcore label\",\"publisher\":{\"@id\":\"https:\\\/\\\/dispear-records.com\\\/#organization\"},\"potentialAction\":[{\"@type\":\"SearchAction\",\"target\":{\"@type\":\"EntryPoint\",\"urlTemplate\":\"https:\\\/\\\/dispear-records.com\\\/?s={search_term_string}\"},\"query-input\":{\"@type\":\"PropertyValueSpecification\",\"valueRequired\":true,\"valueName\":\"search_term_string\"}}],\"inLanguage\":\"fr-FR\"},{\"@type\":\"Organization\",\"@id\":\"https:\\\/\\\/dispear-records.com\\\/#organization\",\"name\":\"Dispear Records\",\"url\":\"https:\\\/\\\/dispear-records.com\\\/\",\"logo\":{\"@type\":\"ImageObject\",\"inLanguage\":\"fr-FR\",\"@id\":\"https:\\\/\\\/dispear-records.com\\\/#\\\/schema\\\/logo\\\/image\\\/\",\"url\":\"https:\\\/\\\/dispear-records.com\\\/wp-content\\\/uploads\\\/2021\\\/06\\\/cropped-cropped-dispear.png\",\"contentUrl\":\"https:\\\/\\\/dispear-records.com\\\/wp-content\\\/uploads\\\/2021\\\/06\\\/cropped-cropped-dispear.png\",\"width\":2592,\"height\":709,\"caption\":\"Dispear Records\"},\"image\":{\"@id\":\"https:\\\/\\\/dispear-records.com\\\/#\\\/schema\\\/logo\\\/image\\\/\"}}]}<\/script>\n<!-- \/ Yoast SEO plugin. -->","yoast_head_json":{"title":"The Drugsters - Dispear Records","description":"L'arriv\u00e9e des Drugsters signe la cr\u00e9ation d'un nouveau style : le Ramonescore boomers punk rock stadium brutal pop punk. Rien que \u00e7a !","robots":{"index":"index","follow":"follow","max-snippet":"max-snippet:-1","max-image-preview":"max-image-preview:large","max-video-preview":"max-video-preview:-1"},"canonical":"https:\/\/dispear-records.com\/index.php\/the-drugsters-boomers-punk-rock\/","og_locale":"fr_FR","og_type":"article","og_title":"The Drugsters - Dispear Records","og_description":"L'arriv\u00e9e des Drugsters signe la cr\u00e9ation d'un nouveau style : le Ramonescore boomers punk rock stadium brutal pop punk. Rien que \u00e7a !","og_url":"https:\/\/dispear-records.com\/index.php\/the-drugsters-boomers-punk-rock\/","og_site_name":"Dispear Records","article_modified_time":"2026-02-25T09:30:34+00:00","og_image":[{"width":2048,"height":1536,"url":"https:\/\/dispear-records.com\/wp-content\/uploads\/2026\/02\/rfbrvh_T.jpg","type":"image\/jpeg"}],"twitter_card":"summary_large_image","twitter_misc":{"Dur\u00e9e de lecture estim\u00e9e":"2 minutes"},"schema":{"@context":"https:\/\/schema.org","@graph":[{"@type":"WebPage","@id":"https:\/\/dispear-records.com\/index.php\/the-drugsters-boomers-punk-rock\/","url":"https:\/\/dispear-records.com\/index.php\/the-drugsters-boomers-punk-rock\/","name":"The Drugsters - Dispear Records","isPartOf":{"@id":"https:\/\/dispear-records.com\/#website"},"primaryImageOfPage":{"@id":"https:\/\/dispear-records.com\/index.php\/the-drugsters-boomers-punk-rock\/#primaryimage"},"image":{"@id":"https:\/\/dispear-records.com\/index.php\/the-drugsters-boomers-punk-rock\/#primaryimage"},"thumbnailUrl":"https:\/\/dispear-records.com\/wp-content\/uploads\/2026\/02\/rfbrvh_T-1024x768.jpg","datePublished":"2026-02-24T21:10:19+00:00","dateModified":"2026-02-25T09:30:34+00:00","description":"L'arriv\u00e9e des Drugsters signe la cr\u00e9ation d'un nouveau style : le Ramonescore boomers punk rock stadium brutal pop punk. Rien que \u00e7a !","breadcrumb":{"@id":"https:\/\/dispear-records.com\/index.php\/the-drugsters-boomers-punk-rock\/#breadcrumb"},"inLanguage":"fr-FR","potentialAction":[{"@type":"ReadAction","target":["https:\/\/dispear-records.com\/index.php\/the-drugsters-boomers-punk-rock\/"]}]},{"@type":"ImageObject","inLanguage":"fr-FR","@id":"https:\/\/dispear-records.com\/index.php\/the-drugsters-boomers-punk-rock\/#primaryimage","url":"https:\/\/dispear-records.com\/wp-content\/uploads\/2026\/02\/rfbrvh_T.jpg","contentUrl":"https:\/\/dispear-records.com\/wp-content\/uploads\/2026\/02\/rfbrvh_T.jpg","width":2048,"height":1536},{"@type":"BreadcrumbList","@id":"https:\/\/dispear-records.com\/index.php\/the-drugsters-boomers-punk-rock\/#breadcrumb","itemListElement":[{"@type":"ListItem","position":1,"name":"Accueil","item":"https:\/\/dispear-records.com\/"},{"@type":"ListItem","position":2,"name":"The Drugsters"}]},{"@type":"WebSite","@id":"https:\/\/dispear-records.com\/#website","url":"https:\/\/dispear-records.com\/","name":"Dispear Records","description":"DIY punk &amp; hardcore label","publisher":{"@id":"https:\/\/dispear-records.com\/#organization"},"potentialAction":[{"@type":"SearchAction","target":{"@type":"EntryPoint","urlTemplate":"https:\/\/dispear-records.com\/?s={search_term_string}"},"query-input":{"@type":"PropertyValueSpecification","valueRequired":true,"valueName":"search_term_string"}}],"inLanguage":"fr-FR"},{"@type":"Organization","@id":"https:\/\/dispear-records.com\/#organization","name":"Dispear Records","url":"https:\/\/dispear-records.com\/","logo":{"@type":"ImageObject","inLanguage":"fr-FR","@id":"https:\/\/dispear-records.com\/#\/schema\/logo\/image\/","url":"https:\/\/dispear-records.com\/wp-content\/uploads\/2021\/06\/cropped-cropped-dispear.png","contentUrl":"https:\/\/dispear-records.com\/wp-content\/uploads\/2021\/06\/cropped-cropped-dispear.png","width":2592,"height":709,"caption":"Dispear Records"},"image":{"@id":"https:\/\/dispear-records.com\/#\/schema\/logo\/image\/"}}]}},"_links":{"self":[{"href":"https:\/\/dispear-records.com\/index.php\/wp-json\/wp\/v2\/pages\/1287","targetHints":{"allow":["GET"]}}],"collection":[{"href":"https:\/\/dispear-records.com\/index.php\/wp-json\/wp\/v2\/pages"}],"about":[{"href":"https:\/\/dispear-records.com\/index.php\/wp-json\/wp\/v2\/types\/page"}],"author":[{"embeddable":true,"href":"https:\/\/dispear-records.com\/index.php\/wp-json\/wp\/v2\/users\/1"}],"replies":[{"embeddable":true,"href":"https:\/\/dispear-records.com\/index.php\/wp-json\/wp\/v2\/comments?post=1287"}],"version-history":[{"count":2,"href":"https:\/\/dispear-records.com\/index.php\/wp-json\/wp\/v2\/pages\/1287\/revisions"}],"predecessor-version":[{"id":1295,"href":"https:\/\/dispear-records.com\/index.php\/wp-json\/wp\/v2\/pages\/1287\/revisions\/1295"}],"wp:attachment":[{"href":"https:\/\/dispear-records.com\/index.php\/wp-json\/wp\/v2\/media?parent=1287"}],"curies":[{"name":"wp","href":"https:\/\/api.w.org\/{rel}","templated":true}]}}