{"id":649,"date":"2024-01-29T09:34:30","date_gmt":"2024-01-29T08:34:30","guid":{"rendered":"https:\/\/dispear-records.com\/?page_id=649"},"modified":"2025-03-12T11:39:29","modified_gmt":"2025-03-12T10:39:29","slug":"aho-zakil-konekxion","status":"publish","type":"page","link":"https:\/\/dispear-records.com\/index.php\/aho-zakil-konekxion\/","title":{"rendered":"Aho Zakil Konekxion"},"content":{"rendered":"<div class=\"wp-block-image\">\n<figure class=\"aligncenter size-full\"><img loading=\"lazy\" decoding=\"async\" width=\"1000\" height=\"624\" src=\"https:\/\/dispear-records.com\/wp-content\/uploads\/2024\/01\/WhatsApp-Image-2024-01-22-at-18.30.01.jpeg\" alt=\"\" class=\"wp-image-650\" srcset=\"https:\/\/dispear-records.com\/wp-content\/uploads\/2024\/01\/WhatsApp-Image-2024-01-22-at-18.30.01.jpeg 1000w, https:\/\/dispear-records.com\/wp-content\/uploads\/2024\/01\/WhatsApp-Image-2024-01-22-at-18.30.01-300x187.jpeg 300w, https:\/\/dispear-records.com\/wp-content\/uploads\/2024\/01\/WhatsApp-Image-2024-01-22-at-18.30.01-768x479.jpeg 768w, https:\/\/dispear-records.com\/wp-content\/uploads\/2024\/01\/WhatsApp-Image-2024-01-22-at-18.30.01-416x260.jpeg 416w\" sizes=\"auto, (max-width: 1000px) 100vw, 1000px\" \/><\/figure>\n<\/div>\n\n\n<p><strong>Aho Zakil Konekxion<\/strong> est un groupe du Haut-Labourd, entre Sare et Zugarramurdi. C\u2019est donc tout naturellement que ces euskaldun on choisit le basque comme langue pour leurs textes ! Les comp\u00e8res se sont lanc\u00e9s en 2019 avec l\u2019objectif d\u2019\u00eatre pr\u00eat pour jouer aux 30 ans du Gaztetxe de Sare. Si \u00e7a c\u2019est pas la meilleure raison pour cr\u00e9er un groupe\u2026! Petite particularit\u00e9 sympa pour les darons : le groupe est interg\u00e9n\u00e9rationnel, avec \u00e0 la guitare Olivier (le p\u00e8re), et \u00e0 la batterie Arno (le fils). Et dans la famille ils sont aussi champions de pelote de p\u00e8re en fils, mais \u00e7a c&rsquo;est une histoire pour Mediabask, pas pour Dispear ! Le groupe est compl\u00e9t\u00e9 au chant par Mattin et ses chemises l\u00e9opard, et Pumar \u00e0 la batterie.&nbsp;<\/p>\n\n\n\n<p>Les compositions du groupe s\u2019orientent vers le punk ancienne \u00e9cole : le punk 77 ! \u00c7a s\u2019inspire dans les classiques (Ramones, Damned, Hives), aussi bien que dans les l\u00e9gendes du punk basque et espagnol : La Polla Records, Kortatu, etc. Groupe engag\u00e9, Aho Zakil Konekxion mettent un point d\u2019honneur \u00e0 faire prendre conscience \u00e0 leur auditoire de la situation sociale et politique en Euskal Herria, et le crient haut et fort \u00e0 travers leur premier EP \u201cKisulabe\u201d !<\/p>\n\n\n<div data-align-buttons=\"true\" data-block-name=\"woocommerce\/product-category\" data-categories=\"[53]\" data-columns=\"1\" data-content-visibility=\"{&quot;image&quot;:true,&quot;title&quot;:true,&quot;price&quot;:true,&quot;rating&quot;:false,&quot;button&quot;:true}\" data-rows=\"1\" class=\"wc-block-grid wp-block-product-category wp-block-woocommerce-product-category wc-block-product-category has-1-columns has-aligned-buttons\"><ul class=\"wc-block-grid__products\"><li class=\"wc-block-grid__product\">\n\t\t\t\t<a href=\"https:\/\/dispear-records.com\/index.php\/produit\/cassette-aho-zakil-konekxion-kisulabe\/\" class=\"wc-block-grid__product-link\">\n\t\t\t\t\t\n\t\t\t\t\t<div class=\"wc-block-grid__product-image\"><img loading=\"lazy\" decoding=\"async\" width=\"324\" height=\"324\" src=\"https:\/\/dispear-records.com\/wp-content\/uploads\/2024\/01\/IMG_0975-800-324x324.jpg\" class=\"attachment-woocommerce_thumbnail size-woocommerce_thumbnail\" alt=\"[Cassette] Aho Zakil Konekxion - Kisulabe\" srcset=\"https:\/\/dispear-records.com\/wp-content\/uploads\/2024\/01\/IMG_0975-800-324x324.jpg 324w, https:\/\/dispear-records.com\/wp-content\/uploads\/2024\/01\/IMG_0975-800-300x300.jpg 300w, https:\/\/dispear-records.com\/wp-content\/uploads\/2024\/01\/IMG_0975-800-150x150.jpg 150w, https:\/\/dispear-records.com\/wp-content\/uploads\/2024\/01\/IMG_0975-800-768x768.jpg 768w, https:\/\/dispear-records.com\/wp-content\/uploads\/2024\/01\/IMG_0975-800-416x416.jpg 416w, https:\/\/dispear-records.com\/wp-content\/uploads\/2024\/01\/IMG_0975-800-100x100.jpg 100w, https:\/\/dispear-records.com\/wp-content\/uploads\/2024\/01\/IMG_0975-800.jpg 800w\" sizes=\"auto, (max-width: 324px) 100vw, 324px\" \/><\/div>\n\t\t\t\t\t<div class=\"wc-block-grid__product-title\">[Cassette] Aho Zakil Konekxion &#8211; Kisulabe<\/div>\n\t\t\t\t<\/a>\n\t\t\t\t<div class=\"wc-block-grid__product-price price\"><span class=\"woocommerce-Price-amount amount\">7,00<span class=\"woocommerce-Price-currencySymbol\">&euro;<\/span><\/span><\/div>\n\t\t\t\t\n\t\t\t\t<div class=\"wp-block-button wc-block-grid__product-add-to-cart\"><a href=\"\/index.php\/wp-json\/wp\/v2\/pages\/649?add-to-cart=652\" aria-label=\"Ajouter au panier\u00a0: &ldquo;[Cassette] Aho Zakil Konekxion - Kisulabe&rdquo;\" data-quantity=\"1\" data-product_id=\"652\" data-product_sku=\"DSPR23019\" data-price=\"7\" rel=\"nofollow\" class=\"wp-block-button__link  add_to_cart_button ajax_add_to_cart\">Ajouter au panier<\/a><\/div>\n\t\t\t<\/li><\/ul><\/div>\n\n\n<center><iframe style=\"border: 0; width: 400px; height: 472px;\" src=\"https:\/\/bandcamp.com\/EmbeddedPlayer\/album=1536024972\/size=large\/bgcol=ffffff\/linkcol=333333\/artwork=small\/transparent=true\/\" seamless><a href=\"https:\/\/ahozakilkonekxion.bandcamp.com\/album\/kisulabe\">Kisulabe de aho zakil konekxion<\/a><\/iframe><\/center>\n","protected":false},"excerpt":{"rendered":"<p>Aho Zakil Konekxion est un groupe du Haut-Labourd, entre Sare et Zugarramurdi. C\u2019est donc tout naturellement que ces euskaldun on choisit le basque comme langue pour leurs textes ! Les comp\u00e8res se sont lanc\u00e9s en 2019 avec l\u2019objectif d\u2019\u00eatre pr\u00eat pour jouer aux 30 ans du Gaztetxe de Sare. Si \u00e7a c\u2019est pas la meilleure [&hellip;]<\/p>\n","protected":false},"author":1,"featured_media":0,"parent":0,"menu_order":0,"comment_status":"closed","ping_status":"closed","template":"","meta":{"footnotes":""},"class_list":["post-649","page","type-page","status-publish","hentry"],"yoast_head":"<!-- This site is optimized with the Yoast SEO plugin v27.4 - https:\/\/yoast.com\/product\/yoast-seo-wordpress\/ -->\n<title>Aho Zakil Konekxion - Dispear Records<\/title>\n<meta name=\"description\" content=\"Du punk rock euskaldun d&#039;Iparralde qui tabasse en live, c&#039;est Aho Zakil Konekxion ! Premier EP : Kisulabe, dispo en k7 chez Dispear !\" \/>\n<meta name=\"robots\" content=\"index, follow, max-snippet:-1, max-image-preview:large, max-video-preview:-1\" \/>\n<link rel=\"canonical\" href=\"https:\/\/dispear-records.com\/index.php\/aho-zakil-konekxion\/\" \/>\n<meta property=\"og:locale\" content=\"fr_FR\" \/>\n<meta property=\"og:type\" content=\"article\" \/>\n<meta property=\"og:title\" content=\"Aho Zakil Konekxion - Dispear Records\" \/>\n<meta property=\"og:description\" content=\"Du punk rock euskaldun d&#039;Iparralde qui tabasse en live, c&#039;est Aho Zakil Konekxion ! Premier EP : Kisulabe, dispo en k7 chez Dispear !\" \/>\n<meta property=\"og:url\" content=\"https:\/\/dispear-records.com\/index.php\/aho-zakil-konekxion\/\" \/>\n<meta property=\"og:site_name\" content=\"Dispear Records\" \/>\n<meta property=\"article:modified_time\" content=\"2025-03-12T10:39:29+00:00\" \/>\n<meta property=\"og:image\" content=\"https:\/\/dispear-records.com\/wp-content\/uploads\/2024\/01\/WhatsApp-Image-2024-01-22-at-18.30.01.jpeg\" \/>\n\t<meta property=\"og:image:width\" content=\"1000\" \/>\n\t<meta property=\"og:image:height\" content=\"624\" \/>\n\t<meta property=\"og:image:type\" content=\"image\/jpeg\" \/>\n<meta name=\"twitter:card\" content=\"summary_large_image\" \/>\n<meta name=\"twitter:label1\" content=\"Dur\u00e9e de lecture estim\u00e9e\" \/>\n\t<meta name=\"twitter:data1\" content=\"2 minutes\" \/>\n<script type=\"application\/ld+json\" class=\"yoast-schema-graph\">{\"@context\":\"https:\\\/\\\/schema.org\",\"@graph\":[{\"@type\":\"WebPage\",\"@id\":\"https:\\\/\\\/dispear-records.com\\\/index.php\\\/aho-zakil-konekxion\\\/\",\"url\":\"https:\\\/\\\/dispear-records.com\\\/index.php\\\/aho-zakil-konekxion\\\/\",\"name\":\"Aho Zakil Konekxion - Dispear Records\",\"isPartOf\":{\"@id\":\"https:\\\/\\\/dispear-records.com\\\/#website\"},\"primaryImageOfPage\":{\"@id\":\"https:\\\/\\\/dispear-records.com\\\/index.php\\\/aho-zakil-konekxion\\\/#primaryimage\"},\"image\":{\"@id\":\"https:\\\/\\\/dispear-records.com\\\/index.php\\\/aho-zakil-konekxion\\\/#primaryimage\"},\"thumbnailUrl\":\"https:\\\/\\\/dispear-records.com\\\/wp-content\\\/uploads\\\/2024\\\/01\\\/WhatsApp-Image-2024-01-22-at-18.30.01.jpeg\",\"datePublished\":\"2024-01-29T08:34:30+00:00\",\"dateModified\":\"2025-03-12T10:39:29+00:00\",\"description\":\"Du punk rock euskaldun d'Iparralde qui tabasse en live, c'est Aho Zakil Konekxion ! Premier EP : Kisulabe, dispo en k7 chez Dispear !\",\"breadcrumb\":{\"@id\":\"https:\\\/\\\/dispear-records.com\\\/index.php\\\/aho-zakil-konekxion\\\/#breadcrumb\"},\"inLanguage\":\"fr-FR\",\"potentialAction\":[{\"@type\":\"ReadAction\",\"target\":[\"https:\\\/\\\/dispear-records.com\\\/index.php\\\/aho-zakil-konekxion\\\/\"]}]},{\"@type\":\"ImageObject\",\"inLanguage\":\"fr-FR\",\"@id\":\"https:\\\/\\\/dispear-records.com\\\/index.php\\\/aho-zakil-konekxion\\\/#primaryimage\",\"url\":\"https:\\\/\\\/dispear-records.com\\\/wp-content\\\/uploads\\\/2024\\\/01\\\/WhatsApp-Image-2024-01-22-at-18.30.01.jpeg\",\"contentUrl\":\"https:\\\/\\\/dispear-records.com\\\/wp-content\\\/uploads\\\/2024\\\/01\\\/WhatsApp-Image-2024-01-22-at-18.30.01.jpeg\",\"width\":1000,\"height\":624},{\"@type\":\"BreadcrumbList\",\"@id\":\"https:\\\/\\\/dispear-records.com\\\/index.php\\\/aho-zakil-konekxion\\\/#breadcrumb\",\"itemListElement\":[{\"@type\":\"ListItem\",\"position\":1,\"name\":\"Accueil\",\"item\":\"https:\\\/\\\/dispear-records.com\\\/\"},{\"@type\":\"ListItem\",\"position\":2,\"name\":\"Aho Zakil Konekxion\"}]},{\"@type\":\"WebSite\",\"@id\":\"https:\\\/\\\/dispear-records.com\\\/#website\",\"url\":\"https:\\\/\\\/dispear-records.com\\\/\",\"name\":\"Dispear Records\",\"description\":\"DIY punk &amp; hardcore label\",\"publisher\":{\"@id\":\"https:\\\/\\\/dispear-records.com\\\/#organization\"},\"potentialAction\":[{\"@type\":\"SearchAction\",\"target\":{\"@type\":\"EntryPoint\",\"urlTemplate\":\"https:\\\/\\\/dispear-records.com\\\/?s={search_term_string}\"},\"query-input\":{\"@type\":\"PropertyValueSpecification\",\"valueRequired\":true,\"valueName\":\"search_term_string\"}}],\"inLanguage\":\"fr-FR\"},{\"@type\":\"Organization\",\"@id\":\"https:\\\/\\\/dispear-records.com\\\/#organization\",\"name\":\"Dispear Records\",\"url\":\"https:\\\/\\\/dispear-records.com\\\/\",\"logo\":{\"@type\":\"ImageObject\",\"inLanguage\":\"fr-FR\",\"@id\":\"https:\\\/\\\/dispear-records.com\\\/#\\\/schema\\\/logo\\\/image\\\/\",\"url\":\"https:\\\/\\\/dispear-records.com\\\/wp-content\\\/uploads\\\/2021\\\/06\\\/cropped-cropped-dispear.png\",\"contentUrl\":\"https:\\\/\\\/dispear-records.com\\\/wp-content\\\/uploads\\\/2021\\\/06\\\/cropped-cropped-dispear.png\",\"width\":2592,\"height\":709,\"caption\":\"Dispear Records\"},\"image\":{\"@id\":\"https:\\\/\\\/dispear-records.com\\\/#\\\/schema\\\/logo\\\/image\\\/\"}}]}<\/script>\n<!-- \/ Yoast SEO plugin. -->","yoast_head_json":{"title":"Aho Zakil Konekxion - Dispear Records","description":"Du punk rock euskaldun d'Iparralde qui tabasse en live, c'est Aho Zakil Konekxion ! Premier EP : Kisulabe, dispo en k7 chez Dispear !","robots":{"index":"index","follow":"follow","max-snippet":"max-snippet:-1","max-image-preview":"max-image-preview:large","max-video-preview":"max-video-preview:-1"},"canonical":"https:\/\/dispear-records.com\/index.php\/aho-zakil-konekxion\/","og_locale":"fr_FR","og_type":"article","og_title":"Aho Zakil Konekxion - Dispear Records","og_description":"Du punk rock euskaldun d'Iparralde qui tabasse en live, c'est Aho Zakil Konekxion ! Premier EP : Kisulabe, dispo en k7 chez Dispear !","og_url":"https:\/\/dispear-records.com\/index.php\/aho-zakil-konekxion\/","og_site_name":"Dispear Records","article_modified_time":"2025-03-12T10:39:29+00:00","og_image":[{"width":1000,"height":624,"url":"https:\/\/dispear-records.com\/wp-content\/uploads\/2024\/01\/WhatsApp-Image-2024-01-22-at-18.30.01.jpeg","type":"image\/jpeg"}],"twitter_card":"summary_large_image","twitter_misc":{"Dur\u00e9e de lecture estim\u00e9e":"2 minutes"},"schema":{"@context":"https:\/\/schema.org","@graph":[{"@type":"WebPage","@id":"https:\/\/dispear-records.com\/index.php\/aho-zakil-konekxion\/","url":"https:\/\/dispear-records.com\/index.php\/aho-zakil-konekxion\/","name":"Aho Zakil Konekxion - Dispear Records","isPartOf":{"@id":"https:\/\/dispear-records.com\/#website"},"primaryImageOfPage":{"@id":"https:\/\/dispear-records.com\/index.php\/aho-zakil-konekxion\/#primaryimage"},"image":{"@id":"https:\/\/dispear-records.com\/index.php\/aho-zakil-konekxion\/#primaryimage"},"thumbnailUrl":"https:\/\/dispear-records.com\/wp-content\/uploads\/2024\/01\/WhatsApp-Image-2024-01-22-at-18.30.01.jpeg","datePublished":"2024-01-29T08:34:30+00:00","dateModified":"2025-03-12T10:39:29+00:00","description":"Du punk rock euskaldun d'Iparralde qui tabasse en live, c'est Aho Zakil Konekxion ! Premier EP : Kisulabe, dispo en k7 chez Dispear !","breadcrumb":{"@id":"https:\/\/dispear-records.com\/index.php\/aho-zakil-konekxion\/#breadcrumb"},"inLanguage":"fr-FR","potentialAction":[{"@type":"ReadAction","target":["https:\/\/dispear-records.com\/index.php\/aho-zakil-konekxion\/"]}]},{"@type":"ImageObject","inLanguage":"fr-FR","@id":"https:\/\/dispear-records.com\/index.php\/aho-zakil-konekxion\/#primaryimage","url":"https:\/\/dispear-records.com\/wp-content\/uploads\/2024\/01\/WhatsApp-Image-2024-01-22-at-18.30.01.jpeg","contentUrl":"https:\/\/dispear-records.com\/wp-content\/uploads\/2024\/01\/WhatsApp-Image-2024-01-22-at-18.30.01.jpeg","width":1000,"height":624},{"@type":"BreadcrumbList","@id":"https:\/\/dispear-records.com\/index.php\/aho-zakil-konekxion\/#breadcrumb","itemListElement":[{"@type":"ListItem","position":1,"name":"Accueil","item":"https:\/\/dispear-records.com\/"},{"@type":"ListItem","position":2,"name":"Aho Zakil Konekxion"}]},{"@type":"WebSite","@id":"https:\/\/dispear-records.com\/#website","url":"https:\/\/dispear-records.com\/","name":"Dispear Records","description":"DIY punk &amp; hardcore label","publisher":{"@id":"https:\/\/dispear-records.com\/#organization"},"potentialAction":[{"@type":"SearchAction","target":{"@type":"EntryPoint","urlTemplate":"https:\/\/dispear-records.com\/?s={search_term_string}"},"query-input":{"@type":"PropertyValueSpecification","valueRequired":true,"valueName":"search_term_string"}}],"inLanguage":"fr-FR"},{"@type":"Organization","@id":"https:\/\/dispear-records.com\/#organization","name":"Dispear Records","url":"https:\/\/dispear-records.com\/","logo":{"@type":"ImageObject","inLanguage":"fr-FR","@id":"https:\/\/dispear-records.com\/#\/schema\/logo\/image\/","url":"https:\/\/dispear-records.com\/wp-content\/uploads\/2021\/06\/cropped-cropped-dispear.png","contentUrl":"https:\/\/dispear-records.com\/wp-content\/uploads\/2021\/06\/cropped-cropped-dispear.png","width":2592,"height":709,"caption":"Dispear Records"},"image":{"@id":"https:\/\/dispear-records.com\/#\/schema\/logo\/image\/"}}]}},"_links":{"self":[{"href":"https:\/\/dispear-records.com\/index.php\/wp-json\/wp\/v2\/pages\/649","targetHints":{"allow":["GET"]}}],"collection":[{"href":"https:\/\/dispear-records.com\/index.php\/wp-json\/wp\/v2\/pages"}],"about":[{"href":"https:\/\/dispear-records.com\/index.php\/wp-json\/wp\/v2\/types\/page"}],"author":[{"embeddable":true,"href":"https:\/\/dispear-records.com\/index.php\/wp-json\/wp\/v2\/users\/1"}],"replies":[{"embeddable":true,"href":"https:\/\/dispear-records.com\/index.php\/wp-json\/wp\/v2\/comments?post=649"}],"version-history":[{"count":6,"href":"https:\/\/dispear-records.com\/index.php\/wp-json\/wp\/v2\/pages\/649\/revisions"}],"predecessor-version":[{"id":910,"href":"https:\/\/dispear-records.com\/index.php\/wp-json\/wp\/v2\/pages\/649\/revisions\/910"}],"wp:attachment":[{"href":"https:\/\/dispear-records.com\/index.php\/wp-json\/wp\/v2\/media?parent=649"}],"curies":[{"name":"wp","href":"https:\/\/api.w.org\/{rel}","templated":true}]}}