{"id":717,"date":"2024-04-10T15:49:35","date_gmt":"2024-04-10T13:49:35","guid":{"rendered":"https:\/\/dispear-records.com\/?page_id=717"},"modified":"2025-07-25T12:04:31","modified_gmt":"2025-07-25T10:04:31","slug":"cold-stress","status":"publish","type":"page","link":"https:\/\/dispear-records.com\/index.php\/cold-stress\/","title":{"rendered":"Cold Stress"},"content":{"rendered":"<div class=\"wp-block-image\">\n<figure class=\"aligncenter size-large\"><img loading=\"lazy\" decoding=\"async\" width=\"1024\" height=\"768\" src=\"https:\/\/dispear-records.com\/wp-content\/uploads\/2025\/07\/gimpression-140-1024x768.jpg\" alt=\"\" class=\"wp-image-1060\" srcset=\"https:\/\/dispear-records.com\/wp-content\/uploads\/2025\/07\/gimpression-140-1024x768.jpg 1024w, https:\/\/dispear-records.com\/wp-content\/uploads\/2025\/07\/gimpression-140-300x225.jpg 300w, https:\/\/dispear-records.com\/wp-content\/uploads\/2025\/07\/gimpression-140-768x576.jpg 768w, https:\/\/dispear-records.com\/wp-content\/uploads\/2025\/07\/gimpression-140-416x312.jpg 416w, https:\/\/dispear-records.com\/wp-content\/uploads\/2025\/07\/gimpression-140.jpg 1500w\" sizes=\"auto, (max-width: 1024px) 100vw, 1024px\" \/><\/figure>\n<\/div>\n\n\n<p>Si tu fr\u00e9quentes les sc\u00e8nes du Sud Landes et du Pays Basque, ce nom ne devrait pas t\u2019\u00eatre inconnu. Form\u00e9 en 2022 entre Hossegor et Bayonne, Cold Stress s\u2019inscrit dans la nouvelle vague hardcore, influenc\u00e9e par des groupes comme Spy, Gel ou Scowl. Tr\u00e8s actif, le groupe ponce les sc\u00e8nes locales et hexagonales. On les a notamment vu \u00e0 l&rsquo;Xtreme Fest ou au Raw Fest. <\/p>\n\n\n\n<p>Apr\u00e8s quelques changements de line up, le groupe sort son premier EP fin 2023, qui aura pour seule forme physique une cassette chez vos serviteurs de la poire. Cet EP repr\u00e9sente la gen\u00e8se du groupe, aux sonorit\u00e9s tr\u00e8s punk. Puis leur premier LP voit le jour \u00e0 l&rsquo;\u00e9t\u00e9 2025, et marque une orientation plus hardcore limite m\u00e9tallique !<\/p>\n\n\n<div data-align-buttons=\"true\" data-block-name=\"woocommerce\/product-category\" data-categories=\"[59]\" data-rows=\"1\" class=\"wc-block-grid wp-block-product-category wp-block-woocommerce-product-category wc-block-product-category has-3-columns has-aligned-buttons\"><ul class=\"wc-block-grid__products\"><li class=\"wc-block-grid__product\">\n\t\t\t\t<a href=\"https:\/\/dispear-records.com\/index.php\/produit\/vinyle-cold-stress-realistic\/\" class=\"wc-block-grid__product-link\">\n\t\t\t\t\t\n\t\t\t\t\t<div class=\"wc-block-grid__product-image\"><img loading=\"lazy\" decoding=\"async\" width=\"324\" height=\"324\" src=\"https:\/\/dispear-records.com\/wp-content\/uploads\/2025\/07\/IMG_3643-carre-324x324.jpg\" class=\"attachment-woocommerce_thumbnail size-woocommerce_thumbnail\" alt=\"[Vinyle] Cold Stress - Realistic\" srcset=\"https:\/\/dispear-records.com\/wp-content\/uploads\/2025\/07\/IMG_3643-carre-324x324.jpg 324w, https:\/\/dispear-records.com\/wp-content\/uploads\/2025\/07\/IMG_3643-carre-300x300.jpg 300w, https:\/\/dispear-records.com\/wp-content\/uploads\/2025\/07\/IMG_3643-carre-150x150.jpg 150w, https:\/\/dispear-records.com\/wp-content\/uploads\/2025\/07\/IMG_3643-carre-768x768.jpg 768w, https:\/\/dispear-records.com\/wp-content\/uploads\/2025\/07\/IMG_3643-carre-416x416.jpg 416w, https:\/\/dispear-records.com\/wp-content\/uploads\/2025\/07\/IMG_3643-carre-100x100.jpg 100w, https:\/\/dispear-records.com\/wp-content\/uploads\/2025\/07\/IMG_3643-carre.jpg 800w\" sizes=\"auto, (max-width: 324px) 100vw, 324px\" \/><\/div>\n\t\t\t\t\t<div class=\"wc-block-grid__product-title\">[Vinyle] Cold Stress &#8211; Realistic<\/div>\n\t\t\t\t<\/a>\n\t\t\t\t<div class=\"wc-block-grid__product-price price\"><span class=\"woocommerce-Price-amount amount\" aria-hidden=\"true\">15,00<span class=\"woocommerce-Price-currencySymbol\">&euro;<\/span><\/span> <span aria-hidden=\"true\">\u00a0\u2013\u00a0<\/span> <span class=\"woocommerce-Price-amount amount\" aria-hidden=\"true\">17,00<span class=\"woocommerce-Price-currencySymbol\">&euro;<\/span><\/span><span class=\"screen-reader-text\">Plage de prix\u00a0: 15,00&euro; \u00e0 17,00&euro;<\/span><\/div>\n\t\t\t\t\n\t\t\t\t<div class=\"wp-block-button wc-block-grid__product-add-to-cart\"><a href=\"https:\/\/dispear-records.com\/index.php\/produit\/vinyle-cold-stress-realistic\/\" aria-label=\"S\u00e9lectionner les options pour &ldquo;[Vinyle] Cold Stress - Realistic&rdquo;\" data-quantity=\"1\" data-product_id=\"1069\" data-product_sku=\"DSPR25040v\" data-price=\"15\" rel=\"nofollow\" class=\"wp-block-button__link  add_to_cart_button\">Choix des options<\/a><\/div>\n\t\t\t<\/li><li class=\"wc-block-grid__product\">\n\t\t\t\t<a href=\"https:\/\/dispear-records.com\/index.php\/produit\/cassette-cold-stress-realistic\/\" class=\"wc-block-grid__product-link\">\n\t\t\t\t\t\n\t\t\t\t\t<div class=\"wc-block-grid__product-image\"><img loading=\"lazy\" decoding=\"async\" width=\"324\" height=\"324\" src=\"https:\/\/dispear-records.com\/wp-content\/uploads\/2025\/07\/IMG_3463-carre-1-324x324.jpg\" class=\"attachment-woocommerce_thumbnail size-woocommerce_thumbnail\" alt=\"[Cassette] Cold Stress - Realistic\" srcset=\"https:\/\/dispear-records.com\/wp-content\/uploads\/2025\/07\/IMG_3463-carre-1-324x324.jpg 324w, https:\/\/dispear-records.com\/wp-content\/uploads\/2025\/07\/IMG_3463-carre-1-300x300.jpg 300w, https:\/\/dispear-records.com\/wp-content\/uploads\/2025\/07\/IMG_3463-carre-1-150x150.jpg 150w, https:\/\/dispear-records.com\/wp-content\/uploads\/2025\/07\/IMG_3463-carre-1-768x768.jpg 768w, https:\/\/dispear-records.com\/wp-content\/uploads\/2025\/07\/IMG_3463-carre-1-416x416.jpg 416w, https:\/\/dispear-records.com\/wp-content\/uploads\/2025\/07\/IMG_3463-carre-1-100x100.jpg 100w, https:\/\/dispear-records.com\/wp-content\/uploads\/2025\/07\/IMG_3463-carre-1.jpg 800w\" sizes=\"auto, (max-width: 324px) 100vw, 324px\" \/><\/div>\n\t\t\t\t\t<div class=\"wc-block-grid__product-title\">[Cassette] Cold Stress &#8211; Realistic<\/div>\n\t\t\t\t<\/a>\n\t\t\t\t<div class=\"wc-block-grid__product-price price\"><span class=\"woocommerce-Price-amount amount\">7,00<span class=\"woocommerce-Price-currencySymbol\">&euro;<\/span><\/span><\/div>\n\t\t\t\t\n\t\t\t\t<div class=\"wp-block-button wc-block-grid__product-add-to-cart\"><a href=\"\/index.php\/wp-json\/wp\/v2\/pages\/717?add-to-cart=1062\" aria-label=\"Ajouter au panier\u00a0: &ldquo;[Cassette] Cold Stress - Realistic&rdquo;\" data-quantity=\"1\" data-product_id=\"1062\" data-product_sku=\"DSPR25040\" data-price=\"7\" rel=\"nofollow\" class=\"wp-block-button__link  add_to_cart_button ajax_add_to_cart\">Ajouter au panier<\/a><\/div>\n\t\t\t<\/li><li class=\"wc-block-grid__product\">\n\t\t\t\t<a href=\"https:\/\/dispear-records.com\/index.php\/produit\/cassette-cold-stress-s-t\/\" class=\"wc-block-grid__product-link\">\n\t\t\t\t\t\n\t\t\t\t\t<div class=\"wc-block-grid__product-image\"><img loading=\"lazy\" decoding=\"async\" width=\"324\" height=\"324\" src=\"https:\/\/dispear-records.com\/wp-content\/uploads\/2024\/04\/IMG_1096-800-324x324.jpg\" class=\"attachment-woocommerce_thumbnail size-woocommerce_thumbnail\" alt=\"SOLD OUT - [Cassette] Cold Stress - s\/t\" srcset=\"https:\/\/dispear-records.com\/wp-content\/uploads\/2024\/04\/IMG_1096-800-324x324.jpg 324w, https:\/\/dispear-records.com\/wp-content\/uploads\/2024\/04\/IMG_1096-800-300x300.jpg 300w, https:\/\/dispear-records.com\/wp-content\/uploads\/2024\/04\/IMG_1096-800-150x150.jpg 150w, https:\/\/dispear-records.com\/wp-content\/uploads\/2024\/04\/IMG_1096-800-768x768.jpg 768w, https:\/\/dispear-records.com\/wp-content\/uploads\/2024\/04\/IMG_1096-800-416x416.jpg 416w, https:\/\/dispear-records.com\/wp-content\/uploads\/2024\/04\/IMG_1096-800-100x100.jpg 100w, https:\/\/dispear-records.com\/wp-content\/uploads\/2024\/04\/IMG_1096-800.jpg 800w\" sizes=\"auto, (max-width: 324px) 100vw, 324px\" \/><\/div>\n\t\t\t\t\t<div class=\"wc-block-grid__product-title\">SOLD OUT &#8211; [Cassette] Cold Stress &#8211; s\/t<\/div>\n\t\t\t\t<\/a>\n\t\t\t\t<div class=\"wc-block-grid__product-price price\"><span class=\"woocommerce-Price-amount amount\">7,00<span class=\"woocommerce-Price-currencySymbol\">&euro;<\/span><\/span><\/div>\n\t\t\t\t\n\t\t\t\t<div class=\"wp-block-button wc-block-grid__product-add-to-cart\"><a href=\"https:\/\/dispear-records.com\/index.php\/produit\/cassette-cold-stress-s-t\/\" aria-label=\"En savoir plus sur &ldquo;SOLD OUT - [Cassette] Cold Stress - s\/t&rdquo;\" data-quantity=\"1\" data-product_id=\"712\" data-product_sku=\"DSPR24025\" data-price=\"7\" rel=\"nofollow\" class=\"wp-block-button__link  add_to_cart_button\">Lire la suite<\/a><\/div>\n\t\t\t<\/li><\/ul><\/div>\n\n\n<div class=\"wp-block-columns is-layout-flex wp-container-core-columns-is-layout-28f84493 wp-block-columns-is-layout-flex\">\n<div class=\"wp-block-column is-layout-flow wp-block-column-is-layout-flow\">\n<iframe data-testid=\"embed-iframe\" style=\"border-radius:12px\" src=\"https:\/\/open.spotify.com\/embed\/album\/2Q4DDGqhz3bzLtHVMVGolg?utm_source=generator&#038;theme=0\" width=\"100%\" height=\"352\" frameBorder=\"0\" allowfullscreen=\"\" allow=\"autoplay; clipboard-write; encrypted-media; fullscreen; picture-in-picture\" loading=\"lazy\"><\/iframe>\n<\/div>\n\n\n\n<div class=\"wp-block-column is-layout-flow wp-block-column-is-layout-flow\">\n<center><iframe style=\"border: 0; width: 400px; height: 307px;\" src=\"https:\/\/bandcamp.com\/EmbeddedPlayer\/album=259374022\/size=large\/bgcol=ffffff\/linkcol=333333\/artwork=small\/transparent=true\/\" seamless><a href=\"https:\/\/coldstress.bandcamp.com\/album\/cold-stress\">Cold Stress de Cold Stress<\/a><\/iframe><\/center>\n<\/div>\n<\/div>\n","protected":false},"excerpt":{"rendered":"<p>Si tu fr\u00e9quentes les sc\u00e8nes du Sud Landes et du Pays Basque, ce nom ne devrait pas t\u2019\u00eatre inconnu. Form\u00e9 en 2022 entre Hossegor et Bayonne, Cold Stress s\u2019inscrit dans la nouvelle vague hardcore, influenc\u00e9e par des groupes comme Spy, Gel ou Scowl. Tr\u00e8s actif, le groupe ponce les sc\u00e8nes locales et hexagonales. On les [&hellip;]<\/p>\n","protected":false},"author":1,"featured_media":0,"parent":0,"menu_order":0,"comment_status":"closed","ping_status":"closed","template":"","meta":{"footnotes":""},"class_list":["post-717","page","type-page","status-publish","hentry"],"yoast_head":"<!-- This site is optimized with the Yoast SEO plugin v27.5 - https:\/\/yoast.com\/product\/yoast-seo-wordpress\/ -->\n<title>Cold Stress - Dispear Records<\/title>\n<meta name=\"description\" content=\"Form\u00e9 en 2022 entre Bayonne et Hossegor, Cold Stress fait partie de la nouvelle vague du punk hardcore, DIY et brutal !\" \/>\n<meta name=\"robots\" content=\"index, follow, max-snippet:-1, max-image-preview:large, max-video-preview:-1\" \/>\n<link rel=\"canonical\" href=\"https:\/\/dispear-records.com\/index.php\/cold-stress\/\" \/>\n<meta property=\"og:locale\" content=\"fr_FR\" \/>\n<meta property=\"og:type\" content=\"article\" \/>\n<meta property=\"og:title\" content=\"Cold Stress - Dispear Records\" \/>\n<meta property=\"og:description\" content=\"Form\u00e9 en 2022 entre Bayonne et Hossegor, Cold Stress fait partie de la nouvelle vague du punk hardcore, DIY et brutal !\" \/>\n<meta property=\"og:url\" content=\"https:\/\/dispear-records.com\/index.php\/cold-stress\/\" \/>\n<meta property=\"og:site_name\" content=\"Dispear Records\" \/>\n<meta property=\"article:modified_time\" content=\"2025-07-25T10:04:31+00:00\" \/>\n<meta property=\"og:image\" content=\"https:\/\/dispear-records.com\/wp-content\/uploads\/2025\/07\/gimpression-140.jpg\" \/>\n\t<meta property=\"og:image:width\" content=\"1500\" \/>\n\t<meta property=\"og:image:height\" content=\"1125\" \/>\n\t<meta property=\"og:image:type\" content=\"image\/jpeg\" \/>\n<meta name=\"twitter:card\" content=\"summary_large_image\" \/>\n<meta name=\"twitter:label1\" content=\"Dur\u00e9e de lecture estim\u00e9e\" \/>\n\t<meta name=\"twitter:data1\" content=\"1 minute\" \/>\n<script type=\"application\/ld+json\" class=\"yoast-schema-graph\">{\"@context\":\"https:\\\/\\\/schema.org\",\"@graph\":[{\"@type\":\"WebPage\",\"@id\":\"https:\\\/\\\/dispear-records.com\\\/index.php\\\/cold-stress\\\/\",\"url\":\"https:\\\/\\\/dispear-records.com\\\/index.php\\\/cold-stress\\\/\",\"name\":\"Cold Stress - Dispear Records\",\"isPartOf\":{\"@id\":\"https:\\\/\\\/dispear-records.com\\\/#website\"},\"primaryImageOfPage\":{\"@id\":\"https:\\\/\\\/dispear-records.com\\\/index.php\\\/cold-stress\\\/#primaryimage\"},\"image\":{\"@id\":\"https:\\\/\\\/dispear-records.com\\\/index.php\\\/cold-stress\\\/#primaryimage\"},\"thumbnailUrl\":\"https:\\\/\\\/dispear-records.com\\\/wp-content\\\/uploads\\\/2025\\\/07\\\/gimpression-140-1024x768.jpg\",\"datePublished\":\"2024-04-10T13:49:35+00:00\",\"dateModified\":\"2025-07-25T10:04:31+00:00\",\"description\":\"Form\u00e9 en 2022 entre Bayonne et Hossegor, Cold Stress fait partie de la nouvelle vague du punk hardcore, DIY et brutal !\",\"breadcrumb\":{\"@id\":\"https:\\\/\\\/dispear-records.com\\\/index.php\\\/cold-stress\\\/#breadcrumb\"},\"inLanguage\":\"fr-FR\",\"potentialAction\":[{\"@type\":\"ReadAction\",\"target\":[\"https:\\\/\\\/dispear-records.com\\\/index.php\\\/cold-stress\\\/\"]}]},{\"@type\":\"ImageObject\",\"inLanguage\":\"fr-FR\",\"@id\":\"https:\\\/\\\/dispear-records.com\\\/index.php\\\/cold-stress\\\/#primaryimage\",\"url\":\"https:\\\/\\\/dispear-records.com\\\/wp-content\\\/uploads\\\/2025\\\/07\\\/gimpression-140.jpg\",\"contentUrl\":\"https:\\\/\\\/dispear-records.com\\\/wp-content\\\/uploads\\\/2025\\\/07\\\/gimpression-140.jpg\",\"width\":1500,\"height\":1125},{\"@type\":\"BreadcrumbList\",\"@id\":\"https:\\\/\\\/dispear-records.com\\\/index.php\\\/cold-stress\\\/#breadcrumb\",\"itemListElement\":[{\"@type\":\"ListItem\",\"position\":1,\"name\":\"Accueil\",\"item\":\"https:\\\/\\\/dispear-records.com\\\/\"},{\"@type\":\"ListItem\",\"position\":2,\"name\":\"Cold Stress\"}]},{\"@type\":\"WebSite\",\"@id\":\"https:\\\/\\\/dispear-records.com\\\/#website\",\"url\":\"https:\\\/\\\/dispear-records.com\\\/\",\"name\":\"Dispear Records\",\"description\":\"DIY punk &amp; hardcore label\",\"publisher\":{\"@id\":\"https:\\\/\\\/dispear-records.com\\\/#organization\"},\"potentialAction\":[{\"@type\":\"SearchAction\",\"target\":{\"@type\":\"EntryPoint\",\"urlTemplate\":\"https:\\\/\\\/dispear-records.com\\\/?s={search_term_string}\"},\"query-input\":{\"@type\":\"PropertyValueSpecification\",\"valueRequired\":true,\"valueName\":\"search_term_string\"}}],\"inLanguage\":\"fr-FR\"},{\"@type\":\"Organization\",\"@id\":\"https:\\\/\\\/dispear-records.com\\\/#organization\",\"name\":\"Dispear Records\",\"url\":\"https:\\\/\\\/dispear-records.com\\\/\",\"logo\":{\"@type\":\"ImageObject\",\"inLanguage\":\"fr-FR\",\"@id\":\"https:\\\/\\\/dispear-records.com\\\/#\\\/schema\\\/logo\\\/image\\\/\",\"url\":\"https:\\\/\\\/dispear-records.com\\\/wp-content\\\/uploads\\\/2021\\\/06\\\/cropped-cropped-dispear.png\",\"contentUrl\":\"https:\\\/\\\/dispear-records.com\\\/wp-content\\\/uploads\\\/2021\\\/06\\\/cropped-cropped-dispear.png\",\"width\":2592,\"height\":709,\"caption\":\"Dispear Records\"},\"image\":{\"@id\":\"https:\\\/\\\/dispear-records.com\\\/#\\\/schema\\\/logo\\\/image\\\/\"}}]}<\/script>\n<!-- \/ Yoast SEO plugin. -->","yoast_head_json":{"title":"Cold Stress - Dispear Records","description":"Form\u00e9 en 2022 entre Bayonne et Hossegor, Cold Stress fait partie de la nouvelle vague du punk hardcore, DIY et brutal !","robots":{"index":"index","follow":"follow","max-snippet":"max-snippet:-1","max-image-preview":"max-image-preview:large","max-video-preview":"max-video-preview:-1"},"canonical":"https:\/\/dispear-records.com\/index.php\/cold-stress\/","og_locale":"fr_FR","og_type":"article","og_title":"Cold Stress - Dispear Records","og_description":"Form\u00e9 en 2022 entre Bayonne et Hossegor, Cold Stress fait partie de la nouvelle vague du punk hardcore, DIY et brutal !","og_url":"https:\/\/dispear-records.com\/index.php\/cold-stress\/","og_site_name":"Dispear Records","article_modified_time":"2025-07-25T10:04:31+00:00","og_image":[{"width":1500,"height":1125,"url":"https:\/\/dispear-records.com\/wp-content\/uploads\/2025\/07\/gimpression-140.jpg","type":"image\/jpeg"}],"twitter_card":"summary_large_image","twitter_misc":{"Dur\u00e9e de lecture estim\u00e9e":"1 minute"},"schema":{"@context":"https:\/\/schema.org","@graph":[{"@type":"WebPage","@id":"https:\/\/dispear-records.com\/index.php\/cold-stress\/","url":"https:\/\/dispear-records.com\/index.php\/cold-stress\/","name":"Cold Stress - Dispear Records","isPartOf":{"@id":"https:\/\/dispear-records.com\/#website"},"primaryImageOfPage":{"@id":"https:\/\/dispear-records.com\/index.php\/cold-stress\/#primaryimage"},"image":{"@id":"https:\/\/dispear-records.com\/index.php\/cold-stress\/#primaryimage"},"thumbnailUrl":"https:\/\/dispear-records.com\/wp-content\/uploads\/2025\/07\/gimpression-140-1024x768.jpg","datePublished":"2024-04-10T13:49:35+00:00","dateModified":"2025-07-25T10:04:31+00:00","description":"Form\u00e9 en 2022 entre Bayonne et Hossegor, Cold Stress fait partie de la nouvelle vague du punk hardcore, DIY et brutal !","breadcrumb":{"@id":"https:\/\/dispear-records.com\/index.php\/cold-stress\/#breadcrumb"},"inLanguage":"fr-FR","potentialAction":[{"@type":"ReadAction","target":["https:\/\/dispear-records.com\/index.php\/cold-stress\/"]}]},{"@type":"ImageObject","inLanguage":"fr-FR","@id":"https:\/\/dispear-records.com\/index.php\/cold-stress\/#primaryimage","url":"https:\/\/dispear-records.com\/wp-content\/uploads\/2025\/07\/gimpression-140.jpg","contentUrl":"https:\/\/dispear-records.com\/wp-content\/uploads\/2025\/07\/gimpression-140.jpg","width":1500,"height":1125},{"@type":"BreadcrumbList","@id":"https:\/\/dispear-records.com\/index.php\/cold-stress\/#breadcrumb","itemListElement":[{"@type":"ListItem","position":1,"name":"Accueil","item":"https:\/\/dispear-records.com\/"},{"@type":"ListItem","position":2,"name":"Cold Stress"}]},{"@type":"WebSite","@id":"https:\/\/dispear-records.com\/#website","url":"https:\/\/dispear-records.com\/","name":"Dispear Records","description":"DIY punk &amp; hardcore label","publisher":{"@id":"https:\/\/dispear-records.com\/#organization"},"potentialAction":[{"@type":"SearchAction","target":{"@type":"EntryPoint","urlTemplate":"https:\/\/dispear-records.com\/?s={search_term_string}"},"query-input":{"@type":"PropertyValueSpecification","valueRequired":true,"valueName":"search_term_string"}}],"inLanguage":"fr-FR"},{"@type":"Organization","@id":"https:\/\/dispear-records.com\/#organization","name":"Dispear Records","url":"https:\/\/dispear-records.com\/","logo":{"@type":"ImageObject","inLanguage":"fr-FR","@id":"https:\/\/dispear-records.com\/#\/schema\/logo\/image\/","url":"https:\/\/dispear-records.com\/wp-content\/uploads\/2021\/06\/cropped-cropped-dispear.png","contentUrl":"https:\/\/dispear-records.com\/wp-content\/uploads\/2021\/06\/cropped-cropped-dispear.png","width":2592,"height":709,"caption":"Dispear Records"},"image":{"@id":"https:\/\/dispear-records.com\/#\/schema\/logo\/image\/"}}]}},"_links":{"self":[{"href":"https:\/\/dispear-records.com\/index.php\/wp-json\/wp\/v2\/pages\/717","targetHints":{"allow":["GET"]}}],"collection":[{"href":"https:\/\/dispear-records.com\/index.php\/wp-json\/wp\/v2\/pages"}],"about":[{"href":"https:\/\/dispear-records.com\/index.php\/wp-json\/wp\/v2\/types\/page"}],"author":[{"embeddable":true,"href":"https:\/\/dispear-records.com\/index.php\/wp-json\/wp\/v2\/users\/1"}],"replies":[{"embeddable":true,"href":"https:\/\/dispear-records.com\/index.php\/wp-json\/wp\/v2\/comments?post=717"}],"version-history":[{"count":8,"href":"https:\/\/dispear-records.com\/index.php\/wp-json\/wp\/v2\/pages\/717\/revisions"}],"predecessor-version":[{"id":1084,"href":"https:\/\/dispear-records.com\/index.php\/wp-json\/wp\/v2\/pages\/717\/revisions\/1084"}],"wp:attachment":[{"href":"https:\/\/dispear-records.com\/index.php\/wp-json\/wp\/v2\/media?parent=717"}],"curies":[{"name":"wp","href":"https:\/\/api.w.org\/{rel}","templated":true}]}}