{"id":956,"date":"2025-03-22T14:09:09","date_gmt":"2025-03-22T13:09:09","guid":{"rendered":"https:\/\/dispear-records.com\/?page_id=956"},"modified":"2025-06-11T13:35:47","modified_gmt":"2025-06-11T11:35:47","slug":"jodie-faster-lille-fastcore-punk","status":"publish","type":"page","link":"https:\/\/dispear-records.com\/index.php\/jodie-faster-lille-fastcore-punk\/","title":{"rendered":"Jodie Faster"},"content":{"rendered":"<div class=\"wp-block-image\">\n<figure class=\"aligncenter size-full\"><img loading=\"lazy\" decoding=\"async\" width=\"600\" height=\"359\" src=\"https:\/\/dispear-records.com\/wp-content\/uploads\/2025\/03\/jf.jpg\" alt=\"\" class=\"wp-image-957\" srcset=\"https:\/\/dispear-records.com\/wp-content\/uploads\/2025\/03\/jf.jpg 600w, https:\/\/dispear-records.com\/wp-content\/uploads\/2025\/03\/jf-300x180.jpg 300w, https:\/\/dispear-records.com\/wp-content\/uploads\/2025\/03\/jf-416x249.jpg 416w\" sizes=\"auto, (max-width: 600px) 100vw, 600px\" \/><\/figure>\n<\/div>\n\n\n<p><strong>Jodie Faster<\/strong>, ca vous rappelle quelque chose ? Hormis l\u2019actrice Jodie Foster, ce n&rsquo;est pas sans rappeler aux plus anciens la formation punk hxc am\u00e9ricaine devenue culte : Jodie Foster\u2019s Army ! Et m\u00eame si elle n\u2019est pas revendiqu\u00e9e, la filiation n\u2019est pas si \u00e9loign\u00e9e ! <\/p>\n\n\n\n<p>Jodie Faster vient de (Brook) Lille et joue vite, tr\u00e8s vite, des chansons courtes dans un style alliant punk rock, fastcore et punk hardcore 80\u2019s. Rapidit\u00e9 oblige, on retrouve m\u00eame des touches de powerviolence ! Le son de guitare est tr\u00e8s clair, \u00e0 la limite du son clean : No Gain, Just Pain ! Ce m\u00e9lange des genres est leur marque de fabrique, et le jeu presque fr\u00e9n\u00e9tique devient le support de textes racontant la vie d&rsquo;un groupe sur la route autant que ses engagements politiques.<\/p>\n\n\n\n<p>Le quatuor lillois a sorti fin mars 2025 son dernier album <em>Saint Lundi<\/em> en collab&rsquo; avec plusieurs labels ind\u00e9pendants, dont la poire, qui s&rsquo;occupe bien \u00e9videmment de la version cassette !<\/p>\n\n\n<div data-align-buttons=\"true\" data-block-name=\"woocommerce\/product-category\" data-categories=\"[69]\" data-columns=\"1\" data-rows=\"1\" class=\"wc-block-grid wp-block-product-category wp-block-woocommerce-product-category wc-block-product-category has-1-columns has-aligned-buttons\"><ul class=\"wc-block-grid__products\"><li class=\"wc-block-grid__product\">\n\t\t\t\t<a href=\"https:\/\/dispear-records.com\/index.php\/produit\/cassette-jodie-faster-saint-lundi\/\" class=\"wc-block-grid__product-link\">\n\t\t\t\t\t\n\t\t\t\t\t<div class=\"wc-block-grid__product-image\"><img loading=\"lazy\" decoding=\"async\" width=\"324\" height=\"324\" src=\"https:\/\/dispear-records.com\/wp-content\/uploads\/2025\/03\/k7-jf-carre1-324x324.jpg\" class=\"attachment-woocommerce_thumbnail size-woocommerce_thumbnail\" alt=\"[Cassette] Jodie Faster - Saint Lundi\" srcset=\"https:\/\/dispear-records.com\/wp-content\/uploads\/2025\/03\/k7-jf-carre1-324x324.jpg 324w, https:\/\/dispear-records.com\/wp-content\/uploads\/2025\/03\/k7-jf-carre1-300x300.jpg 300w, https:\/\/dispear-records.com\/wp-content\/uploads\/2025\/03\/k7-jf-carre1-150x150.jpg 150w, https:\/\/dispear-records.com\/wp-content\/uploads\/2025\/03\/k7-jf-carre1-768x768.jpg 768w, https:\/\/dispear-records.com\/wp-content\/uploads\/2025\/03\/k7-jf-carre1-416x416.jpg 416w, https:\/\/dispear-records.com\/wp-content\/uploads\/2025\/03\/k7-jf-carre1-100x100.jpg 100w, https:\/\/dispear-records.com\/wp-content\/uploads\/2025\/03\/k7-jf-carre1.jpg 800w\" sizes=\"auto, (max-width: 324px) 100vw, 324px\" \/><\/div>\n\t\t\t\t\t<div class=\"wc-block-grid__product-title\">[Cassette] Jodie Faster &#8211; Saint Lundi<\/div>\n\t\t\t\t<\/a>\n\t\t\t\t<div class=\"wc-block-grid__product-price price\"><span class=\"woocommerce-Price-amount amount\">6,00<span class=\"woocommerce-Price-currencySymbol\">&euro;<\/span><\/span><\/div>\n\t\t\t\t\n\t\t\t\t<div class=\"wp-block-button wc-block-grid__product-add-to-cart\"><a href=\"\/index.php\/wp-json\/wp\/v2\/pages\/956?add-to-cart=952\" aria-label=\"Ajouter au panier\u00a0: &ldquo;[Cassette] Jodie Faster - Saint Lundi&rdquo;\" data-quantity=\"1\" data-product_id=\"952\" data-product_sku=\"DSPR25035\" data-price=\"6\" rel=\"nofollow\" class=\"wp-block-button__link  add_to_cart_button ajax_add_to_cart\">Ajouter au panier<\/a><\/div>\n\t\t\t<\/li><\/ul><\/div>","protected":false},"excerpt":{"rendered":"<p>Jodie Faster, ca vous rappelle quelque chose ? Hormis l\u2019actrice Jodie Foster, ce n&rsquo;est pas sans rappeler aux plus anciens la formation punk hxc am\u00e9ricaine devenue culte : Jodie Foster\u2019s Army ! Et m\u00eame si elle n\u2019est pas revendiqu\u00e9e, la filiation n\u2019est pas si \u00e9loign\u00e9e ! Jodie Faster vient de (Brook) Lille et joue vite, [&hellip;]<\/p>\n","protected":false},"author":1,"featured_media":0,"parent":0,"menu_order":0,"comment_status":"closed","ping_status":"closed","template":"","meta":{"footnotes":""},"class_list":["post-956","page","type-page","status-publish","hentry"],"yoast_head":"<!-- This site is optimized with the Yoast SEO plugin v27.5 - https:\/\/yoast.com\/product\/yoast-seo-wordpress\/ -->\n<title>Jodie Faster - Dispear Records<\/title>\n<meta name=\"description\" content=\"R\u00e9f\u00e9rences du fastcore au son presque clean, Jodie Faster \u00e9cume l&#039;Europe pour porter la bonne parole du DIY\" \/>\n<meta name=\"robots\" content=\"index, follow, max-snippet:-1, max-image-preview:large, max-video-preview:-1\" \/>\n<link rel=\"canonical\" href=\"https:\/\/dispear-records.com\/index.php\/jodie-faster-lille-fastcore-punk\/\" \/>\n<meta property=\"og:locale\" content=\"fr_FR\" \/>\n<meta property=\"og:type\" content=\"article\" \/>\n<meta property=\"og:title\" content=\"Jodie Faster - Dispear Records\" \/>\n<meta property=\"og:description\" content=\"R\u00e9f\u00e9rences du fastcore au son presque clean, Jodie Faster \u00e9cume l&#039;Europe pour porter la bonne parole du DIY\" \/>\n<meta property=\"og:url\" content=\"https:\/\/dispear-records.com\/index.php\/jodie-faster-lille-fastcore-punk\/\" \/>\n<meta property=\"og:site_name\" content=\"Dispear Records\" \/>\n<meta property=\"article:modified_time\" content=\"2025-06-11T11:35:47+00:00\" \/>\n<meta property=\"og:image\" content=\"https:\/\/dispear-records.com\/wp-content\/uploads\/2025\/03\/jf.jpg\" \/>\n\t<meta property=\"og:image:width\" content=\"600\" \/>\n\t<meta property=\"og:image:height\" content=\"359\" \/>\n\t<meta property=\"og:image:type\" content=\"image\/jpeg\" \/>\n<meta name=\"twitter:card\" content=\"summary_large_image\" \/>\n<meta name=\"twitter:label1\" content=\"Dur\u00e9e de lecture estim\u00e9e\" \/>\n\t<meta name=\"twitter:data1\" content=\"1 minute\" \/>\n<script type=\"application\/ld+json\" class=\"yoast-schema-graph\">{\"@context\":\"https:\\\/\\\/schema.org\",\"@graph\":[{\"@type\":\"WebPage\",\"@id\":\"https:\\\/\\\/dispear-records.com\\\/index.php\\\/jodie-faster-lille-fastcore-punk\\\/\",\"url\":\"https:\\\/\\\/dispear-records.com\\\/index.php\\\/jodie-faster-lille-fastcore-punk\\\/\",\"name\":\"Jodie Faster - Dispear Records\",\"isPartOf\":{\"@id\":\"https:\\\/\\\/dispear-records.com\\\/#website\"},\"primaryImageOfPage\":{\"@id\":\"https:\\\/\\\/dispear-records.com\\\/index.php\\\/jodie-faster-lille-fastcore-punk\\\/#primaryimage\"},\"image\":{\"@id\":\"https:\\\/\\\/dispear-records.com\\\/index.php\\\/jodie-faster-lille-fastcore-punk\\\/#primaryimage\"},\"thumbnailUrl\":\"https:\\\/\\\/dispear-records.com\\\/wp-content\\\/uploads\\\/2025\\\/03\\\/jf.jpg\",\"datePublished\":\"2025-03-22T13:09:09+00:00\",\"dateModified\":\"2025-06-11T11:35:47+00:00\",\"description\":\"R\u00e9f\u00e9rences du fastcore au son presque clean, Jodie Faster \u00e9cume l'Europe pour porter la bonne parole du DIY\",\"breadcrumb\":{\"@id\":\"https:\\\/\\\/dispear-records.com\\\/index.php\\\/jodie-faster-lille-fastcore-punk\\\/#breadcrumb\"},\"inLanguage\":\"fr-FR\",\"potentialAction\":[{\"@type\":\"ReadAction\",\"target\":[\"https:\\\/\\\/dispear-records.com\\\/index.php\\\/jodie-faster-lille-fastcore-punk\\\/\"]}]},{\"@type\":\"ImageObject\",\"inLanguage\":\"fr-FR\",\"@id\":\"https:\\\/\\\/dispear-records.com\\\/index.php\\\/jodie-faster-lille-fastcore-punk\\\/#primaryimage\",\"url\":\"https:\\\/\\\/dispear-records.com\\\/wp-content\\\/uploads\\\/2025\\\/03\\\/jf.jpg\",\"contentUrl\":\"https:\\\/\\\/dispear-records.com\\\/wp-content\\\/uploads\\\/2025\\\/03\\\/jf.jpg\",\"width\":600,\"height\":359},{\"@type\":\"BreadcrumbList\",\"@id\":\"https:\\\/\\\/dispear-records.com\\\/index.php\\\/jodie-faster-lille-fastcore-punk\\\/#breadcrumb\",\"itemListElement\":[{\"@type\":\"ListItem\",\"position\":1,\"name\":\"Accueil\",\"item\":\"https:\\\/\\\/dispear-records.com\\\/\"},{\"@type\":\"ListItem\",\"position\":2,\"name\":\"Jodie Faster\"}]},{\"@type\":\"WebSite\",\"@id\":\"https:\\\/\\\/dispear-records.com\\\/#website\",\"url\":\"https:\\\/\\\/dispear-records.com\\\/\",\"name\":\"Dispear Records\",\"description\":\"DIY punk &amp; hardcore label\",\"publisher\":{\"@id\":\"https:\\\/\\\/dispear-records.com\\\/#organization\"},\"potentialAction\":[{\"@type\":\"SearchAction\",\"target\":{\"@type\":\"EntryPoint\",\"urlTemplate\":\"https:\\\/\\\/dispear-records.com\\\/?s={search_term_string}\"},\"query-input\":{\"@type\":\"PropertyValueSpecification\",\"valueRequired\":true,\"valueName\":\"search_term_string\"}}],\"inLanguage\":\"fr-FR\"},{\"@type\":\"Organization\",\"@id\":\"https:\\\/\\\/dispear-records.com\\\/#organization\",\"name\":\"Dispear Records\",\"url\":\"https:\\\/\\\/dispear-records.com\\\/\",\"logo\":{\"@type\":\"ImageObject\",\"inLanguage\":\"fr-FR\",\"@id\":\"https:\\\/\\\/dispear-records.com\\\/#\\\/schema\\\/logo\\\/image\\\/\",\"url\":\"https:\\\/\\\/dispear-records.com\\\/wp-content\\\/uploads\\\/2021\\\/06\\\/cropped-cropped-dispear.png\",\"contentUrl\":\"https:\\\/\\\/dispear-records.com\\\/wp-content\\\/uploads\\\/2021\\\/06\\\/cropped-cropped-dispear.png\",\"width\":2592,\"height\":709,\"caption\":\"Dispear Records\"},\"image\":{\"@id\":\"https:\\\/\\\/dispear-records.com\\\/#\\\/schema\\\/logo\\\/image\\\/\"}}]}<\/script>\n<!-- \/ Yoast SEO plugin. -->","yoast_head_json":{"title":"Jodie Faster - Dispear Records","description":"R\u00e9f\u00e9rences du fastcore au son presque clean, Jodie Faster \u00e9cume l'Europe pour porter la bonne parole du DIY","robots":{"index":"index","follow":"follow","max-snippet":"max-snippet:-1","max-image-preview":"max-image-preview:large","max-video-preview":"max-video-preview:-1"},"canonical":"https:\/\/dispear-records.com\/index.php\/jodie-faster-lille-fastcore-punk\/","og_locale":"fr_FR","og_type":"article","og_title":"Jodie Faster - Dispear Records","og_description":"R\u00e9f\u00e9rences du fastcore au son presque clean, Jodie Faster \u00e9cume l'Europe pour porter la bonne parole du DIY","og_url":"https:\/\/dispear-records.com\/index.php\/jodie-faster-lille-fastcore-punk\/","og_site_name":"Dispear Records","article_modified_time":"2025-06-11T11:35:47+00:00","og_image":[{"width":600,"height":359,"url":"https:\/\/dispear-records.com\/wp-content\/uploads\/2025\/03\/jf.jpg","type":"image\/jpeg"}],"twitter_card":"summary_large_image","twitter_misc":{"Dur\u00e9e de lecture estim\u00e9e":"1 minute"},"schema":{"@context":"https:\/\/schema.org","@graph":[{"@type":"WebPage","@id":"https:\/\/dispear-records.com\/index.php\/jodie-faster-lille-fastcore-punk\/","url":"https:\/\/dispear-records.com\/index.php\/jodie-faster-lille-fastcore-punk\/","name":"Jodie Faster - Dispear Records","isPartOf":{"@id":"https:\/\/dispear-records.com\/#website"},"primaryImageOfPage":{"@id":"https:\/\/dispear-records.com\/index.php\/jodie-faster-lille-fastcore-punk\/#primaryimage"},"image":{"@id":"https:\/\/dispear-records.com\/index.php\/jodie-faster-lille-fastcore-punk\/#primaryimage"},"thumbnailUrl":"https:\/\/dispear-records.com\/wp-content\/uploads\/2025\/03\/jf.jpg","datePublished":"2025-03-22T13:09:09+00:00","dateModified":"2025-06-11T11:35:47+00:00","description":"R\u00e9f\u00e9rences du fastcore au son presque clean, Jodie Faster \u00e9cume l'Europe pour porter la bonne parole du DIY","breadcrumb":{"@id":"https:\/\/dispear-records.com\/index.php\/jodie-faster-lille-fastcore-punk\/#breadcrumb"},"inLanguage":"fr-FR","potentialAction":[{"@type":"ReadAction","target":["https:\/\/dispear-records.com\/index.php\/jodie-faster-lille-fastcore-punk\/"]}]},{"@type":"ImageObject","inLanguage":"fr-FR","@id":"https:\/\/dispear-records.com\/index.php\/jodie-faster-lille-fastcore-punk\/#primaryimage","url":"https:\/\/dispear-records.com\/wp-content\/uploads\/2025\/03\/jf.jpg","contentUrl":"https:\/\/dispear-records.com\/wp-content\/uploads\/2025\/03\/jf.jpg","width":600,"height":359},{"@type":"BreadcrumbList","@id":"https:\/\/dispear-records.com\/index.php\/jodie-faster-lille-fastcore-punk\/#breadcrumb","itemListElement":[{"@type":"ListItem","position":1,"name":"Accueil","item":"https:\/\/dispear-records.com\/"},{"@type":"ListItem","position":2,"name":"Jodie Faster"}]},{"@type":"WebSite","@id":"https:\/\/dispear-records.com\/#website","url":"https:\/\/dispear-records.com\/","name":"Dispear Records","description":"DIY punk &amp; hardcore label","publisher":{"@id":"https:\/\/dispear-records.com\/#organization"},"potentialAction":[{"@type":"SearchAction","target":{"@type":"EntryPoint","urlTemplate":"https:\/\/dispear-records.com\/?s={search_term_string}"},"query-input":{"@type":"PropertyValueSpecification","valueRequired":true,"valueName":"search_term_string"}}],"inLanguage":"fr-FR"},{"@type":"Organization","@id":"https:\/\/dispear-records.com\/#organization","name":"Dispear Records","url":"https:\/\/dispear-records.com\/","logo":{"@type":"ImageObject","inLanguage":"fr-FR","@id":"https:\/\/dispear-records.com\/#\/schema\/logo\/image\/","url":"https:\/\/dispear-records.com\/wp-content\/uploads\/2021\/06\/cropped-cropped-dispear.png","contentUrl":"https:\/\/dispear-records.com\/wp-content\/uploads\/2021\/06\/cropped-cropped-dispear.png","width":2592,"height":709,"caption":"Dispear Records"},"image":{"@id":"https:\/\/dispear-records.com\/#\/schema\/logo\/image\/"}}]}},"_links":{"self":[{"href":"https:\/\/dispear-records.com\/index.php\/wp-json\/wp\/v2\/pages\/956","targetHints":{"allow":["GET"]}}],"collection":[{"href":"https:\/\/dispear-records.com\/index.php\/wp-json\/wp\/v2\/pages"}],"about":[{"href":"https:\/\/dispear-records.com\/index.php\/wp-json\/wp\/v2\/types\/page"}],"author":[{"embeddable":true,"href":"https:\/\/dispear-records.com\/index.php\/wp-json\/wp\/v2\/users\/1"}],"replies":[{"embeddable":true,"href":"https:\/\/dispear-records.com\/index.php\/wp-json\/wp\/v2\/comments?post=956"}],"version-history":[{"count":1,"href":"https:\/\/dispear-records.com\/index.php\/wp-json\/wp\/v2\/pages\/956\/revisions"}],"predecessor-version":[{"id":958,"href":"https:\/\/dispear-records.com\/index.php\/wp-json\/wp\/v2\/pages\/956\/revisions\/958"}],"wp:attachment":[{"href":"https:\/\/dispear-records.com\/index.php\/wp-json\/wp\/v2\/media?parent=956"}],"curies":[{"name":"wp","href":"https:\/\/api.w.org\/{rel}","templated":true}]}}