{"id":1155,"date":"2025-10-02T21:32:22","date_gmt":"2025-10-02T19:32:22","guid":{"rendered":"https:\/\/dispear-records.com\/?post_type=product&#038;p=1155"},"modified":"2025-12-15T15:00:03","modified_gmt":"2025-12-15T14:00:03","slug":"cassette-we-hungry-2025-so-far","status":"publish","type":"product","link":"https:\/\/dispear-records.com\/index.php\/produit\/cassette-we-hungry-2025-so-far\/","title":{"rendered":"[Cassette] We Hungry &#8211; 2025 so far"},"content":{"rendered":"<p data-start=\"95\" data-end=\"384\">\u201c2025 so far\u201d r\u00e9unit tous les morceaux \u00e9crits et enregistr\u00e9s par We Hungry depuis 2021, avec en bonus quelques in\u00e9dits. Au total : 17 titres taill\u00e9s dans un hardcore punk 80\u2019s \u00e0 forte saveur West Coast (d\u00e9so Biggie Smalls), mais aussi nourris par le punk 77 et le punk m\u00e9lo.<\/p>\n<p data-start=\"386\" data-end=\"720\">En seulement quatre ans d\u2019existence, le power trio parisien a b\u00e2ti un univers coh\u00e9rent, o\u00f9 \u00e9nergie brute et r\u00e9flexions profondes se r\u00e9pondent. Exploration int\u00e9rieure, critique sociale, mais toujours avec cette ouverture optimiste qui leur colle \u00e0 la peau : la Positive Mental Attitude, plus qu\u2019un slogan, leur v\u00e9ritable philosophie.<\/p>\n<p data-start=\"722\" data-end=\"965\">\u201c2025 so far\u201d m\u00e9rite qu\u2019on s\u2019y arr\u00eate, autant pour ses compositions tranchantes que pour la sinc\u00e9rit\u00e9 de son propos. Si tu aimes Descendents, Circle Jerks, Dag Nasty ou simplement le punk rock et le punk hardcore, c\u2019est pour toi.<\/p>\n<p><iframe style=\"border: 0; width: 400px; height: 340px;\" src=\"https:\/\/bandcamp.com\/EmbeddedPlayer\/album=746475614\/size=large\/bgcol=ffffff\/linkcol=333333\/artwork=small\/transparent=true\/\" seamless=\"\"><a href=\"https:\/\/wehungry.bandcamp.com\/album\/all-in-greys-2022\">All in Greys (2022) de We Hungry<\/a><\/iframe><\/p>\n<p><iframe style=\"border: 0; width: 400px; height: 340px;\" src=\"https:\/\/bandcamp.com\/EmbeddedPlayer\/album=2806359005\/size=large\/bgcol=ffffff\/linkcol=333333\/artwork=small\/transparent=true\/\" seamless=\"\"><a href=\"https:\/\/wehungry.bandcamp.com\/album\/the-stars-aligned-2024\">The Stars Aligned (2024) de We Hungry<\/a><\/iframe><\/p>\n","protected":false},"excerpt":{"rendered":"<p><strong>We Hungry &#8211; 2025 So Far<\/strong><br \/>\n2025 \/\/ 17 tracks<br \/>\nHardcore punk rock<br \/>\nParis \/\/ France<\/p>\n","protected":false},"featured_media":1160,"template":"","meta":[],"product_brand":[],"product_cat":[19,78],"product_tag":[23],"class_list":{"0":"post-1155","1":"product","2":"type-product","3":"status-publish","4":"has-post-thumbnail","6":"product_cat-cassettes","7":"product_cat-we-hungry","8":"product_tag-hardcore-punk","10":"first","11":"instock","12":"shipping-taxable","13":"purchasable","14":"product-type-simple"},"yoast_head":"<!-- This site is optimized with the Yoast SEO plugin v27.3 - https:\/\/yoast.com\/product\/yoast-seo-wordpress\/ -->\n<title>[Cassette] We Hungry - 2025 so far<\/title>\n<meta name=\"description\" content=\"\u201c2025 so far\u201d de We Hungry : 17 titres qui mixent l\u2019\u00e9nergie ensoleill\u00e9e du punk californien avec la rugosit\u00e9 du hardcore old school des 80\u2019s\/90\u2019s !\" \/>\n<meta name=\"robots\" content=\"index, follow, max-snippet:-1, max-image-preview:large, max-video-preview:-1\" \/>\n<link rel=\"canonical\" href=\"https:\/\/dispear-records.com\/index.php\/produit\/cassette-we-hungry-2025-so-far\/\" \/>\n<meta property=\"og:locale\" content=\"fr_FR\" \/>\n<meta property=\"og:type\" content=\"article\" \/>\n<meta property=\"og:title\" content=\"[Cassette] We Hungry - 2025 so far\" \/>\n<meta property=\"og:description\" content=\"\u201c2025 so far\u201d de We Hungry : 17 titres qui mixent l\u2019\u00e9nergie ensoleill\u00e9e du punk californien avec la rugosit\u00e9 du hardcore old school des 80\u2019s\/90\u2019s !\" \/>\n<meta property=\"og:url\" content=\"https:\/\/dispear-records.com\/index.php\/produit\/cassette-we-hungry-2025-so-far\/\" \/>\n<meta property=\"og:site_name\" content=\"Dispear Records\" \/>\n<meta property=\"article:modified_time\" content=\"2025-12-15T14:00:03+00:00\" \/>\n<meta property=\"og:image\" content=\"https:\/\/dispear-records.com\/wp-content\/uploads\/2025\/10\/IMG_3857-800.png\" \/>\n\t<meta property=\"og:image:width\" content=\"800\" \/>\n\t<meta property=\"og:image:height\" content=\"800\" \/>\n\t<meta property=\"og:image:type\" content=\"image\/png\" \/>\n<meta name=\"twitter:card\" content=\"summary_large_image\" \/>\n<meta name=\"twitter:label1\" content=\"Dur\u00e9e de lecture estim\u00e9e\" \/>\n\t<meta name=\"twitter:data1\" content=\"1 minute\" \/>\n<script type=\"application\/ld+json\" class=\"yoast-schema-graph\">{\"@context\":\"https:\\\/\\\/schema.org\",\"@graph\":[{\"@type\":\"WebPage\",\"@id\":\"https:\\\/\\\/dispear-records.com\\\/index.php\\\/produit\\\/cassette-we-hungry-2025-so-far\\\/\",\"url\":\"https:\\\/\\\/dispear-records.com\\\/index.php\\\/produit\\\/cassette-we-hungry-2025-so-far\\\/\",\"name\":\"[Cassette] We Hungry - 2025 so far\",\"isPartOf\":{\"@id\":\"https:\\\/\\\/dispear-records.com\\\/#website\"},\"primaryImageOfPage\":{\"@id\":\"https:\\\/\\\/dispear-records.com\\\/index.php\\\/produit\\\/cassette-we-hungry-2025-so-far\\\/#primaryimage\"},\"image\":{\"@id\":\"https:\\\/\\\/dispear-records.com\\\/index.php\\\/produit\\\/cassette-we-hungry-2025-so-far\\\/#primaryimage\"},\"thumbnailUrl\":\"https:\\\/\\\/dispear-records.com\\\/wp-content\\\/uploads\\\/2025\\\/10\\\/IMG_3857-800.png\",\"datePublished\":\"2025-10-02T19:32:22+00:00\",\"dateModified\":\"2025-12-15T14:00:03+00:00\",\"description\":\"\u201c2025 so far\u201d de We Hungry : 17 titres qui mixent l\u2019\u00e9nergie ensoleill\u00e9e du punk californien avec la rugosit\u00e9 du hardcore old school des 80\u2019s\\\/90\u2019s !\",\"breadcrumb\":{\"@id\":\"https:\\\/\\\/dispear-records.com\\\/index.php\\\/produit\\\/cassette-we-hungry-2025-so-far\\\/#breadcrumb\"},\"inLanguage\":\"fr-FR\",\"potentialAction\":[{\"@type\":\"ReadAction\",\"target\":[\"https:\\\/\\\/dispear-records.com\\\/index.php\\\/produit\\\/cassette-we-hungry-2025-so-far\\\/\"]}]},{\"@type\":\"ImageObject\",\"inLanguage\":\"fr-FR\",\"@id\":\"https:\\\/\\\/dispear-records.com\\\/index.php\\\/produit\\\/cassette-we-hungry-2025-so-far\\\/#primaryimage\",\"url\":\"https:\\\/\\\/dispear-records.com\\\/wp-content\\\/uploads\\\/2025\\\/10\\\/IMG_3857-800.png\",\"contentUrl\":\"https:\\\/\\\/dispear-records.com\\\/wp-content\\\/uploads\\\/2025\\\/10\\\/IMG_3857-800.png\",\"width\":800,\"height\":800},{\"@type\":\"BreadcrumbList\",\"@id\":\"https:\\\/\\\/dispear-records.com\\\/index.php\\\/produit\\\/cassette-we-hungry-2025-so-far\\\/#breadcrumb\",\"itemListElement\":[{\"@type\":\"ListItem\",\"position\":1,\"name\":\"Accueil\",\"item\":\"https:\\\/\\\/dispear-records.com\\\/\"},{\"@type\":\"ListItem\",\"position\":2,\"name\":\"Boutique\",\"item\":\"https:\\\/\\\/dispear-records.com\\\/\"},{\"@type\":\"ListItem\",\"position\":3,\"name\":\"[Cassette] We Hungry &#8211; 2025 so far\"}]},{\"@type\":\"WebSite\",\"@id\":\"https:\\\/\\\/dispear-records.com\\\/#website\",\"url\":\"https:\\\/\\\/dispear-records.com\\\/\",\"name\":\"Dispear Records\",\"description\":\"DIY punk &amp; hardcore label\",\"publisher\":{\"@id\":\"https:\\\/\\\/dispear-records.com\\\/#organization\"},\"potentialAction\":[{\"@type\":\"SearchAction\",\"target\":{\"@type\":\"EntryPoint\",\"urlTemplate\":\"https:\\\/\\\/dispear-records.com\\\/?s={search_term_string}\"},\"query-input\":{\"@type\":\"PropertyValueSpecification\",\"valueRequired\":true,\"valueName\":\"search_term_string\"}}],\"inLanguage\":\"fr-FR\"},{\"@type\":\"Organization\",\"@id\":\"https:\\\/\\\/dispear-records.com\\\/#organization\",\"name\":\"Dispear Records\",\"url\":\"https:\\\/\\\/dispear-records.com\\\/\",\"logo\":{\"@type\":\"ImageObject\",\"inLanguage\":\"fr-FR\",\"@id\":\"https:\\\/\\\/dispear-records.com\\\/#\\\/schema\\\/logo\\\/image\\\/\",\"url\":\"https:\\\/\\\/dispear-records.com\\\/wp-content\\\/uploads\\\/2021\\\/06\\\/cropped-cropped-dispear.png\",\"contentUrl\":\"https:\\\/\\\/dispear-records.com\\\/wp-content\\\/uploads\\\/2021\\\/06\\\/cropped-cropped-dispear.png\",\"width\":2592,\"height\":709,\"caption\":\"Dispear Records\"},\"image\":{\"@id\":\"https:\\\/\\\/dispear-records.com\\\/#\\\/schema\\\/logo\\\/image\\\/\"}}]}<\/script>\n<!-- \/ Yoast SEO plugin. -->","yoast_head_json":{"title":"[Cassette] We Hungry - 2025 so far","description":"\u201c2025 so far\u201d de We Hungry : 17 titres qui mixent l\u2019\u00e9nergie ensoleill\u00e9e du punk californien avec la rugosit\u00e9 du hardcore old school des 80\u2019s\/90\u2019s !","robots":{"index":"index","follow":"follow","max-snippet":"max-snippet:-1","max-image-preview":"max-image-preview:large","max-video-preview":"max-video-preview:-1"},"canonical":"https:\/\/dispear-records.com\/index.php\/produit\/cassette-we-hungry-2025-so-far\/","og_locale":"fr_FR","og_type":"article","og_title":"[Cassette] We Hungry - 2025 so far","og_description":"\u201c2025 so far\u201d de We Hungry : 17 titres qui mixent l\u2019\u00e9nergie ensoleill\u00e9e du punk californien avec la rugosit\u00e9 du hardcore old school des 80\u2019s\/90\u2019s !","og_url":"https:\/\/dispear-records.com\/index.php\/produit\/cassette-we-hungry-2025-so-far\/","og_site_name":"Dispear Records","article_modified_time":"2025-12-15T14:00:03+00:00","og_image":[{"width":800,"height":800,"url":"https:\/\/dispear-records.com\/wp-content\/uploads\/2025\/10\/IMG_3857-800.png","type":"image\/png"}],"twitter_card":"summary_large_image","twitter_misc":{"Dur\u00e9e de lecture estim\u00e9e":"1 minute"},"schema":{"@context":"https:\/\/schema.org","@graph":[{"@type":"WebPage","@id":"https:\/\/dispear-records.com\/index.php\/produit\/cassette-we-hungry-2025-so-far\/","url":"https:\/\/dispear-records.com\/index.php\/produit\/cassette-we-hungry-2025-so-far\/","name":"[Cassette] We Hungry - 2025 so far","isPartOf":{"@id":"https:\/\/dispear-records.com\/#website"},"primaryImageOfPage":{"@id":"https:\/\/dispear-records.com\/index.php\/produit\/cassette-we-hungry-2025-so-far\/#primaryimage"},"image":{"@id":"https:\/\/dispear-records.com\/index.php\/produit\/cassette-we-hungry-2025-so-far\/#primaryimage"},"thumbnailUrl":"https:\/\/dispear-records.com\/wp-content\/uploads\/2025\/10\/IMG_3857-800.png","datePublished":"2025-10-02T19:32:22+00:00","dateModified":"2025-12-15T14:00:03+00:00","description":"\u201c2025 so far\u201d de We Hungry : 17 titres qui mixent l\u2019\u00e9nergie ensoleill\u00e9e du punk californien avec la rugosit\u00e9 du hardcore old school des 80\u2019s\/90\u2019s !","breadcrumb":{"@id":"https:\/\/dispear-records.com\/index.php\/produit\/cassette-we-hungry-2025-so-far\/#breadcrumb"},"inLanguage":"fr-FR","potentialAction":[{"@type":"ReadAction","target":["https:\/\/dispear-records.com\/index.php\/produit\/cassette-we-hungry-2025-so-far\/"]}]},{"@type":"ImageObject","inLanguage":"fr-FR","@id":"https:\/\/dispear-records.com\/index.php\/produit\/cassette-we-hungry-2025-so-far\/#primaryimage","url":"https:\/\/dispear-records.com\/wp-content\/uploads\/2025\/10\/IMG_3857-800.png","contentUrl":"https:\/\/dispear-records.com\/wp-content\/uploads\/2025\/10\/IMG_3857-800.png","width":800,"height":800},{"@type":"BreadcrumbList","@id":"https:\/\/dispear-records.com\/index.php\/produit\/cassette-we-hungry-2025-so-far\/#breadcrumb","itemListElement":[{"@type":"ListItem","position":1,"name":"Accueil","item":"https:\/\/dispear-records.com\/"},{"@type":"ListItem","position":2,"name":"Boutique","item":"https:\/\/dispear-records.com\/"},{"@type":"ListItem","position":3,"name":"[Cassette] We Hungry &#8211; 2025 so far"}]},{"@type":"WebSite","@id":"https:\/\/dispear-records.com\/#website","url":"https:\/\/dispear-records.com\/","name":"Dispear Records","description":"DIY punk &amp; hardcore label","publisher":{"@id":"https:\/\/dispear-records.com\/#organization"},"potentialAction":[{"@type":"SearchAction","target":{"@type":"EntryPoint","urlTemplate":"https:\/\/dispear-records.com\/?s={search_term_string}"},"query-input":{"@type":"PropertyValueSpecification","valueRequired":true,"valueName":"search_term_string"}}],"inLanguage":"fr-FR"},{"@type":"Organization","@id":"https:\/\/dispear-records.com\/#organization","name":"Dispear Records","url":"https:\/\/dispear-records.com\/","logo":{"@type":"ImageObject","inLanguage":"fr-FR","@id":"https:\/\/dispear-records.com\/#\/schema\/logo\/image\/","url":"https:\/\/dispear-records.com\/wp-content\/uploads\/2021\/06\/cropped-cropped-dispear.png","contentUrl":"https:\/\/dispear-records.com\/wp-content\/uploads\/2021\/06\/cropped-cropped-dispear.png","width":2592,"height":709,"caption":"Dispear Records"},"image":{"@id":"https:\/\/dispear-records.com\/#\/schema\/logo\/image\/"}}]}},"_links":{"self":[{"href":"https:\/\/dispear-records.com\/index.php\/wp-json\/wp\/v2\/product\/1155","targetHints":{"allow":["GET"]}}],"collection":[{"href":"https:\/\/dispear-records.com\/index.php\/wp-json\/wp\/v2\/product"}],"about":[{"href":"https:\/\/dispear-records.com\/index.php\/wp-json\/wp\/v2\/types\/product"}],"wp:featuredmedia":[{"embeddable":true,"href":"https:\/\/dispear-records.com\/index.php\/wp-json\/wp\/v2\/media\/1160"}],"wp:attachment":[{"href":"https:\/\/dispear-records.com\/index.php\/wp-json\/wp\/v2\/media?parent=1155"}],"wp:term":[{"taxonomy":"product_brand","embeddable":true,"href":"https:\/\/dispear-records.com\/index.php\/wp-json\/wp\/v2\/product_brand?post=1155"},{"taxonomy":"product_cat","embeddable":true,"href":"https:\/\/dispear-records.com\/index.php\/wp-json\/wp\/v2\/product_cat?post=1155"},{"taxonomy":"product_tag","embeddable":true,"href":"https:\/\/dispear-records.com\/index.php\/wp-json\/wp\/v2\/product_tag?post=1155"}],"curies":[{"name":"wp","href":"https:\/\/api.w.org\/{rel}","templated":true}]}}