{"id":13,"date":"2021-06-29T22:40:12","date_gmt":"2021-06-29T20:40:12","guid":{"rendered":"http:\/\/dispear-records.com\/index.php\/produit\/hoodie-with-logo\/"},"modified":"2024-04-07T20:17:31","modified_gmt":"2024-04-07T18:17:31","slug":"cassette-kuma-no-motor-s-t","status":"publish","type":"product","link":"https:\/\/dispear-records.com\/index.php\/produit\/cassette-kuma-no-motor-s-t\/","title":{"rendered":"SOLD OUT &#8211; [Cassette] Kuma No Motor &#8211; s\/t"},"content":{"rendered":"<p><span style=\"font-weight: 400;\">Le sang de tes morts ! Kuma No Motor, si tu connais pas, c&rsquo;est peut \u00eatre que tu \u00e9tais pas au bon endroit au bon moment\u2026 Voila de quoi r\u00e9parer cette injustice de la vie ! Quelque part entre Zeke, Disfear, Total Chaos et The Varukers, et quelque part entre Bayonne et\u2026 Bayonne ! Tu trouveras KNM (et pas NKM hein, \u00e7a n&rsquo;a rien \u00e0 voir).<\/span><\/p>\n<p><span style=\"font-weight: 400;\">Du bon Punk HxC 80ies des familles, crasseux et brutal \u00e0 souhait, avec juste ce qu\u2019il faut de basquitude (attitude comme dans la chanson des Misfits ou des Bad Brains, mais version Pays Basque &#8211; Euskal Herri pour les intimes &#8211; ), pour assumer leur culture et leurs engagements politiques. Leurs textes \u00e9talent le rejet d&rsquo;un monde qui oppresse et \u00e9touffe l&rsquo;individu et les communaut\u00e9s. Les syst\u00e8mes coercitifs, vous n&rsquo;avez qu&rsquo;\u00e0 bien vous tenir !!<br \/>\n<\/span><span style=\"font-weight: 400;\">Bref, \u00e7a bastonne sec, c&rsquo;est brut de d\u00e9coffrage et c\u2019est \u00e7a qu\u2019on aime.<\/span><\/p>\n<p>Tu veux de l&rsquo;euskara ? Ok on a :<\/p>\n<blockquote><p><span class=\"s1\">Baionako hirukoteak eskola zaharreko hardcore-punk musika jotzen du. Ziztu bizian, ozen, minutu erdiko kantuak bat bestearen ondotik jotzen ditu. Euskaraz edo ingelesez, norbanakoak eta komunitateak zapaltzen eta menperatzen dituen sistemaren aurkako hitz zorrotzak hedatzen ditu. Estatu Batuetako 1980ko hamarkadako hardcorea edo Suediako d-beat musikaren artean, taldearen zuzenekoak arras leherkorrak dira.<\/span><\/p><\/blockquote>\n<p><span style=\"font-weight: 400;\">Edition limit\u00e9e \u00e0 50 exemplaires num\u00e9rot\u00e9s.<\/span><\/p>\n<p>R\u00e9\u00e9dition du premier album \u00e9ponyme de Kuma No Motor, sorti en 2012.<\/p>\n<p>Prises de sons, mixage et master par Pepe. Illustration Maitena.<\/p>\n<p><iframe style=\"border: 0; width: 500px; height: 472px;\" src=\"https:\/\/bandcamp.com\/EmbeddedPlayer\/album=3681436596\/size=large\/bgcol=ffffff\/linkcol=333333\/artwork=small\/transparent=true\/\" seamless=\"\"><a href=\"https:\/\/kumanomotor.bandcamp.com\/album\/s-t\">s\/t by Kuma No Motor<\/a><\/iframe><\/p>\n","protected":false},"excerpt":{"rendered":"<p><strong>Kuma No Motor &#8211; s\/t<\/strong><br \/>\n2012 \/\/ 10 tracks<br \/>\nHardcore Punk<br \/>\nBaiona \/\/ Euskal Herria<\/p>\n","protected":false},"featured_media":199,"template":"","meta":[],"product_brand":[],"product_cat":[19,20],"product_tag":[23],"class_list":{"0":"post-13","1":"product","2":"type-product","3":"status-publish","4":"has-post-thumbnail","6":"product_cat-cassettes","7":"product_cat-kuma-no-motor","8":"product_tag-hardcore-punk","10":"first","11":"outofstock","12":"shipping-taxable","13":"purchasable","14":"product-type-simple"},"yoast_head":"<!-- This site is optimized with the Yoast SEO plugin v27.4 - https:\/\/yoast.com\/product\/yoast-seo-wordpress\/ -->\n<title>SOLD OUT - [Cassette] Kuma No Motor - s\/t - Dispear Records<\/title>\n<meta name=\"robots\" content=\"index, follow, max-snippet:-1, max-image-preview:large, max-video-preview:-1\" \/>\n<link rel=\"canonical\" href=\"https:\/\/dispear-records.com\/index.php\/produit\/cassette-kuma-no-motor-s-t\/\" \/>\n<meta property=\"og:locale\" content=\"fr_FR\" \/>\n<meta property=\"og:type\" content=\"article\" \/>\n<meta property=\"og:title\" content=\"SOLD OUT - [Cassette] Kuma No Motor - s\/t - Dispear Records\" \/>\n<meta property=\"og:description\" content=\"Kuma No Motor - s\/t 2012 \/\/ 10 tracks Hardcore Punk Baiona \/\/ Euskal Herria\" \/>\n<meta property=\"og:url\" content=\"https:\/\/dispear-records.com\/index.php\/produit\/cassette-kuma-no-motor-s-t\/\" \/>\n<meta property=\"og:site_name\" content=\"Dispear Records\" \/>\n<meta property=\"article:modified_time\" content=\"2024-04-07T18:17:31+00:00\" \/>\n<meta property=\"og:image\" content=\"https:\/\/dispear-records.com\/wp-content\/uploads\/2021\/07\/IMG_0160.jpg\" \/>\n\t<meta property=\"og:image:width\" content=\"939\" \/>\n\t<meta property=\"og:image:height\" content=\"939\" \/>\n\t<meta property=\"og:image:type\" content=\"image\/jpeg\" \/>\n<meta name=\"twitter:card\" content=\"summary_large_image\" \/>\n<meta name=\"twitter:label1\" content=\"Dur\u00e9e de lecture estim\u00e9e\" \/>\n\t<meta name=\"twitter:data1\" content=\"2 minutes\" \/>\n<script type=\"application\/ld+json\" class=\"yoast-schema-graph\">{\"@context\":\"https:\\\/\\\/schema.org\",\"@graph\":[{\"@type\":\"WebPage\",\"@id\":\"https:\\\/\\\/dispear-records.com\\\/index.php\\\/produit\\\/cassette-kuma-no-motor-s-t\\\/\",\"url\":\"https:\\\/\\\/dispear-records.com\\\/index.php\\\/produit\\\/cassette-kuma-no-motor-s-t\\\/\",\"name\":\"SOLD OUT - [Cassette] Kuma No Motor - s\\\/t - Dispear Records\",\"isPartOf\":{\"@id\":\"https:\\\/\\\/dispear-records.com\\\/#website\"},\"primaryImageOfPage\":{\"@id\":\"https:\\\/\\\/dispear-records.com\\\/index.php\\\/produit\\\/cassette-kuma-no-motor-s-t\\\/#primaryimage\"},\"image\":{\"@id\":\"https:\\\/\\\/dispear-records.com\\\/index.php\\\/produit\\\/cassette-kuma-no-motor-s-t\\\/#primaryimage\"},\"thumbnailUrl\":\"https:\\\/\\\/dispear-records.com\\\/wp-content\\\/uploads\\\/2021\\\/07\\\/IMG_0160.jpg\",\"datePublished\":\"2021-06-29T20:40:12+00:00\",\"dateModified\":\"2024-04-07T18:17:31+00:00\",\"breadcrumb\":{\"@id\":\"https:\\\/\\\/dispear-records.com\\\/index.php\\\/produit\\\/cassette-kuma-no-motor-s-t\\\/#breadcrumb\"},\"inLanguage\":\"fr-FR\",\"potentialAction\":[{\"@type\":\"ReadAction\",\"target\":[\"https:\\\/\\\/dispear-records.com\\\/index.php\\\/produit\\\/cassette-kuma-no-motor-s-t\\\/\"]}]},{\"@type\":\"ImageObject\",\"inLanguage\":\"fr-FR\",\"@id\":\"https:\\\/\\\/dispear-records.com\\\/index.php\\\/produit\\\/cassette-kuma-no-motor-s-t\\\/#primaryimage\",\"url\":\"https:\\\/\\\/dispear-records.com\\\/wp-content\\\/uploads\\\/2021\\\/07\\\/IMG_0160.jpg\",\"contentUrl\":\"https:\\\/\\\/dispear-records.com\\\/wp-content\\\/uploads\\\/2021\\\/07\\\/IMG_0160.jpg\",\"width\":939,\"height\":939},{\"@type\":\"BreadcrumbList\",\"@id\":\"https:\\\/\\\/dispear-records.com\\\/index.php\\\/produit\\\/cassette-kuma-no-motor-s-t\\\/#breadcrumb\",\"itemListElement\":[{\"@type\":\"ListItem\",\"position\":1,\"name\":\"Accueil\",\"item\":\"https:\\\/\\\/dispear-records.com\\\/\"},{\"@type\":\"ListItem\",\"position\":2,\"name\":\"Boutique\",\"item\":\"https:\\\/\\\/dispear-records.com\\\/\"},{\"@type\":\"ListItem\",\"position\":3,\"name\":\"SOLD OUT &#8211; [Cassette] Kuma No Motor &#8211; s\\\/t\"}]},{\"@type\":\"WebSite\",\"@id\":\"https:\\\/\\\/dispear-records.com\\\/#website\",\"url\":\"https:\\\/\\\/dispear-records.com\\\/\",\"name\":\"Dispear Records\",\"description\":\"DIY punk &amp; hardcore label\",\"publisher\":{\"@id\":\"https:\\\/\\\/dispear-records.com\\\/#organization\"},\"potentialAction\":[{\"@type\":\"SearchAction\",\"target\":{\"@type\":\"EntryPoint\",\"urlTemplate\":\"https:\\\/\\\/dispear-records.com\\\/?s={search_term_string}\"},\"query-input\":{\"@type\":\"PropertyValueSpecification\",\"valueRequired\":true,\"valueName\":\"search_term_string\"}}],\"inLanguage\":\"fr-FR\"},{\"@type\":\"Organization\",\"@id\":\"https:\\\/\\\/dispear-records.com\\\/#organization\",\"name\":\"Dispear Records\",\"url\":\"https:\\\/\\\/dispear-records.com\\\/\",\"logo\":{\"@type\":\"ImageObject\",\"inLanguage\":\"fr-FR\",\"@id\":\"https:\\\/\\\/dispear-records.com\\\/#\\\/schema\\\/logo\\\/image\\\/\",\"url\":\"https:\\\/\\\/dispear-records.com\\\/wp-content\\\/uploads\\\/2021\\\/06\\\/cropped-cropped-dispear.png\",\"contentUrl\":\"https:\\\/\\\/dispear-records.com\\\/wp-content\\\/uploads\\\/2021\\\/06\\\/cropped-cropped-dispear.png\",\"width\":2592,\"height\":709,\"caption\":\"Dispear Records\"},\"image\":{\"@id\":\"https:\\\/\\\/dispear-records.com\\\/#\\\/schema\\\/logo\\\/image\\\/\"}}]}<\/script>\n<!-- \/ Yoast SEO plugin. -->","yoast_head_json":{"title":"SOLD OUT - [Cassette] Kuma No Motor - s\/t - Dispear Records","robots":{"index":"index","follow":"follow","max-snippet":"max-snippet:-1","max-image-preview":"max-image-preview:large","max-video-preview":"max-video-preview:-1"},"canonical":"https:\/\/dispear-records.com\/index.php\/produit\/cassette-kuma-no-motor-s-t\/","og_locale":"fr_FR","og_type":"article","og_title":"SOLD OUT - [Cassette] Kuma No Motor - s\/t - Dispear Records","og_description":"Kuma No Motor - s\/t 2012 \/\/ 10 tracks Hardcore Punk Baiona \/\/ Euskal Herria","og_url":"https:\/\/dispear-records.com\/index.php\/produit\/cassette-kuma-no-motor-s-t\/","og_site_name":"Dispear Records","article_modified_time":"2024-04-07T18:17:31+00:00","og_image":[{"width":939,"height":939,"url":"https:\/\/dispear-records.com\/wp-content\/uploads\/2021\/07\/IMG_0160.jpg","type":"image\/jpeg"}],"twitter_card":"summary_large_image","twitter_misc":{"Dur\u00e9e de lecture estim\u00e9e":"2 minutes"},"schema":{"@context":"https:\/\/schema.org","@graph":[{"@type":"WebPage","@id":"https:\/\/dispear-records.com\/index.php\/produit\/cassette-kuma-no-motor-s-t\/","url":"https:\/\/dispear-records.com\/index.php\/produit\/cassette-kuma-no-motor-s-t\/","name":"SOLD OUT - [Cassette] Kuma No Motor - s\/t - Dispear Records","isPartOf":{"@id":"https:\/\/dispear-records.com\/#website"},"primaryImageOfPage":{"@id":"https:\/\/dispear-records.com\/index.php\/produit\/cassette-kuma-no-motor-s-t\/#primaryimage"},"image":{"@id":"https:\/\/dispear-records.com\/index.php\/produit\/cassette-kuma-no-motor-s-t\/#primaryimage"},"thumbnailUrl":"https:\/\/dispear-records.com\/wp-content\/uploads\/2021\/07\/IMG_0160.jpg","datePublished":"2021-06-29T20:40:12+00:00","dateModified":"2024-04-07T18:17:31+00:00","breadcrumb":{"@id":"https:\/\/dispear-records.com\/index.php\/produit\/cassette-kuma-no-motor-s-t\/#breadcrumb"},"inLanguage":"fr-FR","potentialAction":[{"@type":"ReadAction","target":["https:\/\/dispear-records.com\/index.php\/produit\/cassette-kuma-no-motor-s-t\/"]}]},{"@type":"ImageObject","inLanguage":"fr-FR","@id":"https:\/\/dispear-records.com\/index.php\/produit\/cassette-kuma-no-motor-s-t\/#primaryimage","url":"https:\/\/dispear-records.com\/wp-content\/uploads\/2021\/07\/IMG_0160.jpg","contentUrl":"https:\/\/dispear-records.com\/wp-content\/uploads\/2021\/07\/IMG_0160.jpg","width":939,"height":939},{"@type":"BreadcrumbList","@id":"https:\/\/dispear-records.com\/index.php\/produit\/cassette-kuma-no-motor-s-t\/#breadcrumb","itemListElement":[{"@type":"ListItem","position":1,"name":"Accueil","item":"https:\/\/dispear-records.com\/"},{"@type":"ListItem","position":2,"name":"Boutique","item":"https:\/\/dispear-records.com\/"},{"@type":"ListItem","position":3,"name":"SOLD OUT &#8211; [Cassette] Kuma No Motor &#8211; s\/t"}]},{"@type":"WebSite","@id":"https:\/\/dispear-records.com\/#website","url":"https:\/\/dispear-records.com\/","name":"Dispear Records","description":"DIY punk &amp; hardcore label","publisher":{"@id":"https:\/\/dispear-records.com\/#organization"},"potentialAction":[{"@type":"SearchAction","target":{"@type":"EntryPoint","urlTemplate":"https:\/\/dispear-records.com\/?s={search_term_string}"},"query-input":{"@type":"PropertyValueSpecification","valueRequired":true,"valueName":"search_term_string"}}],"inLanguage":"fr-FR"},{"@type":"Organization","@id":"https:\/\/dispear-records.com\/#organization","name":"Dispear Records","url":"https:\/\/dispear-records.com\/","logo":{"@type":"ImageObject","inLanguage":"fr-FR","@id":"https:\/\/dispear-records.com\/#\/schema\/logo\/image\/","url":"https:\/\/dispear-records.com\/wp-content\/uploads\/2021\/06\/cropped-cropped-dispear.png","contentUrl":"https:\/\/dispear-records.com\/wp-content\/uploads\/2021\/06\/cropped-cropped-dispear.png","width":2592,"height":709,"caption":"Dispear Records"},"image":{"@id":"https:\/\/dispear-records.com\/#\/schema\/logo\/image\/"}}]}},"_links":{"self":[{"href":"https:\/\/dispear-records.com\/index.php\/wp-json\/wp\/v2\/product\/13","targetHints":{"allow":["GET"]}}],"collection":[{"href":"https:\/\/dispear-records.com\/index.php\/wp-json\/wp\/v2\/product"}],"about":[{"href":"https:\/\/dispear-records.com\/index.php\/wp-json\/wp\/v2\/types\/product"}],"wp:featuredmedia":[{"embeddable":true,"href":"https:\/\/dispear-records.com\/index.php\/wp-json\/wp\/v2\/media\/199"}],"wp:attachment":[{"href":"https:\/\/dispear-records.com\/index.php\/wp-json\/wp\/v2\/media?parent=13"}],"wp:term":[{"taxonomy":"product_brand","embeddable":true,"href":"https:\/\/dispear-records.com\/index.php\/wp-json\/wp\/v2\/product_brand?post=13"},{"taxonomy":"product_cat","embeddable":true,"href":"https:\/\/dispear-records.com\/index.php\/wp-json\/wp\/v2\/product_cat?post=13"},{"taxonomy":"product_tag","embeddable":true,"href":"https:\/\/dispear-records.com\/index.php\/wp-json\/wp\/v2\/product_tag?post=13"}],"curies":[{"name":"wp","href":"https:\/\/api.w.org\/{rel}","templated":true}]}}