{"id":1343,"date":"2026-04-25T20:38:54","date_gmt":"2026-04-25T18:38:54","guid":{"rendered":"https:\/\/dispear-records.com\/?post_type=product&#038;p=1343"},"modified":"2026-04-25T21:47:59","modified_gmt":"2026-04-25T19:47:59","slug":"cassette-the-dead-krazukies-cipher-punk-rock","status":"publish","type":"product","link":"https:\/\/dispear-records.com\/index.php\/produit\/cassette-the-dead-krazukies-cipher-punk-rock\/","title":{"rendered":"[Cassette] The Dead Krazukies &#8211; Cipher"},"content":{"rendered":"<p>Hossegor est connu pour ses vagues, v\u00e9ritable terre de surf\u2026 mais pas seulement. C\u2019est depuis cette c\u00f4te landaise que les Dead Krazukies, d\u00e9sormais bien install\u00e9s (on parle ici de leur 4e album), continuent d\u2019envoyer des tubes de skate punk aux accents californiens.<\/p>\n<p data-start=\"270\" data-end=\"504\">Le virage amorc\u00e9 sur <em data-start=\"366\" data-end=\"387\">From the Underworld,<\/em> o\u00f9 des influences metal et hardcore <span style=\"font-weight: 400;\">\u00e9taient venues enrichir leur sauce d\u00e9j\u00e0 bien \u00e9pic\u00e9e<\/span>, se poursuit ici, mais sans jamais diluer leur ADN punk. Le groupe allie toujours puissance et m\u00e9lodie : les refrains restent accrocheurs, mais les structures gagnent en densit\u00e9 et en lourdeur. On sent qu\u2019ils ont bien ponc\u00e9 Sum 41, \u00e9poque <em data-start=\"635\" data-end=\"661\">Does This Look Infected?<\/em> et <em data-start=\"665\" data-end=\"672\">Chuck<\/em>.<\/p>\n<p data-start=\"776\" data-end=\"1099\" data-is-last-node=\"\" data-is-only-node=\"\">Port\u00e9 par le chant de Maider toujours aussi habit\u00e9, <span style=\"font-weight: 400;\"> o\u00f9 la rage se m\u00eale \u00e0 une forme de second degr\u00e9 typiquement Krazukies<\/span><span style=\"font-weight: 400;\">, l&rsquo;album reprend la recette qui a fait leur succ\u00e8s. Mais le groupe parvient \u00e0 se renouveler et surprendre, en m\u00e9tissant son punk rock de r\u00e9f\u00e9rences on ne peut plus actuelles ! Ha et j\u2019allais oublier, on va pas spoiler, mais en termes d\u2019ouverture musicale les Dead Krazukies te r\u00e9servent une petit surprise de type ensoleill\u00e9e\u2026 mais on en a d\u00e9j\u00e0 trop dit !<\/span><\/p>\n<p data-start=\"776\" data-end=\"1099\" data-is-last-node=\"\" data-is-only-node=\"\">\u26a0\ufe0f <strong>Pr\u00e9commande, livraison pr\u00e9vue au 26 juin !<\/strong><\/p>\n","protected":false},"excerpt":{"rendered":"<p><strong>The Dead Krazukies &#8211; Cipher<\/strong><br \/>\n2026 \/\/ 10 tracks<br \/>\nPunk Rock<br \/>\nHossegor \/\/ France<\/p>\n","protected":false},"featured_media":1376,"template":"","meta":[],"product_brand":[],"product_cat":[19,52],"product_tag":[28],"class_list":{"0":"post-1343","1":"product","2":"type-product","3":"status-publish","4":"has-post-thumbnail","6":"product_cat-cassettes","7":"product_cat-the-dead-krazukies","8":"product_tag-punk-rock","10":"first","11":"instock","12":"shipping-taxable","13":"purchasable","14":"product-type-simple"},"yoast_head":"<!-- This site is optimized with the Yoast SEO plugin v27.4 - https:\/\/yoast.com\/product\/yoast-seo-wordpress\/ -->\n<title>[Cassette] The Dead Krazukies - Cipher<\/title>\n<meta name=\"description\" content=\"CIPHER, 4e album des Dead Krazukies : le skate punk d&#039;Hossegor port\u00e9 par la voix de Maider se teinte d&#039;influences heavy !\" \/>\n<meta name=\"robots\" content=\"index, follow, max-snippet:-1, max-image-preview:large, max-video-preview:-1\" \/>\n<link rel=\"canonical\" href=\"https:\/\/dispear-records.com\/index.php\/produit\/cassette-the-dead-krazukies-cipher-punk-rock\/\" \/>\n<meta property=\"og:locale\" content=\"fr_FR\" \/>\n<meta property=\"og:type\" content=\"article\" \/>\n<meta property=\"og:title\" content=\"[Cassette] The Dead Krazukies - Cipher\" \/>\n<meta property=\"og:description\" content=\"CIPHER, 4e album des Dead Krazukies : le skate punk d&#039;Hossegor port\u00e9 par la voix de Maider se teinte d&#039;influences heavy !\" \/>\n<meta property=\"og:url\" content=\"https:\/\/dispear-records.com\/index.php\/produit\/cassette-the-dead-krazukies-cipher-punk-rock\/\" \/>\n<meta property=\"og:site_name\" content=\"Dispear Records\" \/>\n<meta property=\"article:modified_time\" content=\"2026-04-25T19:47:59+00:00\" \/>\n<meta property=\"og:image\" content=\"https:\/\/dispear-records.com\/wp-content\/uploads\/2026\/03\/dk1-800x800-1.jpg\" \/>\n\t<meta property=\"og:image:width\" content=\"800\" \/>\n\t<meta property=\"og:image:height\" content=\"800\" \/>\n\t<meta property=\"og:image:type\" content=\"image\/jpeg\" \/>\n<meta name=\"twitter:card\" content=\"summary_large_image\" \/>\n<meta name=\"twitter:label1\" content=\"Dur\u00e9e de lecture estim\u00e9e\" \/>\n\t<meta name=\"twitter:data1\" content=\"2 minutes\" \/>\n<script type=\"application\/ld+json\" class=\"yoast-schema-graph\">{\"@context\":\"https:\\\/\\\/schema.org\",\"@graph\":[{\"@type\":\"WebPage\",\"@id\":\"https:\\\/\\\/dispear-records.com\\\/index.php\\\/produit\\\/cassette-the-dead-krazukies-cipher-punk-rock\\\/\",\"url\":\"https:\\\/\\\/dispear-records.com\\\/index.php\\\/produit\\\/cassette-the-dead-krazukies-cipher-punk-rock\\\/\",\"name\":\"[Cassette] The Dead Krazukies - Cipher\",\"isPartOf\":{\"@id\":\"https:\\\/\\\/dispear-records.com\\\/#website\"},\"primaryImageOfPage\":{\"@id\":\"https:\\\/\\\/dispear-records.com\\\/index.php\\\/produit\\\/cassette-the-dead-krazukies-cipher-punk-rock\\\/#primaryimage\"},\"image\":{\"@id\":\"https:\\\/\\\/dispear-records.com\\\/index.php\\\/produit\\\/cassette-the-dead-krazukies-cipher-punk-rock\\\/#primaryimage\"},\"thumbnailUrl\":\"https:\\\/\\\/dispear-records.com\\\/wp-content\\\/uploads\\\/2026\\\/03\\\/dk1-800x800-1.jpg\",\"datePublished\":\"2026-04-25T18:38:54+00:00\",\"dateModified\":\"2026-04-25T19:47:59+00:00\",\"description\":\"CIPHER, 4e album des Dead Krazukies : le skate punk d'Hossegor port\u00e9 par la voix de Maider se teinte d'influences heavy !\",\"breadcrumb\":{\"@id\":\"https:\\\/\\\/dispear-records.com\\\/index.php\\\/produit\\\/cassette-the-dead-krazukies-cipher-punk-rock\\\/#breadcrumb\"},\"inLanguage\":\"fr-FR\",\"potentialAction\":[{\"@type\":\"ReadAction\",\"target\":[\"https:\\\/\\\/dispear-records.com\\\/index.php\\\/produit\\\/cassette-the-dead-krazukies-cipher-punk-rock\\\/\"]}]},{\"@type\":\"ImageObject\",\"inLanguage\":\"fr-FR\",\"@id\":\"https:\\\/\\\/dispear-records.com\\\/index.php\\\/produit\\\/cassette-the-dead-krazukies-cipher-punk-rock\\\/#primaryimage\",\"url\":\"https:\\\/\\\/dispear-records.com\\\/wp-content\\\/uploads\\\/2026\\\/03\\\/dk1-800x800-1.jpg\",\"contentUrl\":\"https:\\\/\\\/dispear-records.com\\\/wp-content\\\/uploads\\\/2026\\\/03\\\/dk1-800x800-1.jpg\",\"width\":800,\"height\":800},{\"@type\":\"BreadcrumbList\",\"@id\":\"https:\\\/\\\/dispear-records.com\\\/index.php\\\/produit\\\/cassette-the-dead-krazukies-cipher-punk-rock\\\/#breadcrumb\",\"itemListElement\":[{\"@type\":\"ListItem\",\"position\":1,\"name\":\"Accueil\",\"item\":\"https:\\\/\\\/dispear-records.com\\\/\"},{\"@type\":\"ListItem\",\"position\":2,\"name\":\"Boutique\",\"item\":\"https:\\\/\\\/dispear-records.com\\\/\"},{\"@type\":\"ListItem\",\"position\":3,\"name\":\"[Cassette] The Dead Krazukies &#8211; Cipher\"}]},{\"@type\":\"WebSite\",\"@id\":\"https:\\\/\\\/dispear-records.com\\\/#website\",\"url\":\"https:\\\/\\\/dispear-records.com\\\/\",\"name\":\"Dispear Records\",\"description\":\"DIY punk &amp; hardcore label\",\"publisher\":{\"@id\":\"https:\\\/\\\/dispear-records.com\\\/#organization\"},\"potentialAction\":[{\"@type\":\"SearchAction\",\"target\":{\"@type\":\"EntryPoint\",\"urlTemplate\":\"https:\\\/\\\/dispear-records.com\\\/?s={search_term_string}\"},\"query-input\":{\"@type\":\"PropertyValueSpecification\",\"valueRequired\":true,\"valueName\":\"search_term_string\"}}],\"inLanguage\":\"fr-FR\"},{\"@type\":\"Organization\",\"@id\":\"https:\\\/\\\/dispear-records.com\\\/#organization\",\"name\":\"Dispear Records\",\"url\":\"https:\\\/\\\/dispear-records.com\\\/\",\"logo\":{\"@type\":\"ImageObject\",\"inLanguage\":\"fr-FR\",\"@id\":\"https:\\\/\\\/dispear-records.com\\\/#\\\/schema\\\/logo\\\/image\\\/\",\"url\":\"https:\\\/\\\/dispear-records.com\\\/wp-content\\\/uploads\\\/2021\\\/06\\\/cropped-cropped-dispear.png\",\"contentUrl\":\"https:\\\/\\\/dispear-records.com\\\/wp-content\\\/uploads\\\/2021\\\/06\\\/cropped-cropped-dispear.png\",\"width\":2592,\"height\":709,\"caption\":\"Dispear Records\"},\"image\":{\"@id\":\"https:\\\/\\\/dispear-records.com\\\/#\\\/schema\\\/logo\\\/image\\\/\"}}]}<\/script>\n<!-- \/ Yoast SEO plugin. -->","yoast_head_json":{"title":"[Cassette] The Dead Krazukies - Cipher","description":"CIPHER, 4e album des Dead Krazukies : le skate punk d'Hossegor port\u00e9 par la voix de Maider se teinte d'influences heavy !","robots":{"index":"index","follow":"follow","max-snippet":"max-snippet:-1","max-image-preview":"max-image-preview:large","max-video-preview":"max-video-preview:-1"},"canonical":"https:\/\/dispear-records.com\/index.php\/produit\/cassette-the-dead-krazukies-cipher-punk-rock\/","og_locale":"fr_FR","og_type":"article","og_title":"[Cassette] The Dead Krazukies - Cipher","og_description":"CIPHER, 4e album des Dead Krazukies : le skate punk d'Hossegor port\u00e9 par la voix de Maider se teinte d'influences heavy !","og_url":"https:\/\/dispear-records.com\/index.php\/produit\/cassette-the-dead-krazukies-cipher-punk-rock\/","og_site_name":"Dispear Records","article_modified_time":"2026-04-25T19:47:59+00:00","og_image":[{"width":800,"height":800,"url":"https:\/\/dispear-records.com\/wp-content\/uploads\/2026\/03\/dk1-800x800-1.jpg","type":"image\/jpeg"}],"twitter_card":"summary_large_image","twitter_misc":{"Dur\u00e9e de lecture estim\u00e9e":"2 minutes"},"schema":{"@context":"https:\/\/schema.org","@graph":[{"@type":"WebPage","@id":"https:\/\/dispear-records.com\/index.php\/produit\/cassette-the-dead-krazukies-cipher-punk-rock\/","url":"https:\/\/dispear-records.com\/index.php\/produit\/cassette-the-dead-krazukies-cipher-punk-rock\/","name":"[Cassette] The Dead Krazukies - Cipher","isPartOf":{"@id":"https:\/\/dispear-records.com\/#website"},"primaryImageOfPage":{"@id":"https:\/\/dispear-records.com\/index.php\/produit\/cassette-the-dead-krazukies-cipher-punk-rock\/#primaryimage"},"image":{"@id":"https:\/\/dispear-records.com\/index.php\/produit\/cassette-the-dead-krazukies-cipher-punk-rock\/#primaryimage"},"thumbnailUrl":"https:\/\/dispear-records.com\/wp-content\/uploads\/2026\/03\/dk1-800x800-1.jpg","datePublished":"2026-04-25T18:38:54+00:00","dateModified":"2026-04-25T19:47:59+00:00","description":"CIPHER, 4e album des Dead Krazukies : le skate punk d'Hossegor port\u00e9 par la voix de Maider se teinte d'influences heavy !","breadcrumb":{"@id":"https:\/\/dispear-records.com\/index.php\/produit\/cassette-the-dead-krazukies-cipher-punk-rock\/#breadcrumb"},"inLanguage":"fr-FR","potentialAction":[{"@type":"ReadAction","target":["https:\/\/dispear-records.com\/index.php\/produit\/cassette-the-dead-krazukies-cipher-punk-rock\/"]}]},{"@type":"ImageObject","inLanguage":"fr-FR","@id":"https:\/\/dispear-records.com\/index.php\/produit\/cassette-the-dead-krazukies-cipher-punk-rock\/#primaryimage","url":"https:\/\/dispear-records.com\/wp-content\/uploads\/2026\/03\/dk1-800x800-1.jpg","contentUrl":"https:\/\/dispear-records.com\/wp-content\/uploads\/2026\/03\/dk1-800x800-1.jpg","width":800,"height":800},{"@type":"BreadcrumbList","@id":"https:\/\/dispear-records.com\/index.php\/produit\/cassette-the-dead-krazukies-cipher-punk-rock\/#breadcrumb","itemListElement":[{"@type":"ListItem","position":1,"name":"Accueil","item":"https:\/\/dispear-records.com\/"},{"@type":"ListItem","position":2,"name":"Boutique","item":"https:\/\/dispear-records.com\/"},{"@type":"ListItem","position":3,"name":"[Cassette] The Dead Krazukies &#8211; Cipher"}]},{"@type":"WebSite","@id":"https:\/\/dispear-records.com\/#website","url":"https:\/\/dispear-records.com\/","name":"Dispear Records","description":"DIY punk &amp; hardcore label","publisher":{"@id":"https:\/\/dispear-records.com\/#organization"},"potentialAction":[{"@type":"SearchAction","target":{"@type":"EntryPoint","urlTemplate":"https:\/\/dispear-records.com\/?s={search_term_string}"},"query-input":{"@type":"PropertyValueSpecification","valueRequired":true,"valueName":"search_term_string"}}],"inLanguage":"fr-FR"},{"@type":"Organization","@id":"https:\/\/dispear-records.com\/#organization","name":"Dispear Records","url":"https:\/\/dispear-records.com\/","logo":{"@type":"ImageObject","inLanguage":"fr-FR","@id":"https:\/\/dispear-records.com\/#\/schema\/logo\/image\/","url":"https:\/\/dispear-records.com\/wp-content\/uploads\/2021\/06\/cropped-cropped-dispear.png","contentUrl":"https:\/\/dispear-records.com\/wp-content\/uploads\/2021\/06\/cropped-cropped-dispear.png","width":2592,"height":709,"caption":"Dispear Records"},"image":{"@id":"https:\/\/dispear-records.com\/#\/schema\/logo\/image\/"}}]}},"_links":{"self":[{"href":"https:\/\/dispear-records.com\/index.php\/wp-json\/wp\/v2\/product\/1343","targetHints":{"allow":["GET"]}}],"collection":[{"href":"https:\/\/dispear-records.com\/index.php\/wp-json\/wp\/v2\/product"}],"about":[{"href":"https:\/\/dispear-records.com\/index.php\/wp-json\/wp\/v2\/types\/product"}],"wp:featuredmedia":[{"embeddable":true,"href":"https:\/\/dispear-records.com\/index.php\/wp-json\/wp\/v2\/media\/1376"}],"wp:attachment":[{"href":"https:\/\/dispear-records.com\/index.php\/wp-json\/wp\/v2\/media?parent=1343"}],"wp:term":[{"taxonomy":"product_brand","embeddable":true,"href":"https:\/\/dispear-records.com\/index.php\/wp-json\/wp\/v2\/product_brand?post=1343"},{"taxonomy":"product_cat","embeddable":true,"href":"https:\/\/dispear-records.com\/index.php\/wp-json\/wp\/v2\/product_cat?post=1343"},{"taxonomy":"product_tag","embeddable":true,"href":"https:\/\/dispear-records.com\/index.php\/wp-json\/wp\/v2\/product_tag?post=1343"}],"curies":[{"name":"wp","href":"https:\/\/api.w.org\/{rel}","templated":true}]}}