{"id":160,"date":"2021-06-27T10:07:44","date_gmt":"2021-06-27T08:07:44","guid":{"rendered":"https:\/\/dispear-records.com\/?post_type=product&#038;p=160"},"modified":"2025-03-02T14:41:16","modified_gmt":"2025-03-02T13:41:16","slug":"t-shirt-brahbrah-kolektiboa","status":"publish","type":"product","link":"https:\/\/dispear-records.com\/index.php\/produit\/t-shirt-brahbrah-kolektiboa\/","title":{"rendered":"[T-shirt]\u00a0BrahBrah Kolektiboa"},"content":{"rendered":"<p><a href=\"https:\/\/www.facebook.com\/brahbrahkolektiboa\" target=\"_blank\" rel=\"noopener\">BrahBrah Kolektiboa<\/a>, c&rsquo;est un collectif bas\u00e9 sur Bayonne qui poursuit une qu\u00eate de destruction de tympans en organisant des concerts de tr\u00e8s bonne facture.<\/p>\n<p>Au-del\u00e0 d&rsquo;une bonne dose de classe que t&rsquo;am\u00e8nera le port de ce t-shirt, c&rsquo;est l&rsquo;accessoire indispensable pour envoyer du gros solo sur ta Flying-V le pied sur le retour (preuve \u00e0 l&rsquo;appui).<\/p>\n<p>Textile Continental Clothing \u00ab\u00a0Earth Positive\u00a0\u00bb : t-shirt en coton bio fabriqu\u00e9 dans une usine aliment\u00e9e uniquement par des \u00e9nergies renouvelables, par des adultes consentants et correctement r\u00e9mun\u00e9r\u00e9s (Code of Labour Practices de la Fair Wear Foundation).<br \/>\nVoila pour ta conscience. En plus ils taillent bien (un peu ajust\u00e9) et le textile est de super qualit\u00e9.<\/p>\n<p>Coupe unisexe, dispo en tailles XS &#8211; S &#8211; M &#8211; L &#8211; XL<\/p>\n<p>Design par <a href=\"https:\/\/www.instagram.com\/jerome__strong\" target=\"_blank\" rel=\"noopener\">J\u00e9rome Strong<\/a>, tatoueur talentueux qui officie au studio <a href=\"https:\/\/www.instagram.com\/blackmirrortattoobayonne\" target=\"_blank\" rel=\"noopener\">Black Mirror<\/a> \u00e0 Bayonne.<\/p>\n<p>S\u00e9rigraphi\u00e9 avec amour par Nico de <a href=\"https:\/\/www.facebook.com\/Pottserigrafia\" target=\"_blank\" rel=\"noopener\">Pott Serigrafia<\/a>. Allez lui faire un coucou dans son atelier de cr\u00e9ateurs \/ lieu d&rsquo;art : <a href=\"https:\/\/www.facebook.com\/Zuzulu-Baiona-100833768900959\" target=\"_blank\" rel=\"noopener\">Z\u00fcz\u00fcl\u00fc,<\/a> \u00e0 Bayonne.<\/p>\n","protected":false},"excerpt":{"rendered":"<p>LE t-shirt officiel du BrahBrah Kolektiboa ! Couleur noire, coupe unisexe.<br \/>\nMagnifiquement illustr\u00e9 par <a href=\"https:\/\/www.instagram.com\/jerome__strong\/\" target=\"_blank\" rel=\"noopener\">Jerome Strong<\/a>.<\/p>\n","protected":false},"featured_media":212,"template":"","meta":[],"product_brand":[],"product_cat":[34,31],"product_tag":[],"class_list":{"0":"post-160","1":"product","2":"type-product","3":"status-publish","4":"has-post-thumbnail","6":"product_cat-brahbrah-kolektiboa","7":"product_cat-t-shirts","9":"first","10":"instock","11":"shipping-taxable","12":"purchasable","13":"product-type-variable"},"yoast_head":"<!-- This site is optimized with the Yoast SEO plugin v27.5 - https:\/\/yoast.com\/product\/yoast-seo-wordpress\/ -->\n<title>[T-shirt]\u00a0BrahBrah Kolektiboa - Dispear Records<\/title>\n<meta name=\"robots\" content=\"index, follow, max-snippet:-1, max-image-preview:large, max-video-preview:-1\" \/>\n<link rel=\"canonical\" href=\"https:\/\/dispear-records.com\/index.php\/produit\/t-shirt-brahbrah-kolektiboa\/\" \/>\n<meta property=\"og:locale\" content=\"fr_FR\" \/>\n<meta property=\"og:type\" content=\"article\" \/>\n<meta property=\"og:title\" content=\"[T-shirt]\u00a0BrahBrah Kolektiboa - Dispear Records\" \/>\n<meta property=\"og:description\" content=\"LE t-shirt officiel du BrahBrah Kolektiboa ! Couleur noire, coupe unisexe. Magnifiquement illustr\u00e9 par Jerome Strong.\" \/>\n<meta property=\"og:url\" content=\"https:\/\/dispear-records.com\/index.php\/produit\/t-shirt-brahbrah-kolektiboa\/\" \/>\n<meta property=\"og:site_name\" content=\"Dispear Records\" \/>\n<meta property=\"article:modified_time\" content=\"2025-03-02T13:41:16+00:00\" \/>\n<meta property=\"og:image\" content=\"https:\/\/dispear-records.com\/wp-content\/uploads\/2021\/06\/IMG_1512-1024x1024.jpg\" \/>\n\t<meta property=\"og:image:width\" content=\"1024\" \/>\n\t<meta property=\"og:image:height\" content=\"1024\" \/>\n\t<meta property=\"og:image:type\" content=\"image\/jpeg\" \/>\n<meta name=\"twitter:card\" content=\"summary_large_image\" \/>\n<meta name=\"twitter:label1\" content=\"Dur\u00e9e de lecture estim\u00e9e\" \/>\n\t<meta name=\"twitter:data1\" content=\"2 minutes\" \/>\n<script type=\"application\/ld+json\" class=\"yoast-schema-graph\">{\"@context\":\"https:\\\/\\\/schema.org\",\"@graph\":[{\"@type\":\"WebPage\",\"@id\":\"https:\\\/\\\/dispear-records.com\\\/index.php\\\/produit\\\/t-shirt-brahbrah-kolektiboa\\\/\",\"url\":\"https:\\\/\\\/dispear-records.com\\\/index.php\\\/produit\\\/t-shirt-brahbrah-kolektiboa\\\/\",\"name\":\"[T-shirt]\u00a0BrahBrah Kolektiboa - Dispear Records\",\"isPartOf\":{\"@id\":\"https:\\\/\\\/dispear-records.com\\\/#website\"},\"primaryImageOfPage\":{\"@id\":\"https:\\\/\\\/dispear-records.com\\\/index.php\\\/produit\\\/t-shirt-brahbrah-kolektiboa\\\/#primaryimage\"},\"image\":{\"@id\":\"https:\\\/\\\/dispear-records.com\\\/index.php\\\/produit\\\/t-shirt-brahbrah-kolektiboa\\\/#primaryimage\"},\"thumbnailUrl\":\"https:\\\/\\\/dispear-records.com\\\/wp-content\\\/uploads\\\/2021\\\/06\\\/IMG_1512.jpg\",\"datePublished\":\"2021-06-27T08:07:44+00:00\",\"dateModified\":\"2025-03-02T13:41:16+00:00\",\"breadcrumb\":{\"@id\":\"https:\\\/\\\/dispear-records.com\\\/index.php\\\/produit\\\/t-shirt-brahbrah-kolektiboa\\\/#breadcrumb\"},\"inLanguage\":\"fr-FR\",\"potentialAction\":[{\"@type\":\"ReadAction\",\"target\":[\"https:\\\/\\\/dispear-records.com\\\/index.php\\\/produit\\\/t-shirt-brahbrah-kolektiboa\\\/\"]}]},{\"@type\":\"ImageObject\",\"inLanguage\":\"fr-FR\",\"@id\":\"https:\\\/\\\/dispear-records.com\\\/index.php\\\/produit\\\/t-shirt-brahbrah-kolektiboa\\\/#primaryimage\",\"url\":\"https:\\\/\\\/dispear-records.com\\\/wp-content\\\/uploads\\\/2021\\\/06\\\/IMG_1512.jpg\",\"contentUrl\":\"https:\\\/\\\/dispear-records.com\\\/wp-content\\\/uploads\\\/2021\\\/06\\\/IMG_1512.jpg\",\"width\":2000,\"height\":2000},{\"@type\":\"BreadcrumbList\",\"@id\":\"https:\\\/\\\/dispear-records.com\\\/index.php\\\/produit\\\/t-shirt-brahbrah-kolektiboa\\\/#breadcrumb\",\"itemListElement\":[{\"@type\":\"ListItem\",\"position\":1,\"name\":\"Accueil\",\"item\":\"https:\\\/\\\/dispear-records.com\\\/\"},{\"@type\":\"ListItem\",\"position\":2,\"name\":\"Boutique\",\"item\":\"https:\\\/\\\/dispear-records.com\\\/\"},{\"@type\":\"ListItem\",\"position\":3,\"name\":\"[T-shirt]\u00a0BrahBrah Kolektiboa\"}]},{\"@type\":\"WebSite\",\"@id\":\"https:\\\/\\\/dispear-records.com\\\/#website\",\"url\":\"https:\\\/\\\/dispear-records.com\\\/\",\"name\":\"Dispear Records\",\"description\":\"DIY punk &amp; hardcore label\",\"publisher\":{\"@id\":\"https:\\\/\\\/dispear-records.com\\\/#organization\"},\"potentialAction\":[{\"@type\":\"SearchAction\",\"target\":{\"@type\":\"EntryPoint\",\"urlTemplate\":\"https:\\\/\\\/dispear-records.com\\\/?s={search_term_string}\"},\"query-input\":{\"@type\":\"PropertyValueSpecification\",\"valueRequired\":true,\"valueName\":\"search_term_string\"}}],\"inLanguage\":\"fr-FR\"},{\"@type\":\"Organization\",\"@id\":\"https:\\\/\\\/dispear-records.com\\\/#organization\",\"name\":\"Dispear Records\",\"url\":\"https:\\\/\\\/dispear-records.com\\\/\",\"logo\":{\"@type\":\"ImageObject\",\"inLanguage\":\"fr-FR\",\"@id\":\"https:\\\/\\\/dispear-records.com\\\/#\\\/schema\\\/logo\\\/image\\\/\",\"url\":\"https:\\\/\\\/dispear-records.com\\\/wp-content\\\/uploads\\\/2021\\\/06\\\/cropped-cropped-dispear.png\",\"contentUrl\":\"https:\\\/\\\/dispear-records.com\\\/wp-content\\\/uploads\\\/2021\\\/06\\\/cropped-cropped-dispear.png\",\"width\":2592,\"height\":709,\"caption\":\"Dispear Records\"},\"image\":{\"@id\":\"https:\\\/\\\/dispear-records.com\\\/#\\\/schema\\\/logo\\\/image\\\/\"}}]}<\/script>\n<!-- \/ Yoast SEO plugin. -->","yoast_head_json":{"title":"[T-shirt]\u00a0BrahBrah Kolektiboa - Dispear Records","robots":{"index":"index","follow":"follow","max-snippet":"max-snippet:-1","max-image-preview":"max-image-preview:large","max-video-preview":"max-video-preview:-1"},"canonical":"https:\/\/dispear-records.com\/index.php\/produit\/t-shirt-brahbrah-kolektiboa\/","og_locale":"fr_FR","og_type":"article","og_title":"[T-shirt]\u00a0BrahBrah Kolektiboa - Dispear Records","og_description":"LE t-shirt officiel du BrahBrah Kolektiboa ! Couleur noire, coupe unisexe. Magnifiquement illustr\u00e9 par Jerome Strong.","og_url":"https:\/\/dispear-records.com\/index.php\/produit\/t-shirt-brahbrah-kolektiboa\/","og_site_name":"Dispear Records","article_modified_time":"2025-03-02T13:41:16+00:00","og_image":[{"width":1024,"height":1024,"url":"https:\/\/dispear-records.com\/wp-content\/uploads\/2021\/06\/IMG_1512-1024x1024.jpg","type":"image\/jpeg"}],"twitter_card":"summary_large_image","twitter_misc":{"Dur\u00e9e de lecture estim\u00e9e":"2 minutes"},"schema":{"@context":"https:\/\/schema.org","@graph":[{"@type":"WebPage","@id":"https:\/\/dispear-records.com\/index.php\/produit\/t-shirt-brahbrah-kolektiboa\/","url":"https:\/\/dispear-records.com\/index.php\/produit\/t-shirt-brahbrah-kolektiboa\/","name":"[T-shirt]\u00a0BrahBrah Kolektiboa - Dispear Records","isPartOf":{"@id":"https:\/\/dispear-records.com\/#website"},"primaryImageOfPage":{"@id":"https:\/\/dispear-records.com\/index.php\/produit\/t-shirt-brahbrah-kolektiboa\/#primaryimage"},"image":{"@id":"https:\/\/dispear-records.com\/index.php\/produit\/t-shirt-brahbrah-kolektiboa\/#primaryimage"},"thumbnailUrl":"https:\/\/dispear-records.com\/wp-content\/uploads\/2021\/06\/IMG_1512.jpg","datePublished":"2021-06-27T08:07:44+00:00","dateModified":"2025-03-02T13:41:16+00:00","breadcrumb":{"@id":"https:\/\/dispear-records.com\/index.php\/produit\/t-shirt-brahbrah-kolektiboa\/#breadcrumb"},"inLanguage":"fr-FR","potentialAction":[{"@type":"ReadAction","target":["https:\/\/dispear-records.com\/index.php\/produit\/t-shirt-brahbrah-kolektiboa\/"]}]},{"@type":"ImageObject","inLanguage":"fr-FR","@id":"https:\/\/dispear-records.com\/index.php\/produit\/t-shirt-brahbrah-kolektiboa\/#primaryimage","url":"https:\/\/dispear-records.com\/wp-content\/uploads\/2021\/06\/IMG_1512.jpg","contentUrl":"https:\/\/dispear-records.com\/wp-content\/uploads\/2021\/06\/IMG_1512.jpg","width":2000,"height":2000},{"@type":"BreadcrumbList","@id":"https:\/\/dispear-records.com\/index.php\/produit\/t-shirt-brahbrah-kolektiboa\/#breadcrumb","itemListElement":[{"@type":"ListItem","position":1,"name":"Accueil","item":"https:\/\/dispear-records.com\/"},{"@type":"ListItem","position":2,"name":"Boutique","item":"https:\/\/dispear-records.com\/"},{"@type":"ListItem","position":3,"name":"[T-shirt]\u00a0BrahBrah Kolektiboa"}]},{"@type":"WebSite","@id":"https:\/\/dispear-records.com\/#website","url":"https:\/\/dispear-records.com\/","name":"Dispear Records","description":"DIY punk &amp; hardcore label","publisher":{"@id":"https:\/\/dispear-records.com\/#organization"},"potentialAction":[{"@type":"SearchAction","target":{"@type":"EntryPoint","urlTemplate":"https:\/\/dispear-records.com\/?s={search_term_string}"},"query-input":{"@type":"PropertyValueSpecification","valueRequired":true,"valueName":"search_term_string"}}],"inLanguage":"fr-FR"},{"@type":"Organization","@id":"https:\/\/dispear-records.com\/#organization","name":"Dispear Records","url":"https:\/\/dispear-records.com\/","logo":{"@type":"ImageObject","inLanguage":"fr-FR","@id":"https:\/\/dispear-records.com\/#\/schema\/logo\/image\/","url":"https:\/\/dispear-records.com\/wp-content\/uploads\/2021\/06\/cropped-cropped-dispear.png","contentUrl":"https:\/\/dispear-records.com\/wp-content\/uploads\/2021\/06\/cropped-cropped-dispear.png","width":2592,"height":709,"caption":"Dispear Records"},"image":{"@id":"https:\/\/dispear-records.com\/#\/schema\/logo\/image\/"}}]}},"_links":{"self":[{"href":"https:\/\/dispear-records.com\/index.php\/wp-json\/wp\/v2\/product\/160","targetHints":{"allow":["GET"]}}],"collection":[{"href":"https:\/\/dispear-records.com\/index.php\/wp-json\/wp\/v2\/product"}],"about":[{"href":"https:\/\/dispear-records.com\/index.php\/wp-json\/wp\/v2\/types\/product"}],"wp:featuredmedia":[{"embeddable":true,"href":"https:\/\/dispear-records.com\/index.php\/wp-json\/wp\/v2\/media\/212"}],"wp:attachment":[{"href":"https:\/\/dispear-records.com\/index.php\/wp-json\/wp\/v2\/media?parent=160"}],"wp:term":[{"taxonomy":"product_brand","embeddable":true,"href":"https:\/\/dispear-records.com\/index.php\/wp-json\/wp\/v2\/product_brand?post=160"},{"taxonomy":"product_cat","embeddable":true,"href":"https:\/\/dispear-records.com\/index.php\/wp-json\/wp\/v2\/product_cat?post=160"},{"taxonomy":"product_tag","embeddable":true,"href":"https:\/\/dispear-records.com\/index.php\/wp-json\/wp\/v2\/product_tag?post=160"}],"curies":[{"name":"wp","href":"https:\/\/api.w.org\/{rel}","templated":true}]}}