{"id":342,"date":"2022-02-24T09:27:32","date_gmt":"2022-02-24T08:27:32","guid":{"rendered":"https:\/\/dispear-records.com\/?post_type=product&#038;p=342"},"modified":"2024-07-06T21:56:16","modified_gmt":"2024-07-06T19:56:16","slug":"risographie-icarus-by-the-dead-krazukies","status":"publish","type":"product","link":"https:\/\/dispear-records.com\/index.php\/produit\/risographie-icarus-by-the-dead-krazukies\/","title":{"rendered":"[Riso] Icarus by The Dead Krazukies"},"content":{"rendered":"<p><span style=\"font-weight: 400;\">Nous sommes ici en pr\u00e9sence de la risographie du visuel de l&rsquo;album Icarus, dernier opus en date du groupe de punk rock The Dead Krazukies. <\/span><span style=\"font-weight: 400;\">Une \u00e9dition limit\u00e9e me direz-vous ? Mais comment ? Combien ? Et bien c&rsquo;est simple : 40 exemplaires num\u00e9rot\u00e9s, comme les Landes, parce que c\u2019est de l\u00e0 que viennent les Dead Krazukies ! Et h<\/span><span style=\"font-weight: 400;\">istoire d&rsquo;aller toujours plus loin (et d&#8217;emmerder les DK qui ont maintenant des tendinites au poignet), ces riso sont sign\u00e9es de la main m\u00eame des artistes musiciens du groupe sus-nomm\u00e9. Enfin, pour officialiser la chose : le petit tampon Dispear Records qui va bien.<\/span><\/p>\n<p><span style=\"font-weight: 400;\">L&rsquo;artwork est sign\u00e9 The Alien Art A<\/span><span style=\"font-weight: 400;\">gency, qui n&rsquo;est autre que Phil, le batteur compositeur du groupe. En somme quelqu&rsquo;un qui n&rsquo;a pas trop d&rsquo;int\u00e9r\u00eat pour le sommeil&#8230;!<\/span><\/p>\n<p><span style=\"font-weight: 400;\">Alors fonce, il n&rsquo;y en a pas beaucoup (40 on t&rsquo;a dit) ! Et quoi de mieux pour d\u00e9corer ton int\u00e9rieur avec go\u00fbt, tout en affirmant ta passion pour la sc\u00e8ne punk rock ?<\/span><\/p>\n<p><em>Imprim\u00e9es par <a href=\"https:\/\/risoornothing.com\/\" target=\"_blank\" rel=\"noopener\">Riso or Nothing<\/a> \u00e0 Biarritz City.<br \/>\nLa risographie qu&rsquo;est ce que c\u2019est ? Un proc\u00e9d\u00e9 d&rsquo;impression \u00e0 la pointe de la technologie ancestrale japonaise, utilisant des encres v\u00e9g\u00e9tales en impression \u00e0 froid.<br \/>\n<\/em><\/p>\n<p><strong><em>Exp\u00e9di\u00e9es en tubes cartonn\u00e9s et prot\u00e9g\u00e9es par pochette plastique, parce qu&rsquo;on est pas des chiens non plus.<\/em><\/strong><\/p>\n","protected":false},"excerpt":{"rendered":"<p><strong>Risographie &#8211; Icarus par The Dead Krazukies<\/strong><br \/>\nFormat A3<\/p>\n","protected":false},"featured_media":348,"template":"","meta":[],"product_brand":[],"product_cat":[36,35,52],"product_tag":[],"class_list":{"0":"post-342","1":"product","2":"type-product","3":"status-publish","4":"has-post-thumbnail","6":"product_cat-art","7":"product_cat-riso","8":"product_cat-the-dead-krazukies","10":"first","11":"instock","12":"shipping-taxable","13":"purchasable","14":"product-type-simple"},"yoast_head":"<!-- This site is optimized with the Yoast SEO plugin v27.3 - https:\/\/yoast.com\/product\/yoast-seo-wordpress\/ -->\n<title>[Riso] Icarus by The Dead Krazukies - Dispear Records<\/title>\n<meta name=\"description\" content=\"Sign\u00e9e Alien Art Agency, l&#039;illustration de l&#039;album &quot;Icarus&quot; des punkrockers de The Dead Krazukies est dispo en risographie !\" \/>\n<meta name=\"robots\" content=\"index, follow, max-snippet:-1, max-image-preview:large, max-video-preview:-1\" \/>\n<link rel=\"canonical\" href=\"https:\/\/dispear-records.com\/index.php\/produit\/risographie-icarus-by-the-dead-krazukies\/\" \/>\n<meta property=\"og:locale\" content=\"fr_FR\" \/>\n<meta property=\"og:type\" content=\"article\" \/>\n<meta property=\"og:title\" content=\"[Riso] Icarus by The Dead Krazukies - Dispear Records\" \/>\n<meta property=\"og:description\" content=\"Sign\u00e9e Alien Art Agency, l&#039;illustration de l&#039;album &quot;Icarus&quot; des punkrockers de The Dead Krazukies est dispo en risographie !\" \/>\n<meta property=\"og:url\" content=\"https:\/\/dispear-records.com\/index.php\/produit\/risographie-icarus-by-the-dead-krazukies\/\" \/>\n<meta property=\"og:site_name\" content=\"Dispear Records\" \/>\n<meta property=\"article:modified_time\" content=\"2024-07-06T19:56:16+00:00\" \/>\n<meta property=\"og:image\" content=\"https:\/\/dispear-records.com\/wp-content\/uploads\/2022\/02\/smallIMG_1032-1.jpg\" \/>\n\t<meta property=\"og:image:width\" content=\"1000\" \/>\n\t<meta property=\"og:image:height\" content=\"1000\" \/>\n\t<meta property=\"og:image:type\" content=\"image\/jpeg\" \/>\n<meta name=\"twitter:card\" content=\"summary_large_image\" \/>\n<meta name=\"twitter:label1\" content=\"Dur\u00e9e de lecture estim\u00e9e\" \/>\n\t<meta name=\"twitter:data1\" content=\"2 minutes\" \/>\n<script type=\"application\/ld+json\" class=\"yoast-schema-graph\">{\"@context\":\"https:\\\/\\\/schema.org\",\"@graph\":[{\"@type\":\"WebPage\",\"@id\":\"https:\\\/\\\/dispear-records.com\\\/index.php\\\/produit\\\/risographie-icarus-by-the-dead-krazukies\\\/\",\"url\":\"https:\\\/\\\/dispear-records.com\\\/index.php\\\/produit\\\/risographie-icarus-by-the-dead-krazukies\\\/\",\"name\":\"[Riso] Icarus by The Dead Krazukies - Dispear Records\",\"isPartOf\":{\"@id\":\"https:\\\/\\\/dispear-records.com\\\/#website\"},\"primaryImageOfPage\":{\"@id\":\"https:\\\/\\\/dispear-records.com\\\/index.php\\\/produit\\\/risographie-icarus-by-the-dead-krazukies\\\/#primaryimage\"},\"image\":{\"@id\":\"https:\\\/\\\/dispear-records.com\\\/index.php\\\/produit\\\/risographie-icarus-by-the-dead-krazukies\\\/#primaryimage\"},\"thumbnailUrl\":\"https:\\\/\\\/dispear-records.com\\\/wp-content\\\/uploads\\\/2022\\\/02\\\/smallIMG_1032-1.jpg\",\"datePublished\":\"2022-02-24T08:27:32+00:00\",\"dateModified\":\"2024-07-06T19:56:16+00:00\",\"description\":\"Sign\u00e9e Alien Art Agency, l'illustration de l'album \\\"Icarus\\\" des punkrockers de The Dead Krazukies est dispo en risographie !\",\"breadcrumb\":{\"@id\":\"https:\\\/\\\/dispear-records.com\\\/index.php\\\/produit\\\/risographie-icarus-by-the-dead-krazukies\\\/#breadcrumb\"},\"inLanguage\":\"fr-FR\",\"potentialAction\":[{\"@type\":\"ReadAction\",\"target\":[\"https:\\\/\\\/dispear-records.com\\\/index.php\\\/produit\\\/risographie-icarus-by-the-dead-krazukies\\\/\"]}]},{\"@type\":\"ImageObject\",\"inLanguage\":\"fr-FR\",\"@id\":\"https:\\\/\\\/dispear-records.com\\\/index.php\\\/produit\\\/risographie-icarus-by-the-dead-krazukies\\\/#primaryimage\",\"url\":\"https:\\\/\\\/dispear-records.com\\\/wp-content\\\/uploads\\\/2022\\\/02\\\/smallIMG_1032-1.jpg\",\"contentUrl\":\"https:\\\/\\\/dispear-records.com\\\/wp-content\\\/uploads\\\/2022\\\/02\\\/smallIMG_1032-1.jpg\",\"width\":1000,\"height\":1000},{\"@type\":\"BreadcrumbList\",\"@id\":\"https:\\\/\\\/dispear-records.com\\\/index.php\\\/produit\\\/risographie-icarus-by-the-dead-krazukies\\\/#breadcrumb\",\"itemListElement\":[{\"@type\":\"ListItem\",\"position\":1,\"name\":\"Accueil\",\"item\":\"https:\\\/\\\/dispear-records.com\\\/\"},{\"@type\":\"ListItem\",\"position\":2,\"name\":\"Boutique\",\"item\":\"https:\\\/\\\/dispear-records.com\\\/\"},{\"@type\":\"ListItem\",\"position\":3,\"name\":\"[Riso] Icarus by The Dead Krazukies\"}]},{\"@type\":\"WebSite\",\"@id\":\"https:\\\/\\\/dispear-records.com\\\/#website\",\"url\":\"https:\\\/\\\/dispear-records.com\\\/\",\"name\":\"Dispear Records\",\"description\":\"DIY punk &amp; hardcore label\",\"publisher\":{\"@id\":\"https:\\\/\\\/dispear-records.com\\\/#organization\"},\"potentialAction\":[{\"@type\":\"SearchAction\",\"target\":{\"@type\":\"EntryPoint\",\"urlTemplate\":\"https:\\\/\\\/dispear-records.com\\\/?s={search_term_string}\"},\"query-input\":{\"@type\":\"PropertyValueSpecification\",\"valueRequired\":true,\"valueName\":\"search_term_string\"}}],\"inLanguage\":\"fr-FR\"},{\"@type\":\"Organization\",\"@id\":\"https:\\\/\\\/dispear-records.com\\\/#organization\",\"name\":\"Dispear Records\",\"url\":\"https:\\\/\\\/dispear-records.com\\\/\",\"logo\":{\"@type\":\"ImageObject\",\"inLanguage\":\"fr-FR\",\"@id\":\"https:\\\/\\\/dispear-records.com\\\/#\\\/schema\\\/logo\\\/image\\\/\",\"url\":\"https:\\\/\\\/dispear-records.com\\\/wp-content\\\/uploads\\\/2021\\\/06\\\/cropped-cropped-dispear.png\",\"contentUrl\":\"https:\\\/\\\/dispear-records.com\\\/wp-content\\\/uploads\\\/2021\\\/06\\\/cropped-cropped-dispear.png\",\"width\":2592,\"height\":709,\"caption\":\"Dispear Records\"},\"image\":{\"@id\":\"https:\\\/\\\/dispear-records.com\\\/#\\\/schema\\\/logo\\\/image\\\/\"}}]}<\/script>\n<!-- \/ Yoast SEO plugin. -->","yoast_head_json":{"title":"[Riso] Icarus by The Dead Krazukies - Dispear Records","description":"Sign\u00e9e Alien Art Agency, l'illustration de l'album \"Icarus\" des punkrockers de The Dead Krazukies est dispo en risographie !","robots":{"index":"index","follow":"follow","max-snippet":"max-snippet:-1","max-image-preview":"max-image-preview:large","max-video-preview":"max-video-preview:-1"},"canonical":"https:\/\/dispear-records.com\/index.php\/produit\/risographie-icarus-by-the-dead-krazukies\/","og_locale":"fr_FR","og_type":"article","og_title":"[Riso] Icarus by The Dead Krazukies - Dispear Records","og_description":"Sign\u00e9e Alien Art Agency, l'illustration de l'album \"Icarus\" des punkrockers de The Dead Krazukies est dispo en risographie !","og_url":"https:\/\/dispear-records.com\/index.php\/produit\/risographie-icarus-by-the-dead-krazukies\/","og_site_name":"Dispear Records","article_modified_time":"2024-07-06T19:56:16+00:00","og_image":[{"width":1000,"height":1000,"url":"https:\/\/dispear-records.com\/wp-content\/uploads\/2022\/02\/smallIMG_1032-1.jpg","type":"image\/jpeg"}],"twitter_card":"summary_large_image","twitter_misc":{"Dur\u00e9e de lecture estim\u00e9e":"2 minutes"},"schema":{"@context":"https:\/\/schema.org","@graph":[{"@type":"WebPage","@id":"https:\/\/dispear-records.com\/index.php\/produit\/risographie-icarus-by-the-dead-krazukies\/","url":"https:\/\/dispear-records.com\/index.php\/produit\/risographie-icarus-by-the-dead-krazukies\/","name":"[Riso] Icarus by The Dead Krazukies - Dispear Records","isPartOf":{"@id":"https:\/\/dispear-records.com\/#website"},"primaryImageOfPage":{"@id":"https:\/\/dispear-records.com\/index.php\/produit\/risographie-icarus-by-the-dead-krazukies\/#primaryimage"},"image":{"@id":"https:\/\/dispear-records.com\/index.php\/produit\/risographie-icarus-by-the-dead-krazukies\/#primaryimage"},"thumbnailUrl":"https:\/\/dispear-records.com\/wp-content\/uploads\/2022\/02\/smallIMG_1032-1.jpg","datePublished":"2022-02-24T08:27:32+00:00","dateModified":"2024-07-06T19:56:16+00:00","description":"Sign\u00e9e Alien Art Agency, l'illustration de l'album \"Icarus\" des punkrockers de The Dead Krazukies est dispo en risographie !","breadcrumb":{"@id":"https:\/\/dispear-records.com\/index.php\/produit\/risographie-icarus-by-the-dead-krazukies\/#breadcrumb"},"inLanguage":"fr-FR","potentialAction":[{"@type":"ReadAction","target":["https:\/\/dispear-records.com\/index.php\/produit\/risographie-icarus-by-the-dead-krazukies\/"]}]},{"@type":"ImageObject","inLanguage":"fr-FR","@id":"https:\/\/dispear-records.com\/index.php\/produit\/risographie-icarus-by-the-dead-krazukies\/#primaryimage","url":"https:\/\/dispear-records.com\/wp-content\/uploads\/2022\/02\/smallIMG_1032-1.jpg","contentUrl":"https:\/\/dispear-records.com\/wp-content\/uploads\/2022\/02\/smallIMG_1032-1.jpg","width":1000,"height":1000},{"@type":"BreadcrumbList","@id":"https:\/\/dispear-records.com\/index.php\/produit\/risographie-icarus-by-the-dead-krazukies\/#breadcrumb","itemListElement":[{"@type":"ListItem","position":1,"name":"Accueil","item":"https:\/\/dispear-records.com\/"},{"@type":"ListItem","position":2,"name":"Boutique","item":"https:\/\/dispear-records.com\/"},{"@type":"ListItem","position":3,"name":"[Riso] Icarus by The Dead Krazukies"}]},{"@type":"WebSite","@id":"https:\/\/dispear-records.com\/#website","url":"https:\/\/dispear-records.com\/","name":"Dispear Records","description":"DIY punk &amp; hardcore label","publisher":{"@id":"https:\/\/dispear-records.com\/#organization"},"potentialAction":[{"@type":"SearchAction","target":{"@type":"EntryPoint","urlTemplate":"https:\/\/dispear-records.com\/?s={search_term_string}"},"query-input":{"@type":"PropertyValueSpecification","valueRequired":true,"valueName":"search_term_string"}}],"inLanguage":"fr-FR"},{"@type":"Organization","@id":"https:\/\/dispear-records.com\/#organization","name":"Dispear Records","url":"https:\/\/dispear-records.com\/","logo":{"@type":"ImageObject","inLanguage":"fr-FR","@id":"https:\/\/dispear-records.com\/#\/schema\/logo\/image\/","url":"https:\/\/dispear-records.com\/wp-content\/uploads\/2021\/06\/cropped-cropped-dispear.png","contentUrl":"https:\/\/dispear-records.com\/wp-content\/uploads\/2021\/06\/cropped-cropped-dispear.png","width":2592,"height":709,"caption":"Dispear Records"},"image":{"@id":"https:\/\/dispear-records.com\/#\/schema\/logo\/image\/"}}]}},"_links":{"self":[{"href":"https:\/\/dispear-records.com\/index.php\/wp-json\/wp\/v2\/product\/342","targetHints":{"allow":["GET"]}}],"collection":[{"href":"https:\/\/dispear-records.com\/index.php\/wp-json\/wp\/v2\/product"}],"about":[{"href":"https:\/\/dispear-records.com\/index.php\/wp-json\/wp\/v2\/types\/product"}],"wp:featuredmedia":[{"embeddable":true,"href":"https:\/\/dispear-records.com\/index.php\/wp-json\/wp\/v2\/media\/348"}],"wp:attachment":[{"href":"https:\/\/dispear-records.com\/index.php\/wp-json\/wp\/v2\/media?parent=342"}],"wp:term":[{"taxonomy":"product_brand","embeddable":true,"href":"https:\/\/dispear-records.com\/index.php\/wp-json\/wp\/v2\/product_brand?post=342"},{"taxonomy":"product_cat","embeddable":true,"href":"https:\/\/dispear-records.com\/index.php\/wp-json\/wp\/v2\/product_cat?post=342"},{"taxonomy":"product_tag","embeddable":true,"href":"https:\/\/dispear-records.com\/index.php\/wp-json\/wp\/v2\/product_tag?post=342"}],"curies":[{"name":"wp","href":"https:\/\/api.w.org\/{rel}","templated":true}]}}