{"id":580,"date":"2023-06-22T13:20:18","date_gmt":"2023-06-22T11:20:18","guid":{"rendered":"https:\/\/dispear-records.com\/?post_type=product&#038;p=580"},"modified":"2024-12-18T11:43:06","modified_gmt":"2024-12-18T10:43:06","slug":"cassette-the-dead-krazukies-from-the-underworld","status":"publish","type":"product","link":"https:\/\/dispear-records.com\/index.php\/produit\/cassette-the-dead-krazukies-from-the-underworld\/","title":{"rendered":"[Cassette] The Dead Krazukies &#8211; From The Underworld"},"content":{"rendered":"<p><span style=\"font-weight: 400;\">Les locaux (et h\u00e9ros) de l\u2019\u00e9tape The Dead Krazukies sortent cette ann\u00e9e leur 3e album studio : From The Underworld, et c&rsquo;est avec une fiert\u00e9 non dissimul\u00e9e que nous vous en proposons la version cassette ! Le cuisinier n\u2019a pas chang\u00e9 et la sauce est toujours aussi bonne ! Et comme c&rsquo;est dans les vieux pots qu&rsquo;on fait la meilleure confiture, on sent que le nombre des ann\u00e9es et l\u2019exp\u00e9rience des gaziers apportent \u00e0 cet opus une maturit\u00e9 qui se ressent tout au long des titres (toutes proportions gard\u00e9es, on reste sur du punk rock, pas un triple \u00e9toil\u00e9 Michelin).<\/span><\/p>\n<p><span style=\"font-weight: 400;\">Tant\u00f4t m\u00e9lo, tant\u00f4t hardcore ou m\u00eame ska (reggae !!), les morceaux s\u2019enchainent bien et la production l\u00e9ch\u00e9e se met au service de chaque \u00e9cart stylistique. Parce que oui, derri\u00e8re les manettes, les Dead Kra ont su choisir des gars qui rigolent pas : Christian Carvin au mixage et Jason Livermore (NOFX, Rise Against, Descendent\u2026) au mastering !<\/span><\/p>\n<p><span style=\"font-weight: 400;\">Et cerise sur le g\u00e2teau, la reprise version punk rock du morceau \u201c<em>Maniac<\/em>\u201d de la BO de Flashdance !! On dit quoi ? on dit \u201cMerci les Dead Kra !!!\u201d<\/span><\/p>\n<p><span style=\"font-weight: 400;\">Edition limit\u00e9e \u00e0 100 exemplaires num\u00e9rot\u00e9s.<\/span><\/p>\n<p><em>Recorded by Serge Bianne at Aturri Studio, Mouguerre, France.<\/em><br \/>\n<em>Recorded and produced by Phil Krazuki at Alien Studios, Tosse, France.<\/em><br \/>\n<em>Mixed by Christian Carvin at All Production, St Andr\u00e9 d\u2019Embrun, France.<br \/>\nMastered by Jason Livermore at The Blasting Room, Fort Collins, Colorado, USA.<\/em><br \/>\n<em>All songs written by Phil Krazuki and performed by The Dead Krazukies.<\/em><br \/>\n<em>The Dead Krazukies are: Maider (lead vocals), Fafo (guitar, vocals), Jul1 (bass, vocals), Phil (drums, vocals).<\/em><br \/>\n<em>Additional gang vocals by Roch Tortuga, Julien Ferran, Rob Larripa.<br \/>\n<\/em><em>\u00ab\u00a0Maniac\u00a0\u00bb guitar solo by Papa Seb<\/em><br \/>\n<em>Artwork by Phil.<\/em><\/p>\n<p><iframe style=\"border: 0; width: 500px; height: 472px;\" src=\"https:\/\/bandcamp.com\/EmbeddedPlayer\/album=4020344126\/size=large\/bgcol=ffffff\/linkcol=333333\/artwork=small\/transparent=true\/\" seamless=\"\"><span data-mce-type=\"bookmark\" style=\"display: inline-block; width: 0px; overflow: hidden; line-height: 0;\" class=\"mce_SELRES_start\">\ufeff<\/span><a href=\"https:\/\/thedeadkrazukies.bandcamp.com\/album\/icarus\">Icarus by The Dead Krazukies<\/a><\/iframe><\/p>\n","protected":false},"excerpt":{"rendered":"<p><strong>The Dead Krazukies &#8211; From The Underworld<\/strong><br \/>\n2023 \/\/ 11 tracks<br \/>\nPunk Rock<br \/>\nHossegor \/\/ France<\/p>\n","protected":false},"featured_media":582,"template":"","meta":[],"product_brand":[],"product_cat":[19,52],"product_tag":[28],"class_list":{"0":"post-580","1":"product","2":"type-product","3":"status-publish","4":"has-post-thumbnail","6":"product_cat-cassettes","7":"product_cat-the-dead-krazukies","8":"product_tag-punk-rock","10":"first","11":"instock","12":"shipping-taxable","13":"purchasable","14":"product-type-simple"},"yoast_head":"<!-- This site is optimized with the Yoast SEO plugin v27.5 - https:\/\/yoast.com\/product\/yoast-seo-wordpress\/ -->\n<title>[Cassette] The Dead Krazukies - From The Underworld<\/title>\n<meta name=\"description\" content=\"Le 3e album de The Dead Krazukies : From The Underworld, dispo en cassette sur Dispear Records ! 11 titres punkrock, mais pas que..!\" \/>\n<meta name=\"robots\" content=\"index, follow, max-snippet:-1, max-image-preview:large, max-video-preview:-1\" \/>\n<link rel=\"canonical\" href=\"https:\/\/dispear-records.com\/index.php\/produit\/cassette-the-dead-krazukies-from-the-underworld\/\" \/>\n<meta property=\"og:locale\" content=\"fr_FR\" \/>\n<meta property=\"og:type\" content=\"article\" \/>\n<meta property=\"og:title\" content=\"[Cassette] The Dead Krazukies - From The Underworld\" \/>\n<meta property=\"og:description\" content=\"Le 3e album de The Dead Krazukies : From The Underworld, dispo en cassette sur Dispear Records ! 11 titres punkrock, mais pas que..!\" \/>\n<meta property=\"og:url\" content=\"https:\/\/dispear-records.com\/index.php\/produit\/cassette-the-dead-krazukies-from-the-underworld\/\" \/>\n<meta property=\"og:site_name\" content=\"Dispear Records\" \/>\n<meta property=\"article:modified_time\" content=\"2024-12-18T10:43:06+00:00\" \/>\n<meta property=\"og:image\" content=\"https:\/\/dispear-records.com\/wp-content\/uploads\/2023\/06\/IMG_0012-800.jpg\" \/>\n\t<meta property=\"og:image:width\" content=\"800\" \/>\n\t<meta property=\"og:image:height\" content=\"800\" \/>\n\t<meta property=\"og:image:type\" content=\"image\/jpeg\" \/>\n<meta name=\"twitter:card\" content=\"summary_large_image\" \/>\n<meta name=\"twitter:label1\" content=\"Dur\u00e9e de lecture estim\u00e9e\" \/>\n\t<meta name=\"twitter:data1\" content=\"2 minutes\" \/>\n<script type=\"application\/ld+json\" class=\"yoast-schema-graph\">{\"@context\":\"https:\\\/\\\/schema.org\",\"@graph\":[{\"@type\":\"WebPage\",\"@id\":\"https:\\\/\\\/dispear-records.com\\\/index.php\\\/produit\\\/cassette-the-dead-krazukies-from-the-underworld\\\/\",\"url\":\"https:\\\/\\\/dispear-records.com\\\/index.php\\\/produit\\\/cassette-the-dead-krazukies-from-the-underworld\\\/\",\"name\":\"[Cassette] The Dead Krazukies - From The Underworld\",\"isPartOf\":{\"@id\":\"https:\\\/\\\/dispear-records.com\\\/#website\"},\"primaryImageOfPage\":{\"@id\":\"https:\\\/\\\/dispear-records.com\\\/index.php\\\/produit\\\/cassette-the-dead-krazukies-from-the-underworld\\\/#primaryimage\"},\"image\":{\"@id\":\"https:\\\/\\\/dispear-records.com\\\/index.php\\\/produit\\\/cassette-the-dead-krazukies-from-the-underworld\\\/#primaryimage\"},\"thumbnailUrl\":\"https:\\\/\\\/dispear-records.com\\\/wp-content\\\/uploads\\\/2023\\\/06\\\/IMG_0012-800.jpg\",\"datePublished\":\"2023-06-22T11:20:18+00:00\",\"dateModified\":\"2024-12-18T10:43:06+00:00\",\"description\":\"Le 3e album de The Dead Krazukies : From The Underworld, dispo en cassette sur Dispear Records ! 11 titres punkrock, mais pas que..!\",\"breadcrumb\":{\"@id\":\"https:\\\/\\\/dispear-records.com\\\/index.php\\\/produit\\\/cassette-the-dead-krazukies-from-the-underworld\\\/#breadcrumb\"},\"inLanguage\":\"fr-FR\",\"potentialAction\":[{\"@type\":\"ReadAction\",\"target\":[\"https:\\\/\\\/dispear-records.com\\\/index.php\\\/produit\\\/cassette-the-dead-krazukies-from-the-underworld\\\/\"]}]},{\"@type\":\"ImageObject\",\"inLanguage\":\"fr-FR\",\"@id\":\"https:\\\/\\\/dispear-records.com\\\/index.php\\\/produit\\\/cassette-the-dead-krazukies-from-the-underworld\\\/#primaryimage\",\"url\":\"https:\\\/\\\/dispear-records.com\\\/wp-content\\\/uploads\\\/2023\\\/06\\\/IMG_0012-800.jpg\",\"contentUrl\":\"https:\\\/\\\/dispear-records.com\\\/wp-content\\\/uploads\\\/2023\\\/06\\\/IMG_0012-800.jpg\",\"width\":800,\"height\":800},{\"@type\":\"BreadcrumbList\",\"@id\":\"https:\\\/\\\/dispear-records.com\\\/index.php\\\/produit\\\/cassette-the-dead-krazukies-from-the-underworld\\\/#breadcrumb\",\"itemListElement\":[{\"@type\":\"ListItem\",\"position\":1,\"name\":\"Accueil\",\"item\":\"https:\\\/\\\/dispear-records.com\\\/\"},{\"@type\":\"ListItem\",\"position\":2,\"name\":\"Boutique\",\"item\":\"https:\\\/\\\/dispear-records.com\\\/\"},{\"@type\":\"ListItem\",\"position\":3,\"name\":\"[Cassette] The Dead Krazukies &#8211; From The Underworld\"}]},{\"@type\":\"WebSite\",\"@id\":\"https:\\\/\\\/dispear-records.com\\\/#website\",\"url\":\"https:\\\/\\\/dispear-records.com\\\/\",\"name\":\"Dispear Records\",\"description\":\"DIY punk &amp; hardcore label\",\"publisher\":{\"@id\":\"https:\\\/\\\/dispear-records.com\\\/#organization\"},\"potentialAction\":[{\"@type\":\"SearchAction\",\"target\":{\"@type\":\"EntryPoint\",\"urlTemplate\":\"https:\\\/\\\/dispear-records.com\\\/?s={search_term_string}\"},\"query-input\":{\"@type\":\"PropertyValueSpecification\",\"valueRequired\":true,\"valueName\":\"search_term_string\"}}],\"inLanguage\":\"fr-FR\"},{\"@type\":\"Organization\",\"@id\":\"https:\\\/\\\/dispear-records.com\\\/#organization\",\"name\":\"Dispear Records\",\"url\":\"https:\\\/\\\/dispear-records.com\\\/\",\"logo\":{\"@type\":\"ImageObject\",\"inLanguage\":\"fr-FR\",\"@id\":\"https:\\\/\\\/dispear-records.com\\\/#\\\/schema\\\/logo\\\/image\\\/\",\"url\":\"https:\\\/\\\/dispear-records.com\\\/wp-content\\\/uploads\\\/2021\\\/06\\\/cropped-cropped-dispear.png\",\"contentUrl\":\"https:\\\/\\\/dispear-records.com\\\/wp-content\\\/uploads\\\/2021\\\/06\\\/cropped-cropped-dispear.png\",\"width\":2592,\"height\":709,\"caption\":\"Dispear Records\"},\"image\":{\"@id\":\"https:\\\/\\\/dispear-records.com\\\/#\\\/schema\\\/logo\\\/image\\\/\"}}]}<\/script>\n<!-- \/ Yoast SEO plugin. -->","yoast_head_json":{"title":"[Cassette] The Dead Krazukies - From The Underworld","description":"Le 3e album de The Dead Krazukies : From The Underworld, dispo en cassette sur Dispear Records ! 11 titres punkrock, mais pas que..!","robots":{"index":"index","follow":"follow","max-snippet":"max-snippet:-1","max-image-preview":"max-image-preview:large","max-video-preview":"max-video-preview:-1"},"canonical":"https:\/\/dispear-records.com\/index.php\/produit\/cassette-the-dead-krazukies-from-the-underworld\/","og_locale":"fr_FR","og_type":"article","og_title":"[Cassette] The Dead Krazukies - From The Underworld","og_description":"Le 3e album de The Dead Krazukies : From The Underworld, dispo en cassette sur Dispear Records ! 11 titres punkrock, mais pas que..!","og_url":"https:\/\/dispear-records.com\/index.php\/produit\/cassette-the-dead-krazukies-from-the-underworld\/","og_site_name":"Dispear Records","article_modified_time":"2024-12-18T10:43:06+00:00","og_image":[{"width":800,"height":800,"url":"https:\/\/dispear-records.com\/wp-content\/uploads\/2023\/06\/IMG_0012-800.jpg","type":"image\/jpeg"}],"twitter_card":"summary_large_image","twitter_misc":{"Dur\u00e9e de lecture estim\u00e9e":"2 minutes"},"schema":{"@context":"https:\/\/schema.org","@graph":[{"@type":"WebPage","@id":"https:\/\/dispear-records.com\/index.php\/produit\/cassette-the-dead-krazukies-from-the-underworld\/","url":"https:\/\/dispear-records.com\/index.php\/produit\/cassette-the-dead-krazukies-from-the-underworld\/","name":"[Cassette] The Dead Krazukies - From The Underworld","isPartOf":{"@id":"https:\/\/dispear-records.com\/#website"},"primaryImageOfPage":{"@id":"https:\/\/dispear-records.com\/index.php\/produit\/cassette-the-dead-krazukies-from-the-underworld\/#primaryimage"},"image":{"@id":"https:\/\/dispear-records.com\/index.php\/produit\/cassette-the-dead-krazukies-from-the-underworld\/#primaryimage"},"thumbnailUrl":"https:\/\/dispear-records.com\/wp-content\/uploads\/2023\/06\/IMG_0012-800.jpg","datePublished":"2023-06-22T11:20:18+00:00","dateModified":"2024-12-18T10:43:06+00:00","description":"Le 3e album de The Dead Krazukies : From The Underworld, dispo en cassette sur Dispear Records ! 11 titres punkrock, mais pas que..!","breadcrumb":{"@id":"https:\/\/dispear-records.com\/index.php\/produit\/cassette-the-dead-krazukies-from-the-underworld\/#breadcrumb"},"inLanguage":"fr-FR","potentialAction":[{"@type":"ReadAction","target":["https:\/\/dispear-records.com\/index.php\/produit\/cassette-the-dead-krazukies-from-the-underworld\/"]}]},{"@type":"ImageObject","inLanguage":"fr-FR","@id":"https:\/\/dispear-records.com\/index.php\/produit\/cassette-the-dead-krazukies-from-the-underworld\/#primaryimage","url":"https:\/\/dispear-records.com\/wp-content\/uploads\/2023\/06\/IMG_0012-800.jpg","contentUrl":"https:\/\/dispear-records.com\/wp-content\/uploads\/2023\/06\/IMG_0012-800.jpg","width":800,"height":800},{"@type":"BreadcrumbList","@id":"https:\/\/dispear-records.com\/index.php\/produit\/cassette-the-dead-krazukies-from-the-underworld\/#breadcrumb","itemListElement":[{"@type":"ListItem","position":1,"name":"Accueil","item":"https:\/\/dispear-records.com\/"},{"@type":"ListItem","position":2,"name":"Boutique","item":"https:\/\/dispear-records.com\/"},{"@type":"ListItem","position":3,"name":"[Cassette] The Dead Krazukies &#8211; From The Underworld"}]},{"@type":"WebSite","@id":"https:\/\/dispear-records.com\/#website","url":"https:\/\/dispear-records.com\/","name":"Dispear Records","description":"DIY punk &amp; hardcore label","publisher":{"@id":"https:\/\/dispear-records.com\/#organization"},"potentialAction":[{"@type":"SearchAction","target":{"@type":"EntryPoint","urlTemplate":"https:\/\/dispear-records.com\/?s={search_term_string}"},"query-input":{"@type":"PropertyValueSpecification","valueRequired":true,"valueName":"search_term_string"}}],"inLanguage":"fr-FR"},{"@type":"Organization","@id":"https:\/\/dispear-records.com\/#organization","name":"Dispear Records","url":"https:\/\/dispear-records.com\/","logo":{"@type":"ImageObject","inLanguage":"fr-FR","@id":"https:\/\/dispear-records.com\/#\/schema\/logo\/image\/","url":"https:\/\/dispear-records.com\/wp-content\/uploads\/2021\/06\/cropped-cropped-dispear.png","contentUrl":"https:\/\/dispear-records.com\/wp-content\/uploads\/2021\/06\/cropped-cropped-dispear.png","width":2592,"height":709,"caption":"Dispear Records"},"image":{"@id":"https:\/\/dispear-records.com\/#\/schema\/logo\/image\/"}}]}},"_links":{"self":[{"href":"https:\/\/dispear-records.com\/index.php\/wp-json\/wp\/v2\/product\/580","targetHints":{"allow":["GET"]}}],"collection":[{"href":"https:\/\/dispear-records.com\/index.php\/wp-json\/wp\/v2\/product"}],"about":[{"href":"https:\/\/dispear-records.com\/index.php\/wp-json\/wp\/v2\/types\/product"}],"wp:featuredmedia":[{"embeddable":true,"href":"https:\/\/dispear-records.com\/index.php\/wp-json\/wp\/v2\/media\/582"}],"wp:attachment":[{"href":"https:\/\/dispear-records.com\/index.php\/wp-json\/wp\/v2\/media?parent=580"}],"wp:term":[{"taxonomy":"product_brand","embeddable":true,"href":"https:\/\/dispear-records.com\/index.php\/wp-json\/wp\/v2\/product_brand?post=580"},{"taxonomy":"product_cat","embeddable":true,"href":"https:\/\/dispear-records.com\/index.php\/wp-json\/wp\/v2\/product_cat?post=580"},{"taxonomy":"product_tag","embeddable":true,"href":"https:\/\/dispear-records.com\/index.php\/wp-json\/wp\/v2\/product_tag?post=580"}],"curies":[{"name":"wp","href":"https:\/\/api.w.org\/{rel}","templated":true}]}}