{"id":652,"date":"2024-01-29T09:35:48","date_gmt":"2024-01-29T08:35:48","guid":{"rendered":"https:\/\/dispear-records.com\/?post_type=product&#038;p=652"},"modified":"2025-09-23T12:11:59","modified_gmt":"2025-09-23T10:11:59","slug":"cassette-aho-zakil-konekxion-kisulabe","status":"publish","type":"product","link":"https:\/\/dispear-records.com\/index.php\/produit\/cassette-aho-zakil-konekxion-kisulabe\/","title":{"rendered":"[Cassette] Aho Zakil Konekxion &#8211; Kisulabe"},"content":{"rendered":"<p>Aho Zakil Konekxion (AZK pour les intimes), a sorti au printemps 2022 son premier album intitul\u00e9 Kisulabe : 10 titres de pur punk&rsquo;n roll \u00e0 la sauce punk 77 ! Ambiance les Ramones, les Damned, les Stooges ou encore Kortatu, Leihotikan, etc. etc. \u00c7a chante en basque et \u00e7a crie \u00e0 la gueule de son auditoire les sujets sociaux et politiques qui mouvementent le Pays Basque.<\/p>\n<p>Cet album ravira tous les punkeros de la premi\u00e8re heure, comme les fans de punk rock et punk hardcore old school, c&rsquo;est diablement efficace !<\/p>\n<p><iframe style=\"border: 0; width: 400px; height: 472px;\" src=\"https:\/\/bandcamp.com\/EmbeddedPlayer\/album=1536024972\/size=large\/bgcol=ffffff\/linkcol=f171a2\/artwork=small\/transparent=true\/\" seamless=\"\"><a href=\"https:\/\/ahozakilkonekxion.bandcamp.com\/album\/kisulabe\">Kisulabe de aho zakil konekxion<\/a><\/iframe><\/p>\n","protected":false},"excerpt":{"rendered":"<p><strong>Aho Zakil Konekxion &#8211; Kisulabe<\/strong><br \/>\n2022 \/\/ 10 tracks<br \/>\nPunk Rock<br \/>\nZugarramurdi \/\/ Euskal Herria<\/p>\n","protected":false},"featured_media":658,"template":"","meta":[],"product_brand":[],"product_cat":[53,19],"product_tag":[28],"class_list":{"0":"post-652","1":"product","2":"type-product","3":"status-publish","4":"has-post-thumbnail","6":"product_cat-aho-zakil-konekxion","7":"product_cat-cassettes","8":"product_tag-punk-rock","10":"first","11":"instock","12":"shipping-taxable","13":"purchasable","14":"product-type-simple"},"yoast_head":"<!-- This site is optimized with the Yoast SEO plugin v27.5 - https:\/\/yoast.com\/product\/yoast-seo-wordpress\/ -->\n<title>[Cassette] Aho Zakil Konekxion - Kisulabe<\/title>\n<meta name=\"description\" content=\"Kisulabe : premier EP des basques d&#039;Aho Zakil Konekxion. Du punk rock old school efficace et brut comme on l&#039;aime ! R\u00e9vise ton euskara et prends ta claque !\" \/>\n<meta name=\"robots\" content=\"index, follow, max-snippet:-1, max-image-preview:large, max-video-preview:-1\" \/>\n<link rel=\"canonical\" href=\"https:\/\/dispear-records.com\/index.php\/produit\/cassette-aho-zakil-konekxion-kisulabe\/\" \/>\n<meta property=\"og:locale\" content=\"fr_FR\" \/>\n<meta property=\"og:type\" content=\"article\" \/>\n<meta property=\"og:title\" content=\"[Cassette] Aho Zakil Konekxion - Kisulabe\" \/>\n<meta property=\"og:description\" content=\"Kisulabe : premier EP des basques d&#039;Aho Zakil Konekxion. Du punk rock old school efficace et brut comme on l&#039;aime ! R\u00e9vise ton euskara et prends ta claque !\" \/>\n<meta property=\"og:url\" content=\"https:\/\/dispear-records.com\/index.php\/produit\/cassette-aho-zakil-konekxion-kisulabe\/\" \/>\n<meta property=\"og:site_name\" content=\"Dispear Records\" \/>\n<meta property=\"article:modified_time\" content=\"2025-09-23T10:11:59+00:00\" \/>\n<meta property=\"og:image\" content=\"https:\/\/dispear-records.com\/wp-content\/uploads\/2024\/01\/IMG_0975-800.jpg\" \/>\n\t<meta property=\"og:image:width\" content=\"800\" \/>\n\t<meta property=\"og:image:height\" content=\"800\" \/>\n\t<meta property=\"og:image:type\" content=\"image\/jpeg\" \/>\n<meta name=\"twitter:card\" content=\"summary_large_image\" \/>\n<meta name=\"twitter:label1\" content=\"Dur\u00e9e de lecture estim\u00e9e\" \/>\n\t<meta name=\"twitter:data1\" content=\"1 minute\" \/>\n<script type=\"application\/ld+json\" class=\"yoast-schema-graph\">{\"@context\":\"https:\\\/\\\/schema.org\",\"@graph\":[{\"@type\":\"WebPage\",\"@id\":\"https:\\\/\\\/dispear-records.com\\\/index.php\\\/produit\\\/cassette-aho-zakil-konekxion-kisulabe\\\/\",\"url\":\"https:\\\/\\\/dispear-records.com\\\/index.php\\\/produit\\\/cassette-aho-zakil-konekxion-kisulabe\\\/\",\"name\":\"[Cassette] Aho Zakil Konekxion - Kisulabe\",\"isPartOf\":{\"@id\":\"https:\\\/\\\/dispear-records.com\\\/#website\"},\"primaryImageOfPage\":{\"@id\":\"https:\\\/\\\/dispear-records.com\\\/index.php\\\/produit\\\/cassette-aho-zakil-konekxion-kisulabe\\\/#primaryimage\"},\"image\":{\"@id\":\"https:\\\/\\\/dispear-records.com\\\/index.php\\\/produit\\\/cassette-aho-zakil-konekxion-kisulabe\\\/#primaryimage\"},\"thumbnailUrl\":\"https:\\\/\\\/dispear-records.com\\\/wp-content\\\/uploads\\\/2024\\\/01\\\/IMG_0975-800.jpg\",\"datePublished\":\"2024-01-29T08:35:48+00:00\",\"dateModified\":\"2025-09-23T10:11:59+00:00\",\"description\":\"Kisulabe : premier EP des basques d'Aho Zakil Konekxion. Du punk rock old school efficace et brut comme on l'aime ! R\u00e9vise ton euskara et prends ta claque !\",\"breadcrumb\":{\"@id\":\"https:\\\/\\\/dispear-records.com\\\/index.php\\\/produit\\\/cassette-aho-zakil-konekxion-kisulabe\\\/#breadcrumb\"},\"inLanguage\":\"fr-FR\",\"potentialAction\":[{\"@type\":\"ReadAction\",\"target\":[\"https:\\\/\\\/dispear-records.com\\\/index.php\\\/produit\\\/cassette-aho-zakil-konekxion-kisulabe\\\/\"]}]},{\"@type\":\"ImageObject\",\"inLanguage\":\"fr-FR\",\"@id\":\"https:\\\/\\\/dispear-records.com\\\/index.php\\\/produit\\\/cassette-aho-zakil-konekxion-kisulabe\\\/#primaryimage\",\"url\":\"https:\\\/\\\/dispear-records.com\\\/wp-content\\\/uploads\\\/2024\\\/01\\\/IMG_0975-800.jpg\",\"contentUrl\":\"https:\\\/\\\/dispear-records.com\\\/wp-content\\\/uploads\\\/2024\\\/01\\\/IMG_0975-800.jpg\",\"width\":800,\"height\":800},{\"@type\":\"BreadcrumbList\",\"@id\":\"https:\\\/\\\/dispear-records.com\\\/index.php\\\/produit\\\/cassette-aho-zakil-konekxion-kisulabe\\\/#breadcrumb\",\"itemListElement\":[{\"@type\":\"ListItem\",\"position\":1,\"name\":\"Accueil\",\"item\":\"https:\\\/\\\/dispear-records.com\\\/\"},{\"@type\":\"ListItem\",\"position\":2,\"name\":\"Boutique\",\"item\":\"https:\\\/\\\/dispear-records.com\\\/\"},{\"@type\":\"ListItem\",\"position\":3,\"name\":\"[Cassette] Aho Zakil Konekxion &#8211; Kisulabe\"}]},{\"@type\":\"WebSite\",\"@id\":\"https:\\\/\\\/dispear-records.com\\\/#website\",\"url\":\"https:\\\/\\\/dispear-records.com\\\/\",\"name\":\"Dispear Records\",\"description\":\"DIY punk &amp; hardcore label\",\"publisher\":{\"@id\":\"https:\\\/\\\/dispear-records.com\\\/#organization\"},\"potentialAction\":[{\"@type\":\"SearchAction\",\"target\":{\"@type\":\"EntryPoint\",\"urlTemplate\":\"https:\\\/\\\/dispear-records.com\\\/?s={search_term_string}\"},\"query-input\":{\"@type\":\"PropertyValueSpecification\",\"valueRequired\":true,\"valueName\":\"search_term_string\"}}],\"inLanguage\":\"fr-FR\"},{\"@type\":\"Organization\",\"@id\":\"https:\\\/\\\/dispear-records.com\\\/#organization\",\"name\":\"Dispear Records\",\"url\":\"https:\\\/\\\/dispear-records.com\\\/\",\"logo\":{\"@type\":\"ImageObject\",\"inLanguage\":\"fr-FR\",\"@id\":\"https:\\\/\\\/dispear-records.com\\\/#\\\/schema\\\/logo\\\/image\\\/\",\"url\":\"https:\\\/\\\/dispear-records.com\\\/wp-content\\\/uploads\\\/2021\\\/06\\\/cropped-cropped-dispear.png\",\"contentUrl\":\"https:\\\/\\\/dispear-records.com\\\/wp-content\\\/uploads\\\/2021\\\/06\\\/cropped-cropped-dispear.png\",\"width\":2592,\"height\":709,\"caption\":\"Dispear Records\"},\"image\":{\"@id\":\"https:\\\/\\\/dispear-records.com\\\/#\\\/schema\\\/logo\\\/image\\\/\"}}]}<\/script>\n<!-- \/ Yoast SEO plugin. -->","yoast_head_json":{"title":"[Cassette] Aho Zakil Konekxion - Kisulabe","description":"Kisulabe : premier EP des basques d'Aho Zakil Konekxion. Du punk rock old school efficace et brut comme on l'aime ! R\u00e9vise ton euskara et prends ta claque !","robots":{"index":"index","follow":"follow","max-snippet":"max-snippet:-1","max-image-preview":"max-image-preview:large","max-video-preview":"max-video-preview:-1"},"canonical":"https:\/\/dispear-records.com\/index.php\/produit\/cassette-aho-zakil-konekxion-kisulabe\/","og_locale":"fr_FR","og_type":"article","og_title":"[Cassette] Aho Zakil Konekxion - Kisulabe","og_description":"Kisulabe : premier EP des basques d'Aho Zakil Konekxion. Du punk rock old school efficace et brut comme on l'aime ! R\u00e9vise ton euskara et prends ta claque !","og_url":"https:\/\/dispear-records.com\/index.php\/produit\/cassette-aho-zakil-konekxion-kisulabe\/","og_site_name":"Dispear Records","article_modified_time":"2025-09-23T10:11:59+00:00","og_image":[{"width":800,"height":800,"url":"https:\/\/dispear-records.com\/wp-content\/uploads\/2024\/01\/IMG_0975-800.jpg","type":"image\/jpeg"}],"twitter_card":"summary_large_image","twitter_misc":{"Dur\u00e9e de lecture estim\u00e9e":"1 minute"},"schema":{"@context":"https:\/\/schema.org","@graph":[{"@type":"WebPage","@id":"https:\/\/dispear-records.com\/index.php\/produit\/cassette-aho-zakil-konekxion-kisulabe\/","url":"https:\/\/dispear-records.com\/index.php\/produit\/cassette-aho-zakil-konekxion-kisulabe\/","name":"[Cassette] Aho Zakil Konekxion - Kisulabe","isPartOf":{"@id":"https:\/\/dispear-records.com\/#website"},"primaryImageOfPage":{"@id":"https:\/\/dispear-records.com\/index.php\/produit\/cassette-aho-zakil-konekxion-kisulabe\/#primaryimage"},"image":{"@id":"https:\/\/dispear-records.com\/index.php\/produit\/cassette-aho-zakil-konekxion-kisulabe\/#primaryimage"},"thumbnailUrl":"https:\/\/dispear-records.com\/wp-content\/uploads\/2024\/01\/IMG_0975-800.jpg","datePublished":"2024-01-29T08:35:48+00:00","dateModified":"2025-09-23T10:11:59+00:00","description":"Kisulabe : premier EP des basques d'Aho Zakil Konekxion. Du punk rock old school efficace et brut comme on l'aime ! R\u00e9vise ton euskara et prends ta claque !","breadcrumb":{"@id":"https:\/\/dispear-records.com\/index.php\/produit\/cassette-aho-zakil-konekxion-kisulabe\/#breadcrumb"},"inLanguage":"fr-FR","potentialAction":[{"@type":"ReadAction","target":["https:\/\/dispear-records.com\/index.php\/produit\/cassette-aho-zakil-konekxion-kisulabe\/"]}]},{"@type":"ImageObject","inLanguage":"fr-FR","@id":"https:\/\/dispear-records.com\/index.php\/produit\/cassette-aho-zakil-konekxion-kisulabe\/#primaryimage","url":"https:\/\/dispear-records.com\/wp-content\/uploads\/2024\/01\/IMG_0975-800.jpg","contentUrl":"https:\/\/dispear-records.com\/wp-content\/uploads\/2024\/01\/IMG_0975-800.jpg","width":800,"height":800},{"@type":"BreadcrumbList","@id":"https:\/\/dispear-records.com\/index.php\/produit\/cassette-aho-zakil-konekxion-kisulabe\/#breadcrumb","itemListElement":[{"@type":"ListItem","position":1,"name":"Accueil","item":"https:\/\/dispear-records.com\/"},{"@type":"ListItem","position":2,"name":"Boutique","item":"https:\/\/dispear-records.com\/"},{"@type":"ListItem","position":3,"name":"[Cassette] Aho Zakil Konekxion &#8211; Kisulabe"}]},{"@type":"WebSite","@id":"https:\/\/dispear-records.com\/#website","url":"https:\/\/dispear-records.com\/","name":"Dispear Records","description":"DIY punk &amp; hardcore label","publisher":{"@id":"https:\/\/dispear-records.com\/#organization"},"potentialAction":[{"@type":"SearchAction","target":{"@type":"EntryPoint","urlTemplate":"https:\/\/dispear-records.com\/?s={search_term_string}"},"query-input":{"@type":"PropertyValueSpecification","valueRequired":true,"valueName":"search_term_string"}}],"inLanguage":"fr-FR"},{"@type":"Organization","@id":"https:\/\/dispear-records.com\/#organization","name":"Dispear Records","url":"https:\/\/dispear-records.com\/","logo":{"@type":"ImageObject","inLanguage":"fr-FR","@id":"https:\/\/dispear-records.com\/#\/schema\/logo\/image\/","url":"https:\/\/dispear-records.com\/wp-content\/uploads\/2021\/06\/cropped-cropped-dispear.png","contentUrl":"https:\/\/dispear-records.com\/wp-content\/uploads\/2021\/06\/cropped-cropped-dispear.png","width":2592,"height":709,"caption":"Dispear Records"},"image":{"@id":"https:\/\/dispear-records.com\/#\/schema\/logo\/image\/"}}]}},"_links":{"self":[{"href":"https:\/\/dispear-records.com\/index.php\/wp-json\/wp\/v2\/product\/652","targetHints":{"allow":["GET"]}}],"collection":[{"href":"https:\/\/dispear-records.com\/index.php\/wp-json\/wp\/v2\/product"}],"about":[{"href":"https:\/\/dispear-records.com\/index.php\/wp-json\/wp\/v2\/types\/product"}],"wp:featuredmedia":[{"embeddable":true,"href":"https:\/\/dispear-records.com\/index.php\/wp-json\/wp\/v2\/media\/658"}],"wp:attachment":[{"href":"https:\/\/dispear-records.com\/index.php\/wp-json\/wp\/v2\/media?parent=652"}],"wp:term":[{"taxonomy":"product_brand","embeddable":true,"href":"https:\/\/dispear-records.com\/index.php\/wp-json\/wp\/v2\/product_brand?post=652"},{"taxonomy":"product_cat","embeddable":true,"href":"https:\/\/dispear-records.com\/index.php\/wp-json\/wp\/v2\/product_cat?post=652"},{"taxonomy":"product_tag","embeddable":true,"href":"https:\/\/dispear-records.com\/index.php\/wp-json\/wp\/v2\/product_tag?post=652"}],"curies":[{"name":"wp","href":"https:\/\/api.w.org\/{rel}","templated":true}]}}