{"id":684,"date":"2024-03-25T19:53:52","date_gmt":"2024-03-25T18:53:52","guid":{"rendered":"https:\/\/dispear-records.com\/?post_type=product&#038;p=684"},"modified":"2025-12-15T20:38:20","modified_gmt":"2025-12-15T19:38:20","slug":"cassette-heads-up-the-way-of-the-cure","status":"publish","type":"product","link":"https:\/\/dispear-records.com\/index.php\/produit\/cassette-heads-up-the-way-of-the-cure\/","title":{"rendered":"[Cassette] Heads Up &#8211; The Way Of The Cure"},"content":{"rendered":"<p>The Way Of The Cure, dernier album de Heads Up, c&rsquo;est 25 minutes de punk rock accrocheur, simple et efficace comme une tarte dans la gueule (attention on ne cautionne que la violence musicale) ! C&rsquo;est \u00e7a la promesse, largement tenue, du groupe vend\u00e9en form\u00e9 en 2014. Les m\u00e9lodies accrocheuses, les riffs de guitare ultra efficaces, les rythmiques solides, le chant qui te reste dans la t\u00eate et les choeurs magnifiant le bordel font de cet opus un album enjou\u00e9 et bourr\u00e9 d&rsquo;\u00e9nergie, d\u00e9livr\u00e9 dans un esprit d\u00e9lib\u00e9r\u00e9ment vintage ! \u201cThe Way Of The Cure\u201d ne pr\u00e9sage que du bon pour la suite, et place Heads Up dans la sc\u00e8ne punk m\u00e9lo fran\u00e7aise aux c\u00f4t\u00e9s des groupes \u00e0 suivre tels que Fastlane, Ben &amp; Fist, Enloc et autres !<\/p>\n<p><iframe style=\"border: 0; width: 400px; height: 439px;\" src=\"https:\/\/bandcamp.com\/EmbeddedPlayer\/album=3135360743\/size=large\/bgcol=ffffff\/linkcol=e99708\/artwork=small\/transparent=true\/\" seamless=\"\"><a href=\"https:\/\/thewayofthecurehu.bandcamp.com\/album\/the-way-of-the-cure\">The Way of The Cure de Heads up<\/a><\/iframe><\/p>\n","protected":false},"excerpt":{"rendered":"<p><strong>Heads Up &#8211; The Way Of The Cure<\/strong><br \/>\n2024 \/\/ 11 tracks<br \/>\nPunk Rock<br \/>\nLes Herbiers \/\/ France<\/p>\n","protected":false},"featured_media":687,"template":"","meta":[],"product_brand":[],"product_cat":[19,55],"product_tag":[28],"class_list":{"0":"post-684","1":"product","2":"type-product","3":"status-publish","4":"has-post-thumbnail","6":"product_cat-cassettes","7":"product_cat-heads-up","8":"product_tag-punk-rock","10":"first","11":"instock","12":"shipping-taxable","13":"purchasable","14":"product-type-simple"},"yoast_head":"<!-- This site is optimized with the Yoast SEO plugin v27.4 - https:\/\/yoast.com\/product\/yoast-seo-wordpress\/ -->\n<title>[Cassette] Heads Up - The Way Of The Cure<\/title>\n<meta name=\"description\" content=\"Groupe \u00e0 suivre sur la sc\u00e8ne punk rock m\u00e9lo fran\u00e7aise, Heads Up pr\u00e9sente The Way Of The Cure, leur dernier album efficace et bourr\u00e9 d&#039;\u00e9nergie !\" \/>\n<meta name=\"robots\" content=\"index, follow, max-snippet:-1, max-image-preview:large, max-video-preview:-1\" \/>\n<link rel=\"canonical\" href=\"https:\/\/dispear-records.com\/index.php\/produit\/cassette-heads-up-the-way-of-the-cure\/\" \/>\n<meta property=\"og:locale\" content=\"fr_FR\" \/>\n<meta property=\"og:type\" content=\"article\" \/>\n<meta property=\"og:title\" content=\"[Cassette] Heads Up - The Way Of The Cure\" \/>\n<meta property=\"og:description\" content=\"Groupe \u00e0 suivre sur la sc\u00e8ne punk rock m\u00e9lo fran\u00e7aise, Heads Up pr\u00e9sente The Way Of The Cure, leur dernier album efficace et bourr\u00e9 d&#039;\u00e9nergie !\" \/>\n<meta property=\"og:url\" content=\"https:\/\/dispear-records.com\/index.php\/produit\/cassette-heads-up-the-way-of-the-cure\/\" \/>\n<meta property=\"og:site_name\" content=\"Dispear Records\" \/>\n<meta property=\"article:modified_time\" content=\"2025-12-15T19:38:20+00:00\" \/>\n<meta property=\"og:image\" content=\"https:\/\/dispear-records.com\/wp-content\/uploads\/2024\/03\/IMG_1083-800.jpg\" \/>\n\t<meta property=\"og:image:width\" content=\"800\" \/>\n\t<meta property=\"og:image:height\" content=\"800\" \/>\n\t<meta property=\"og:image:type\" content=\"image\/jpeg\" \/>\n<meta name=\"twitter:card\" content=\"summary_large_image\" \/>\n<meta name=\"twitter:label1\" content=\"Dur\u00e9e de lecture estim\u00e9e\" \/>\n\t<meta name=\"twitter:data1\" content=\"1 minute\" \/>\n<script type=\"application\/ld+json\" class=\"yoast-schema-graph\">{\"@context\":\"https:\\\/\\\/schema.org\",\"@graph\":[{\"@type\":\"WebPage\",\"@id\":\"https:\\\/\\\/dispear-records.com\\\/index.php\\\/produit\\\/cassette-heads-up-the-way-of-the-cure\\\/\",\"url\":\"https:\\\/\\\/dispear-records.com\\\/index.php\\\/produit\\\/cassette-heads-up-the-way-of-the-cure\\\/\",\"name\":\"[Cassette] Heads Up - The Way Of The Cure\",\"isPartOf\":{\"@id\":\"https:\\\/\\\/dispear-records.com\\\/#website\"},\"primaryImageOfPage\":{\"@id\":\"https:\\\/\\\/dispear-records.com\\\/index.php\\\/produit\\\/cassette-heads-up-the-way-of-the-cure\\\/#primaryimage\"},\"image\":{\"@id\":\"https:\\\/\\\/dispear-records.com\\\/index.php\\\/produit\\\/cassette-heads-up-the-way-of-the-cure\\\/#primaryimage\"},\"thumbnailUrl\":\"https:\\\/\\\/dispear-records.com\\\/wp-content\\\/uploads\\\/2024\\\/03\\\/IMG_1083-800.jpg\",\"datePublished\":\"2024-03-25T18:53:52+00:00\",\"dateModified\":\"2025-12-15T19:38:20+00:00\",\"description\":\"Groupe \u00e0 suivre sur la sc\u00e8ne punk rock m\u00e9lo fran\u00e7aise, Heads Up pr\u00e9sente The Way Of The Cure, leur dernier album efficace et bourr\u00e9 d'\u00e9nergie !\",\"breadcrumb\":{\"@id\":\"https:\\\/\\\/dispear-records.com\\\/index.php\\\/produit\\\/cassette-heads-up-the-way-of-the-cure\\\/#breadcrumb\"},\"inLanguage\":\"fr-FR\",\"potentialAction\":[{\"@type\":\"ReadAction\",\"target\":[\"https:\\\/\\\/dispear-records.com\\\/index.php\\\/produit\\\/cassette-heads-up-the-way-of-the-cure\\\/\"]}]},{\"@type\":\"ImageObject\",\"inLanguage\":\"fr-FR\",\"@id\":\"https:\\\/\\\/dispear-records.com\\\/index.php\\\/produit\\\/cassette-heads-up-the-way-of-the-cure\\\/#primaryimage\",\"url\":\"https:\\\/\\\/dispear-records.com\\\/wp-content\\\/uploads\\\/2024\\\/03\\\/IMG_1083-800.jpg\",\"contentUrl\":\"https:\\\/\\\/dispear-records.com\\\/wp-content\\\/uploads\\\/2024\\\/03\\\/IMG_1083-800.jpg\",\"width\":800,\"height\":800},{\"@type\":\"BreadcrumbList\",\"@id\":\"https:\\\/\\\/dispear-records.com\\\/index.php\\\/produit\\\/cassette-heads-up-the-way-of-the-cure\\\/#breadcrumb\",\"itemListElement\":[{\"@type\":\"ListItem\",\"position\":1,\"name\":\"Accueil\",\"item\":\"https:\\\/\\\/dispear-records.com\\\/\"},{\"@type\":\"ListItem\",\"position\":2,\"name\":\"Boutique\",\"item\":\"https:\\\/\\\/dispear-records.com\\\/\"},{\"@type\":\"ListItem\",\"position\":3,\"name\":\"[Cassette] Heads Up &#8211; The Way Of The Cure\"}]},{\"@type\":\"WebSite\",\"@id\":\"https:\\\/\\\/dispear-records.com\\\/#website\",\"url\":\"https:\\\/\\\/dispear-records.com\\\/\",\"name\":\"Dispear Records\",\"description\":\"DIY punk &amp; hardcore label\",\"publisher\":{\"@id\":\"https:\\\/\\\/dispear-records.com\\\/#organization\"},\"potentialAction\":[{\"@type\":\"SearchAction\",\"target\":{\"@type\":\"EntryPoint\",\"urlTemplate\":\"https:\\\/\\\/dispear-records.com\\\/?s={search_term_string}\"},\"query-input\":{\"@type\":\"PropertyValueSpecification\",\"valueRequired\":true,\"valueName\":\"search_term_string\"}}],\"inLanguage\":\"fr-FR\"},{\"@type\":\"Organization\",\"@id\":\"https:\\\/\\\/dispear-records.com\\\/#organization\",\"name\":\"Dispear Records\",\"url\":\"https:\\\/\\\/dispear-records.com\\\/\",\"logo\":{\"@type\":\"ImageObject\",\"inLanguage\":\"fr-FR\",\"@id\":\"https:\\\/\\\/dispear-records.com\\\/#\\\/schema\\\/logo\\\/image\\\/\",\"url\":\"https:\\\/\\\/dispear-records.com\\\/wp-content\\\/uploads\\\/2021\\\/06\\\/cropped-cropped-dispear.png\",\"contentUrl\":\"https:\\\/\\\/dispear-records.com\\\/wp-content\\\/uploads\\\/2021\\\/06\\\/cropped-cropped-dispear.png\",\"width\":2592,\"height\":709,\"caption\":\"Dispear Records\"},\"image\":{\"@id\":\"https:\\\/\\\/dispear-records.com\\\/#\\\/schema\\\/logo\\\/image\\\/\"}}]}<\/script>\n<!-- \/ Yoast SEO plugin. -->","yoast_head_json":{"title":"[Cassette] Heads Up - The Way Of The Cure","description":"Groupe \u00e0 suivre sur la sc\u00e8ne punk rock m\u00e9lo fran\u00e7aise, Heads Up pr\u00e9sente The Way Of The Cure, leur dernier album efficace et bourr\u00e9 d'\u00e9nergie !","robots":{"index":"index","follow":"follow","max-snippet":"max-snippet:-1","max-image-preview":"max-image-preview:large","max-video-preview":"max-video-preview:-1"},"canonical":"https:\/\/dispear-records.com\/index.php\/produit\/cassette-heads-up-the-way-of-the-cure\/","og_locale":"fr_FR","og_type":"article","og_title":"[Cassette] Heads Up - The Way Of The Cure","og_description":"Groupe \u00e0 suivre sur la sc\u00e8ne punk rock m\u00e9lo fran\u00e7aise, Heads Up pr\u00e9sente The Way Of The Cure, leur dernier album efficace et bourr\u00e9 d'\u00e9nergie !","og_url":"https:\/\/dispear-records.com\/index.php\/produit\/cassette-heads-up-the-way-of-the-cure\/","og_site_name":"Dispear Records","article_modified_time":"2025-12-15T19:38:20+00:00","og_image":[{"width":800,"height":800,"url":"https:\/\/dispear-records.com\/wp-content\/uploads\/2024\/03\/IMG_1083-800.jpg","type":"image\/jpeg"}],"twitter_card":"summary_large_image","twitter_misc":{"Dur\u00e9e de lecture estim\u00e9e":"1 minute"},"schema":{"@context":"https:\/\/schema.org","@graph":[{"@type":"WebPage","@id":"https:\/\/dispear-records.com\/index.php\/produit\/cassette-heads-up-the-way-of-the-cure\/","url":"https:\/\/dispear-records.com\/index.php\/produit\/cassette-heads-up-the-way-of-the-cure\/","name":"[Cassette] Heads Up - The Way Of The Cure","isPartOf":{"@id":"https:\/\/dispear-records.com\/#website"},"primaryImageOfPage":{"@id":"https:\/\/dispear-records.com\/index.php\/produit\/cassette-heads-up-the-way-of-the-cure\/#primaryimage"},"image":{"@id":"https:\/\/dispear-records.com\/index.php\/produit\/cassette-heads-up-the-way-of-the-cure\/#primaryimage"},"thumbnailUrl":"https:\/\/dispear-records.com\/wp-content\/uploads\/2024\/03\/IMG_1083-800.jpg","datePublished":"2024-03-25T18:53:52+00:00","dateModified":"2025-12-15T19:38:20+00:00","description":"Groupe \u00e0 suivre sur la sc\u00e8ne punk rock m\u00e9lo fran\u00e7aise, Heads Up pr\u00e9sente The Way Of The Cure, leur dernier album efficace et bourr\u00e9 d'\u00e9nergie !","breadcrumb":{"@id":"https:\/\/dispear-records.com\/index.php\/produit\/cassette-heads-up-the-way-of-the-cure\/#breadcrumb"},"inLanguage":"fr-FR","potentialAction":[{"@type":"ReadAction","target":["https:\/\/dispear-records.com\/index.php\/produit\/cassette-heads-up-the-way-of-the-cure\/"]}]},{"@type":"ImageObject","inLanguage":"fr-FR","@id":"https:\/\/dispear-records.com\/index.php\/produit\/cassette-heads-up-the-way-of-the-cure\/#primaryimage","url":"https:\/\/dispear-records.com\/wp-content\/uploads\/2024\/03\/IMG_1083-800.jpg","contentUrl":"https:\/\/dispear-records.com\/wp-content\/uploads\/2024\/03\/IMG_1083-800.jpg","width":800,"height":800},{"@type":"BreadcrumbList","@id":"https:\/\/dispear-records.com\/index.php\/produit\/cassette-heads-up-the-way-of-the-cure\/#breadcrumb","itemListElement":[{"@type":"ListItem","position":1,"name":"Accueil","item":"https:\/\/dispear-records.com\/"},{"@type":"ListItem","position":2,"name":"Boutique","item":"https:\/\/dispear-records.com\/"},{"@type":"ListItem","position":3,"name":"[Cassette] Heads Up &#8211; The Way Of The Cure"}]},{"@type":"WebSite","@id":"https:\/\/dispear-records.com\/#website","url":"https:\/\/dispear-records.com\/","name":"Dispear Records","description":"DIY punk &amp; hardcore label","publisher":{"@id":"https:\/\/dispear-records.com\/#organization"},"potentialAction":[{"@type":"SearchAction","target":{"@type":"EntryPoint","urlTemplate":"https:\/\/dispear-records.com\/?s={search_term_string}"},"query-input":{"@type":"PropertyValueSpecification","valueRequired":true,"valueName":"search_term_string"}}],"inLanguage":"fr-FR"},{"@type":"Organization","@id":"https:\/\/dispear-records.com\/#organization","name":"Dispear Records","url":"https:\/\/dispear-records.com\/","logo":{"@type":"ImageObject","inLanguage":"fr-FR","@id":"https:\/\/dispear-records.com\/#\/schema\/logo\/image\/","url":"https:\/\/dispear-records.com\/wp-content\/uploads\/2021\/06\/cropped-cropped-dispear.png","contentUrl":"https:\/\/dispear-records.com\/wp-content\/uploads\/2021\/06\/cropped-cropped-dispear.png","width":2592,"height":709,"caption":"Dispear Records"},"image":{"@id":"https:\/\/dispear-records.com\/#\/schema\/logo\/image\/"}}]}},"_links":{"self":[{"href":"https:\/\/dispear-records.com\/index.php\/wp-json\/wp\/v2\/product\/684","targetHints":{"allow":["GET"]}}],"collection":[{"href":"https:\/\/dispear-records.com\/index.php\/wp-json\/wp\/v2\/product"}],"about":[{"href":"https:\/\/dispear-records.com\/index.php\/wp-json\/wp\/v2\/types\/product"}],"wp:featuredmedia":[{"embeddable":true,"href":"https:\/\/dispear-records.com\/index.php\/wp-json\/wp\/v2\/media\/687"}],"wp:attachment":[{"href":"https:\/\/dispear-records.com\/index.php\/wp-json\/wp\/v2\/media?parent=684"}],"wp:term":[{"taxonomy":"product_brand","embeddable":true,"href":"https:\/\/dispear-records.com\/index.php\/wp-json\/wp\/v2\/product_brand?post=684"},{"taxonomy":"product_cat","embeddable":true,"href":"https:\/\/dispear-records.com\/index.php\/wp-json\/wp\/v2\/product_cat?post=684"},{"taxonomy":"product_tag","embeddable":true,"href":"https:\/\/dispear-records.com\/index.php\/wp-json\/wp\/v2\/product_tag?post=684"}],"curies":[{"name":"wp","href":"https:\/\/api.w.org\/{rel}","templated":true}]}}