{"id":727,"date":"2024-05-06T21:48:05","date_gmt":"2024-05-06T19:48:05","guid":{"rendered":"https:\/\/dispear-records.com\/?post_type=product&#038;p=727"},"modified":"2025-12-18T09:24:10","modified_gmt":"2025-12-18T08:24:10","slug":"cassette-fast-lane-incomplete-all-fine","status":"publish","type":"product","link":"https:\/\/dispear-records.com\/index.php\/produit\/cassette-fast-lane-incomplete-all-fine\/","title":{"rendered":"[Cassette] Fast Lane &#8211; Incomplete&#8230; All Fine"},"content":{"rendered":"<p><span style=\"font-weight: 400;\">Les bordelais de Fast Lane jouent du punk rock ensoleill\u00e9, qui sent fort le pool coping, l&rsquo;ur\u00e9thane et les VHS 411 ! Leurs inspirations sont \u00e0 puiser du cot\u00e9 des groupes des labels Fat Wreck Chords et Epitaph, qui ont berc\u00e9 nos ann\u00e9es lyc\u00e9e (ah bon pas les v\u00f4tres ?) <\/span><\/p>\n<p><span style=\"font-weight: 400;\">Ce deuxi\u00e8me album, apr\u00e8s leur premier : \u201cLife On A Slackline Strap\u201d, est compos\u00e9 de 19 titres de pur skate punk, s\u2019enchainant \u00e0 une vitesse folle ! L\u2019album dure 36 minutes\u2026 une moyenne de moins de 2 minutes par chanson (on a sorti la calculette), autant dire que \u00e7a ne tra\u00eene pas ! C\u2019est un album hyper efficace, dans la pure tradition du skate punk californien. \u00c7a d\u00e9fonce en live, alors prends ta board ton walkman et va faire des frontside 5-0 et des backside lipslide dans le bowl ma gueule !<\/span><\/p>\n<p><iframe style=\"border: 0; width: 400px; height: 472px;\" src=\"https:\/\/bandcamp.com\/EmbeddedPlayer\/album=3776599963\/size=large\/bgcol=ffffff\/linkcol=e99708\/artwork=small\/transparent=true\/\" seamless=\"\"><a href=\"https:\/\/fastlane33.bandcamp.com\/album\/incomplete-all-fine\">Incomplete&#8230; All Fine de Fast Lane<\/a><\/iframe><\/p>\n","protected":false},"excerpt":{"rendered":"<p><strong>Fast Lane &#8211; Incomplete&#8230; All Fine<\/strong><br \/>\n2024 \/\/ 19 tracks<br \/>\nPunk Rock<br \/>\nBordeaux \/\/ France<\/p>\n","protected":false},"featured_media":731,"template":"","meta":[],"product_brand":[],"product_cat":[19,60],"product_tag":[28],"class_list":{"0":"post-727","1":"product","2":"type-product","3":"status-publish","4":"has-post-thumbnail","6":"product_cat-cassettes","7":"product_cat-fast-lane","8":"product_tag-punk-rock","10":"first","11":"instock","12":"shipping-taxable","13":"purchasable","14":"product-type-simple"},"yoast_head":"<!-- This site is optimized with the Yoast SEO plugin v27.4 - https:\/\/yoast.com\/product\/yoast-seo-wordpress\/ -->\n<title>[Cassette] Fast Lane - Incomplete... All Fine<\/title>\n<meta name=\"description\" content=\"Second album des bordelais de Fast Lane. Du skate punk dans la pure tradition californienne, un album hyper efficace et un groupe qui d\u00e9fonce en live !\" \/>\n<meta name=\"robots\" content=\"index, follow, max-snippet:-1, max-image-preview:large, max-video-preview:-1\" \/>\n<link rel=\"canonical\" href=\"https:\/\/dispear-records.com\/index.php\/produit\/cassette-fast-lane-incomplete-all-fine\/\" \/>\n<meta property=\"og:locale\" content=\"fr_FR\" \/>\n<meta property=\"og:type\" content=\"article\" \/>\n<meta property=\"og:title\" content=\"[Cassette] Fast Lane - Incomplete... All Fine\" \/>\n<meta property=\"og:description\" content=\"Second album des bordelais de Fast Lane. Du skate punk dans la pure tradition californienne, un album hyper efficace et un groupe qui d\u00e9fonce en live !\" \/>\n<meta property=\"og:url\" content=\"https:\/\/dispear-records.com\/index.php\/produit\/cassette-fast-lane-incomplete-all-fine\/\" \/>\n<meta property=\"og:site_name\" content=\"Dispear Records\" \/>\n<meta property=\"article:modified_time\" content=\"2025-12-18T08:24:10+00:00\" \/>\n<meta property=\"og:image\" content=\"https:\/\/dispear-records.com\/wp-content\/uploads\/2024\/05\/IMG_1093-800.jpg\" \/>\n\t<meta property=\"og:image:width\" content=\"800\" \/>\n\t<meta property=\"og:image:height\" content=\"800\" \/>\n\t<meta property=\"og:image:type\" content=\"image\/jpeg\" \/>\n<meta name=\"twitter:card\" content=\"summary_large_image\" \/>\n<meta name=\"twitter:label1\" content=\"Dur\u00e9e de lecture estim\u00e9e\" \/>\n\t<meta name=\"twitter:data1\" content=\"1 minute\" \/>\n<script type=\"application\/ld+json\" class=\"yoast-schema-graph\">{\"@context\":\"https:\\\/\\\/schema.org\",\"@graph\":[{\"@type\":\"WebPage\",\"@id\":\"https:\\\/\\\/dispear-records.com\\\/index.php\\\/produit\\\/cassette-fast-lane-incomplete-all-fine\\\/\",\"url\":\"https:\\\/\\\/dispear-records.com\\\/index.php\\\/produit\\\/cassette-fast-lane-incomplete-all-fine\\\/\",\"name\":\"[Cassette] Fast Lane - Incomplete... All Fine\",\"isPartOf\":{\"@id\":\"https:\\\/\\\/dispear-records.com\\\/#website\"},\"primaryImageOfPage\":{\"@id\":\"https:\\\/\\\/dispear-records.com\\\/index.php\\\/produit\\\/cassette-fast-lane-incomplete-all-fine\\\/#primaryimage\"},\"image\":{\"@id\":\"https:\\\/\\\/dispear-records.com\\\/index.php\\\/produit\\\/cassette-fast-lane-incomplete-all-fine\\\/#primaryimage\"},\"thumbnailUrl\":\"https:\\\/\\\/dispear-records.com\\\/wp-content\\\/uploads\\\/2024\\\/05\\\/IMG_1093-800.jpg\",\"datePublished\":\"2024-05-06T19:48:05+00:00\",\"dateModified\":\"2025-12-18T08:24:10+00:00\",\"description\":\"Second album des bordelais de Fast Lane. Du skate punk dans la pure tradition californienne, un album hyper efficace et un groupe qui d\u00e9fonce en live !\",\"breadcrumb\":{\"@id\":\"https:\\\/\\\/dispear-records.com\\\/index.php\\\/produit\\\/cassette-fast-lane-incomplete-all-fine\\\/#breadcrumb\"},\"inLanguage\":\"fr-FR\",\"potentialAction\":[{\"@type\":\"ReadAction\",\"target\":[\"https:\\\/\\\/dispear-records.com\\\/index.php\\\/produit\\\/cassette-fast-lane-incomplete-all-fine\\\/\"]}]},{\"@type\":\"ImageObject\",\"inLanguage\":\"fr-FR\",\"@id\":\"https:\\\/\\\/dispear-records.com\\\/index.php\\\/produit\\\/cassette-fast-lane-incomplete-all-fine\\\/#primaryimage\",\"url\":\"https:\\\/\\\/dispear-records.com\\\/wp-content\\\/uploads\\\/2024\\\/05\\\/IMG_1093-800.jpg\",\"contentUrl\":\"https:\\\/\\\/dispear-records.com\\\/wp-content\\\/uploads\\\/2024\\\/05\\\/IMG_1093-800.jpg\",\"width\":800,\"height\":800},{\"@type\":\"BreadcrumbList\",\"@id\":\"https:\\\/\\\/dispear-records.com\\\/index.php\\\/produit\\\/cassette-fast-lane-incomplete-all-fine\\\/#breadcrumb\",\"itemListElement\":[{\"@type\":\"ListItem\",\"position\":1,\"name\":\"Accueil\",\"item\":\"https:\\\/\\\/dispear-records.com\\\/\"},{\"@type\":\"ListItem\",\"position\":2,\"name\":\"Boutique\",\"item\":\"https:\\\/\\\/dispear-records.com\\\/\"},{\"@type\":\"ListItem\",\"position\":3,\"name\":\"[Cassette] Fast Lane &#8211; Incomplete&#8230; All Fine\"}]},{\"@type\":\"WebSite\",\"@id\":\"https:\\\/\\\/dispear-records.com\\\/#website\",\"url\":\"https:\\\/\\\/dispear-records.com\\\/\",\"name\":\"Dispear Records\",\"description\":\"DIY punk &amp; hardcore label\",\"publisher\":{\"@id\":\"https:\\\/\\\/dispear-records.com\\\/#organization\"},\"potentialAction\":[{\"@type\":\"SearchAction\",\"target\":{\"@type\":\"EntryPoint\",\"urlTemplate\":\"https:\\\/\\\/dispear-records.com\\\/?s={search_term_string}\"},\"query-input\":{\"@type\":\"PropertyValueSpecification\",\"valueRequired\":true,\"valueName\":\"search_term_string\"}}],\"inLanguage\":\"fr-FR\"},{\"@type\":\"Organization\",\"@id\":\"https:\\\/\\\/dispear-records.com\\\/#organization\",\"name\":\"Dispear Records\",\"url\":\"https:\\\/\\\/dispear-records.com\\\/\",\"logo\":{\"@type\":\"ImageObject\",\"inLanguage\":\"fr-FR\",\"@id\":\"https:\\\/\\\/dispear-records.com\\\/#\\\/schema\\\/logo\\\/image\\\/\",\"url\":\"https:\\\/\\\/dispear-records.com\\\/wp-content\\\/uploads\\\/2021\\\/06\\\/cropped-cropped-dispear.png\",\"contentUrl\":\"https:\\\/\\\/dispear-records.com\\\/wp-content\\\/uploads\\\/2021\\\/06\\\/cropped-cropped-dispear.png\",\"width\":2592,\"height\":709,\"caption\":\"Dispear Records\"},\"image\":{\"@id\":\"https:\\\/\\\/dispear-records.com\\\/#\\\/schema\\\/logo\\\/image\\\/\"}}]}<\/script>\n<!-- \/ Yoast SEO plugin. -->","yoast_head_json":{"title":"[Cassette] Fast Lane - Incomplete... All Fine","description":"Second album des bordelais de Fast Lane. Du skate punk dans la pure tradition californienne, un album hyper efficace et un groupe qui d\u00e9fonce en live !","robots":{"index":"index","follow":"follow","max-snippet":"max-snippet:-1","max-image-preview":"max-image-preview:large","max-video-preview":"max-video-preview:-1"},"canonical":"https:\/\/dispear-records.com\/index.php\/produit\/cassette-fast-lane-incomplete-all-fine\/","og_locale":"fr_FR","og_type":"article","og_title":"[Cassette] Fast Lane - Incomplete... All Fine","og_description":"Second album des bordelais de Fast Lane. Du skate punk dans la pure tradition californienne, un album hyper efficace et un groupe qui d\u00e9fonce en live !","og_url":"https:\/\/dispear-records.com\/index.php\/produit\/cassette-fast-lane-incomplete-all-fine\/","og_site_name":"Dispear Records","article_modified_time":"2025-12-18T08:24:10+00:00","og_image":[{"width":800,"height":800,"url":"https:\/\/dispear-records.com\/wp-content\/uploads\/2024\/05\/IMG_1093-800.jpg","type":"image\/jpeg"}],"twitter_card":"summary_large_image","twitter_misc":{"Dur\u00e9e de lecture estim\u00e9e":"1 minute"},"schema":{"@context":"https:\/\/schema.org","@graph":[{"@type":"WebPage","@id":"https:\/\/dispear-records.com\/index.php\/produit\/cassette-fast-lane-incomplete-all-fine\/","url":"https:\/\/dispear-records.com\/index.php\/produit\/cassette-fast-lane-incomplete-all-fine\/","name":"[Cassette] Fast Lane - Incomplete... All Fine","isPartOf":{"@id":"https:\/\/dispear-records.com\/#website"},"primaryImageOfPage":{"@id":"https:\/\/dispear-records.com\/index.php\/produit\/cassette-fast-lane-incomplete-all-fine\/#primaryimage"},"image":{"@id":"https:\/\/dispear-records.com\/index.php\/produit\/cassette-fast-lane-incomplete-all-fine\/#primaryimage"},"thumbnailUrl":"https:\/\/dispear-records.com\/wp-content\/uploads\/2024\/05\/IMG_1093-800.jpg","datePublished":"2024-05-06T19:48:05+00:00","dateModified":"2025-12-18T08:24:10+00:00","description":"Second album des bordelais de Fast Lane. Du skate punk dans la pure tradition californienne, un album hyper efficace et un groupe qui d\u00e9fonce en live !","breadcrumb":{"@id":"https:\/\/dispear-records.com\/index.php\/produit\/cassette-fast-lane-incomplete-all-fine\/#breadcrumb"},"inLanguage":"fr-FR","potentialAction":[{"@type":"ReadAction","target":["https:\/\/dispear-records.com\/index.php\/produit\/cassette-fast-lane-incomplete-all-fine\/"]}]},{"@type":"ImageObject","inLanguage":"fr-FR","@id":"https:\/\/dispear-records.com\/index.php\/produit\/cassette-fast-lane-incomplete-all-fine\/#primaryimage","url":"https:\/\/dispear-records.com\/wp-content\/uploads\/2024\/05\/IMG_1093-800.jpg","contentUrl":"https:\/\/dispear-records.com\/wp-content\/uploads\/2024\/05\/IMG_1093-800.jpg","width":800,"height":800},{"@type":"BreadcrumbList","@id":"https:\/\/dispear-records.com\/index.php\/produit\/cassette-fast-lane-incomplete-all-fine\/#breadcrumb","itemListElement":[{"@type":"ListItem","position":1,"name":"Accueil","item":"https:\/\/dispear-records.com\/"},{"@type":"ListItem","position":2,"name":"Boutique","item":"https:\/\/dispear-records.com\/"},{"@type":"ListItem","position":3,"name":"[Cassette] Fast Lane &#8211; Incomplete&#8230; All Fine"}]},{"@type":"WebSite","@id":"https:\/\/dispear-records.com\/#website","url":"https:\/\/dispear-records.com\/","name":"Dispear Records","description":"DIY punk &amp; hardcore label","publisher":{"@id":"https:\/\/dispear-records.com\/#organization"},"potentialAction":[{"@type":"SearchAction","target":{"@type":"EntryPoint","urlTemplate":"https:\/\/dispear-records.com\/?s={search_term_string}"},"query-input":{"@type":"PropertyValueSpecification","valueRequired":true,"valueName":"search_term_string"}}],"inLanguage":"fr-FR"},{"@type":"Organization","@id":"https:\/\/dispear-records.com\/#organization","name":"Dispear Records","url":"https:\/\/dispear-records.com\/","logo":{"@type":"ImageObject","inLanguage":"fr-FR","@id":"https:\/\/dispear-records.com\/#\/schema\/logo\/image\/","url":"https:\/\/dispear-records.com\/wp-content\/uploads\/2021\/06\/cropped-cropped-dispear.png","contentUrl":"https:\/\/dispear-records.com\/wp-content\/uploads\/2021\/06\/cropped-cropped-dispear.png","width":2592,"height":709,"caption":"Dispear Records"},"image":{"@id":"https:\/\/dispear-records.com\/#\/schema\/logo\/image\/"}}]}},"_links":{"self":[{"href":"https:\/\/dispear-records.com\/index.php\/wp-json\/wp\/v2\/product\/727","targetHints":{"allow":["GET"]}}],"collection":[{"href":"https:\/\/dispear-records.com\/index.php\/wp-json\/wp\/v2\/product"}],"about":[{"href":"https:\/\/dispear-records.com\/index.php\/wp-json\/wp\/v2\/types\/product"}],"wp:featuredmedia":[{"embeddable":true,"href":"https:\/\/dispear-records.com\/index.php\/wp-json\/wp\/v2\/media\/731"}],"wp:attachment":[{"href":"https:\/\/dispear-records.com\/index.php\/wp-json\/wp\/v2\/media?parent=727"}],"wp:term":[{"taxonomy":"product_brand","embeddable":true,"href":"https:\/\/dispear-records.com\/index.php\/wp-json\/wp\/v2\/product_brand?post=727"},{"taxonomy":"product_cat","embeddable":true,"href":"https:\/\/dispear-records.com\/index.php\/wp-json\/wp\/v2\/product_cat?post=727"},{"taxonomy":"product_tag","embeddable":true,"href":"https:\/\/dispear-records.com\/index.php\/wp-json\/wp\/v2\/product_tag?post=727"}],"curies":[{"name":"wp","href":"https:\/\/api.w.org\/{rel}","templated":true}]}}