{"id":867,"date":"2025-03-01T13:54:28","date_gmt":"2025-03-01T12:54:28","guid":{"rendered":"https:\/\/dispear-records.com\/?post_type=product&#038;p=867"},"modified":"2025-07-29T11:22:25","modified_gmt":"2025-07-29T09:22:25","slug":"cassette-burning-heads-passion-fun-energy","status":"publish","type":"product","link":"https:\/\/dispear-records.com\/index.php\/produit\/cassette-burning-heads-passion-fun-energy\/","title":{"rendered":"[Cassette] Burning Heads &#8211; Passion-Fun-Energy"},"content":{"rendered":"<p><span style=\"font-weight: 400;\">Une K7 des Burning Heads comme dans les ann\u00e9es 90 en 2025, c&rsquo;est possible ? Oui ! Gr\u00e2ce au concours de notre ami Gwardeath et \u00e0 son label <a href=\"https:\/\/metrobeach.fr\/\" target=\"_blank\" rel=\"noopener\">M\u00e9tro Beach,<\/a> avec qui on co-produit ce bel objet ! Pi\u00e8ce d&rsquo;histoire ou goodie pour collectionneur compulsif ? A vous de choisir !\u00a0 Pour nous c&rsquo;est simple : une cassette par les fans, pour les fans (et pour le fun !), avec 7 morceaux enregistr\u00e9s en 1990. \u201cPassion-Fun-Energy\u201d regroupe les morceaux de la cassette de d\u00e9mo originale des Burning Heads de 1990 ainsi que ceux du <\/span><span style=\"font-weight: 400;\">45 tours Kill The Bad In You qui avait \u00e9t\u00e9 offert dans le fanzine Flying Charentaise.<\/span><span style=\"font-weight: 400;\"> C\u00f4t\u00e9 visuel, le livret comporte des photos exclusives de la early p\u00e9riode des BH et un petit texte d&rsquo;\u00e9poque ! Tu ne savais m\u00eame pas que tu avais terriblement besoin de cette cassette ? On est l\u00e0 pour toi&#8230; Keep the fire on ya head!!<\/span><\/p>\n<p>200 k7 et pis c&rsquo;est tout.<\/p>\n<table border=\"none\">\n<tbody>\n<tr>\n<td><iframe style=\"border: 0; width: 400px; height: 340px;\" src=\"https:\/\/bandcamp.com\/EmbeddedPlayer\/album=2789880817\/size=large\/bgcol=ffffff\/linkcol=333333\/artwork=small\/transparent=true\/\" seamless=\"\"><a href=\"https:\/\/burningheads.bandcamp.com\/album\/love-hate-k7\">Love &amp; Hate K7 de Burning Heads<\/a><\/iframe><\/td>\n<td><iframe style=\"border: 0; width: 400px; height: 208px;\" src=\"https:\/\/bandcamp.com\/EmbeddedPlayer\/album=1948950935\/size=large\/bgcol=ffffff\/linkcol=333333\/artwork=small\/transparent=true\/\" seamless=\"\"><a href=\"https:\/\/burningheads.bandcamp.com\/album\/kill-the-bad-in-you\">Kill the Bad In You de Burning Heads<\/a><\/iframe><\/td>\n<\/tr>\n<\/tbody>\n<\/table>\n<p><img loading=\"lazy\" decoding=\"async\" class=\"aligncenter wp-image-868 size-full\" src=\"https:\/\/dispear-records.com\/wp-content\/uploads\/2025\/03\/IMG_4320-copie.jpg\" alt=\"\" width=\"1301\" height=\"1627\" srcset=\"https:\/\/dispear-records.com\/wp-content\/uploads\/2025\/03\/IMG_4320-copie.jpg 1301w, https:\/\/dispear-records.com\/wp-content\/uploads\/2025\/03\/IMG_4320-copie-240x300.jpg 240w, https:\/\/dispear-records.com\/wp-content\/uploads\/2025\/03\/IMG_4320-copie-819x1024.jpg 819w, https:\/\/dispear-records.com\/wp-content\/uploads\/2025\/03\/IMG_4320-copie-768x960.jpg 768w, https:\/\/dispear-records.com\/wp-content\/uploads\/2025\/03\/IMG_4320-copie-1228x1536.jpg 1228w, https:\/\/dispear-records.com\/wp-content\/uploads\/2025\/03\/IMG_4320-copie-416x520.jpg 416w\" sizes=\"auto, (max-width: 1301px) 100vw, 1301px\" \/><\/p>\n","protected":false},"excerpt":{"rendered":"<p><b>Burning Heads &#8211; Passion-Fun-Energy<br \/>\n<\/b>2025 \/\/ 7 tracks<br \/>\nPunk Rock<br \/>\nOrl\u00e9ans \/\/ France<\/p>\n","protected":false},"featured_media":871,"template":"","meta":[],"product_brand":[],"product_cat":[67,19],"product_tag":[28],"class_list":{"0":"post-867","1":"product","2":"type-product","3":"status-publish","4":"has-post-thumbnail","6":"product_cat-burning-heads","7":"product_cat-cassettes","8":"product_tag-punk-rock","10":"first","11":"instock","12":"shipping-taxable","13":"purchasable","14":"product-type-simple"},"yoast_head":"<!-- This site is optimized with the Yoast SEO plugin v27.5 - https:\/\/yoast.com\/product\/yoast-seo-wordpress\/ -->\n<title>[Cassette] Burning Heads - Passion-Fun-Energy<\/title>\n<meta name=\"description\" content=\"Une cassette pour le fun et par les fans, qui nous ram\u00e8ne en 1990 avec 7 morceaux extraits des premi\u00e8res sessions studio des Burning Heads !\" \/>\n<meta name=\"robots\" content=\"index, follow, max-snippet:-1, max-image-preview:large, max-video-preview:-1\" \/>\n<link rel=\"canonical\" href=\"https:\/\/dispear-records.com\/index.php\/produit\/cassette-burning-heads-passion-fun-energy\/\" \/>\n<meta property=\"og:locale\" content=\"fr_FR\" \/>\n<meta property=\"og:type\" content=\"article\" \/>\n<meta property=\"og:title\" content=\"[Cassette] Burning Heads - Passion-Fun-Energy\" \/>\n<meta property=\"og:description\" content=\"Une cassette pour le fun et par les fans, qui nous ram\u00e8ne en 1990 avec 7 morceaux extraits des premi\u00e8res sessions studio des Burning Heads !\" \/>\n<meta property=\"og:url\" content=\"https:\/\/dispear-records.com\/index.php\/produit\/cassette-burning-heads-passion-fun-energy\/\" \/>\n<meta property=\"og:site_name\" content=\"Dispear Records\" \/>\n<meta property=\"article:modified_time\" content=\"2025-07-29T09:22:25+00:00\" \/>\n<meta property=\"og:image\" content=\"https:\/\/dispear-records.com\/wp-content\/uploads\/2025\/03\/k7-bh-carre1.jpg\" \/>\n\t<meta property=\"og:image:width\" content=\"800\" \/>\n\t<meta property=\"og:image:height\" content=\"800\" \/>\n\t<meta property=\"og:image:type\" content=\"image\/jpeg\" \/>\n<meta name=\"twitter:card\" content=\"summary_large_image\" \/>\n<meta name=\"twitter:label1\" content=\"Dur\u00e9e de lecture estim\u00e9e\" \/>\n\t<meta name=\"twitter:data1\" content=\"2 minutes\" \/>\n<script type=\"application\/ld+json\" class=\"yoast-schema-graph\">{\"@context\":\"https:\\\/\\\/schema.org\",\"@graph\":[{\"@type\":\"WebPage\",\"@id\":\"https:\\\/\\\/dispear-records.com\\\/index.php\\\/produit\\\/cassette-burning-heads-passion-fun-energy\\\/\",\"url\":\"https:\\\/\\\/dispear-records.com\\\/index.php\\\/produit\\\/cassette-burning-heads-passion-fun-energy\\\/\",\"name\":\"[Cassette] Burning Heads - Passion-Fun-Energy\",\"isPartOf\":{\"@id\":\"https:\\\/\\\/dispear-records.com\\\/#website\"},\"primaryImageOfPage\":{\"@id\":\"https:\\\/\\\/dispear-records.com\\\/index.php\\\/produit\\\/cassette-burning-heads-passion-fun-energy\\\/#primaryimage\"},\"image\":{\"@id\":\"https:\\\/\\\/dispear-records.com\\\/index.php\\\/produit\\\/cassette-burning-heads-passion-fun-energy\\\/#primaryimage\"},\"thumbnailUrl\":\"https:\\\/\\\/dispear-records.com\\\/wp-content\\\/uploads\\\/2025\\\/03\\\/k7-bh-carre1.jpg\",\"datePublished\":\"2025-03-01T12:54:28+00:00\",\"dateModified\":\"2025-07-29T09:22:25+00:00\",\"description\":\"Une cassette pour le fun et par les fans, qui nous ram\u00e8ne en 1990 avec 7 morceaux extraits des premi\u00e8res sessions studio des Burning Heads !\",\"breadcrumb\":{\"@id\":\"https:\\\/\\\/dispear-records.com\\\/index.php\\\/produit\\\/cassette-burning-heads-passion-fun-energy\\\/#breadcrumb\"},\"inLanguage\":\"fr-FR\",\"potentialAction\":[{\"@type\":\"ReadAction\",\"target\":[\"https:\\\/\\\/dispear-records.com\\\/index.php\\\/produit\\\/cassette-burning-heads-passion-fun-energy\\\/\"]}]},{\"@type\":\"ImageObject\",\"inLanguage\":\"fr-FR\",\"@id\":\"https:\\\/\\\/dispear-records.com\\\/index.php\\\/produit\\\/cassette-burning-heads-passion-fun-energy\\\/#primaryimage\",\"url\":\"https:\\\/\\\/dispear-records.com\\\/wp-content\\\/uploads\\\/2025\\\/03\\\/k7-bh-carre1.jpg\",\"contentUrl\":\"https:\\\/\\\/dispear-records.com\\\/wp-content\\\/uploads\\\/2025\\\/03\\\/k7-bh-carre1.jpg\",\"width\":800,\"height\":800},{\"@type\":\"BreadcrumbList\",\"@id\":\"https:\\\/\\\/dispear-records.com\\\/index.php\\\/produit\\\/cassette-burning-heads-passion-fun-energy\\\/#breadcrumb\",\"itemListElement\":[{\"@type\":\"ListItem\",\"position\":1,\"name\":\"Accueil\",\"item\":\"https:\\\/\\\/dispear-records.com\\\/\"},{\"@type\":\"ListItem\",\"position\":2,\"name\":\"Boutique\",\"item\":\"https:\\\/\\\/dispear-records.com\\\/\"},{\"@type\":\"ListItem\",\"position\":3,\"name\":\"[Cassette] Burning Heads &#8211; Passion-Fun-Energy\"}]},{\"@type\":\"WebSite\",\"@id\":\"https:\\\/\\\/dispear-records.com\\\/#website\",\"url\":\"https:\\\/\\\/dispear-records.com\\\/\",\"name\":\"Dispear Records\",\"description\":\"DIY punk &amp; hardcore label\",\"publisher\":{\"@id\":\"https:\\\/\\\/dispear-records.com\\\/#organization\"},\"potentialAction\":[{\"@type\":\"SearchAction\",\"target\":{\"@type\":\"EntryPoint\",\"urlTemplate\":\"https:\\\/\\\/dispear-records.com\\\/?s={search_term_string}\"},\"query-input\":{\"@type\":\"PropertyValueSpecification\",\"valueRequired\":true,\"valueName\":\"search_term_string\"}}],\"inLanguage\":\"fr-FR\"},{\"@type\":\"Organization\",\"@id\":\"https:\\\/\\\/dispear-records.com\\\/#organization\",\"name\":\"Dispear Records\",\"url\":\"https:\\\/\\\/dispear-records.com\\\/\",\"logo\":{\"@type\":\"ImageObject\",\"inLanguage\":\"fr-FR\",\"@id\":\"https:\\\/\\\/dispear-records.com\\\/#\\\/schema\\\/logo\\\/image\\\/\",\"url\":\"https:\\\/\\\/dispear-records.com\\\/wp-content\\\/uploads\\\/2021\\\/06\\\/cropped-cropped-dispear.png\",\"contentUrl\":\"https:\\\/\\\/dispear-records.com\\\/wp-content\\\/uploads\\\/2021\\\/06\\\/cropped-cropped-dispear.png\",\"width\":2592,\"height\":709,\"caption\":\"Dispear Records\"},\"image\":{\"@id\":\"https:\\\/\\\/dispear-records.com\\\/#\\\/schema\\\/logo\\\/image\\\/\"}}]}<\/script>\n<!-- \/ Yoast SEO plugin. -->","yoast_head_json":{"title":"[Cassette] Burning Heads - Passion-Fun-Energy","description":"Une cassette pour le fun et par les fans, qui nous ram\u00e8ne en 1990 avec 7 morceaux extraits des premi\u00e8res sessions studio des Burning Heads !","robots":{"index":"index","follow":"follow","max-snippet":"max-snippet:-1","max-image-preview":"max-image-preview:large","max-video-preview":"max-video-preview:-1"},"canonical":"https:\/\/dispear-records.com\/index.php\/produit\/cassette-burning-heads-passion-fun-energy\/","og_locale":"fr_FR","og_type":"article","og_title":"[Cassette] Burning Heads - Passion-Fun-Energy","og_description":"Une cassette pour le fun et par les fans, qui nous ram\u00e8ne en 1990 avec 7 morceaux extraits des premi\u00e8res sessions studio des Burning Heads !","og_url":"https:\/\/dispear-records.com\/index.php\/produit\/cassette-burning-heads-passion-fun-energy\/","og_site_name":"Dispear Records","article_modified_time":"2025-07-29T09:22:25+00:00","og_image":[{"width":800,"height":800,"url":"https:\/\/dispear-records.com\/wp-content\/uploads\/2025\/03\/k7-bh-carre1.jpg","type":"image\/jpeg"}],"twitter_card":"summary_large_image","twitter_misc":{"Dur\u00e9e de lecture estim\u00e9e":"2 minutes"},"schema":{"@context":"https:\/\/schema.org","@graph":[{"@type":"WebPage","@id":"https:\/\/dispear-records.com\/index.php\/produit\/cassette-burning-heads-passion-fun-energy\/","url":"https:\/\/dispear-records.com\/index.php\/produit\/cassette-burning-heads-passion-fun-energy\/","name":"[Cassette] Burning Heads - Passion-Fun-Energy","isPartOf":{"@id":"https:\/\/dispear-records.com\/#website"},"primaryImageOfPage":{"@id":"https:\/\/dispear-records.com\/index.php\/produit\/cassette-burning-heads-passion-fun-energy\/#primaryimage"},"image":{"@id":"https:\/\/dispear-records.com\/index.php\/produit\/cassette-burning-heads-passion-fun-energy\/#primaryimage"},"thumbnailUrl":"https:\/\/dispear-records.com\/wp-content\/uploads\/2025\/03\/k7-bh-carre1.jpg","datePublished":"2025-03-01T12:54:28+00:00","dateModified":"2025-07-29T09:22:25+00:00","description":"Une cassette pour le fun et par les fans, qui nous ram\u00e8ne en 1990 avec 7 morceaux extraits des premi\u00e8res sessions studio des Burning Heads !","breadcrumb":{"@id":"https:\/\/dispear-records.com\/index.php\/produit\/cassette-burning-heads-passion-fun-energy\/#breadcrumb"},"inLanguage":"fr-FR","potentialAction":[{"@type":"ReadAction","target":["https:\/\/dispear-records.com\/index.php\/produit\/cassette-burning-heads-passion-fun-energy\/"]}]},{"@type":"ImageObject","inLanguage":"fr-FR","@id":"https:\/\/dispear-records.com\/index.php\/produit\/cassette-burning-heads-passion-fun-energy\/#primaryimage","url":"https:\/\/dispear-records.com\/wp-content\/uploads\/2025\/03\/k7-bh-carre1.jpg","contentUrl":"https:\/\/dispear-records.com\/wp-content\/uploads\/2025\/03\/k7-bh-carre1.jpg","width":800,"height":800},{"@type":"BreadcrumbList","@id":"https:\/\/dispear-records.com\/index.php\/produit\/cassette-burning-heads-passion-fun-energy\/#breadcrumb","itemListElement":[{"@type":"ListItem","position":1,"name":"Accueil","item":"https:\/\/dispear-records.com\/"},{"@type":"ListItem","position":2,"name":"Boutique","item":"https:\/\/dispear-records.com\/"},{"@type":"ListItem","position":3,"name":"[Cassette] Burning Heads &#8211; Passion-Fun-Energy"}]},{"@type":"WebSite","@id":"https:\/\/dispear-records.com\/#website","url":"https:\/\/dispear-records.com\/","name":"Dispear Records","description":"DIY punk &amp; hardcore label","publisher":{"@id":"https:\/\/dispear-records.com\/#organization"},"potentialAction":[{"@type":"SearchAction","target":{"@type":"EntryPoint","urlTemplate":"https:\/\/dispear-records.com\/?s={search_term_string}"},"query-input":{"@type":"PropertyValueSpecification","valueRequired":true,"valueName":"search_term_string"}}],"inLanguage":"fr-FR"},{"@type":"Organization","@id":"https:\/\/dispear-records.com\/#organization","name":"Dispear Records","url":"https:\/\/dispear-records.com\/","logo":{"@type":"ImageObject","inLanguage":"fr-FR","@id":"https:\/\/dispear-records.com\/#\/schema\/logo\/image\/","url":"https:\/\/dispear-records.com\/wp-content\/uploads\/2021\/06\/cropped-cropped-dispear.png","contentUrl":"https:\/\/dispear-records.com\/wp-content\/uploads\/2021\/06\/cropped-cropped-dispear.png","width":2592,"height":709,"caption":"Dispear Records"},"image":{"@id":"https:\/\/dispear-records.com\/#\/schema\/logo\/image\/"}}]}},"_links":{"self":[{"href":"https:\/\/dispear-records.com\/index.php\/wp-json\/wp\/v2\/product\/867","targetHints":{"allow":["GET"]}}],"collection":[{"href":"https:\/\/dispear-records.com\/index.php\/wp-json\/wp\/v2\/product"}],"about":[{"href":"https:\/\/dispear-records.com\/index.php\/wp-json\/wp\/v2\/types\/product"}],"wp:featuredmedia":[{"embeddable":true,"href":"https:\/\/dispear-records.com\/index.php\/wp-json\/wp\/v2\/media\/871"}],"wp:attachment":[{"href":"https:\/\/dispear-records.com\/index.php\/wp-json\/wp\/v2\/media?parent=867"}],"wp:term":[{"taxonomy":"product_brand","embeddable":true,"href":"https:\/\/dispear-records.com\/index.php\/wp-json\/wp\/v2\/product_brand?post=867"},{"taxonomy":"product_cat","embeddable":true,"href":"https:\/\/dispear-records.com\/index.php\/wp-json\/wp\/v2\/product_cat?post=867"},{"taxonomy":"product_tag","embeddable":true,"href":"https:\/\/dispear-records.com\/index.php\/wp-json\/wp\/v2\/product_tag?post=867"}],"curies":[{"name":"wp","href":"https:\/\/api.w.org\/{rel}","templated":true}]}}